{"id":2321,"date":"2020-04-20T12:29:17","date_gmt":"2020-04-20T11:29:17","guid":{"rendered":"http:\/\/blogsaverroes.juntadeandalucia.es\/cristoballuqueonieva\/?page_id=2321"},"modified":"2022-11-25T11:23:59","modified_gmt":"2022-11-25T10:23:59","slug":"proyecto-educativo-2","status":"publish","type":"page","link":"https:\/\/blogsaverroes.juntadeandalucia.es\/cristoballuqueonieva\/proyecto-educativo-2\/","title":{"rendered":"Proyecto Educativo"},"content":{"rendered":"<div id=\"contenido_sitio\">\n<p style=\"text-align: justify\">El Proyecto Educativo de Centro es un Instrumento para la planificaci\u00f3n a medio plazo que enumera y define las notas de identidad del centro, establece el marco de referencia global y los planteamientos educativos que definen y distinguen al mismo, formula las finalidades educativas que se pretenden conseguir y expresa la estructura organizativa del Centro. Su objetivo es dotar de coherencia y personalidad propia a los centros. Participan en su elaboraci\u00f3n los representantes de todos los sectores de la comunidad educativa y es aprobado por el Consejo. Las caracter\u00edsticas que posee son las siguientes:<\/p>\n<ol>\n<li>Sintetiza las propuestas de actuaci\u00f3n del centro.<\/li>\n<li>Resume y explicita los planteamientos ideol\u00f3gicos del centro, entendido como una Escuela P\u00fablica al servicio de los ciudadanos y de la Comunidad Educativa.<\/li>\n<li>Su elaboraci\u00f3n y aplicaci\u00f3n se hace desde la participaci\u00f3n y de la Democracia.<\/li>\n<li>Tiene presente la diversidad e intereses de toda la Comunidad Educativa.<\/li>\n<li>Marca las lineas generales a seguir y establece el marco de referencia para cualquier discusi\u00f3n, evaluaci\u00f3n o acci\u00f3n educativa.<\/li>\n<li>Es prescriptivo por lo que el resto de documentos ha de estar subordinado.<\/li>\n<li>Debe asegurar cierta continuidad en el proceso educativo por lo que debe poseer estabilidad aunque debe estar sujeto a mejoras.<\/li>\n<li>Su fundamentaci\u00f3n ha de basarse en la coherencia interna.<\/li>\n<li>Es un documento p\u00fablico, singular, propio y particular de nuestro centro como una manifestaci\u00f3n de la Comunidad Educativa.<\/li>\n<\/ol>\n<p>El <strong>Proyecto Educativo<\/strong> constituye nuestras se\u00f1as de identidad y expresa la educaci\u00f3n que deseamos y que vamos a desarrollar. El mismo aborda los siguientes aspectos:<\/p>\n<ol>\n<li><span class=\" aw5Odc\">Concepto de nuestro Proyecto Educativo.<\/span><\/li>\n<li><span class=\" aw5Odc\"><a href=\"https:\/\/blogsaverroes.juntadeandalucia.es\/cristoballuqueonieva\/files\/2020\/11\/PE-A-OBJETIVOS-PROPIOS-PARA-LA-MEJORA-DEL-RENDIMIENTO-ESCOLAR.pdf\">Objetivos propios para la mejora del rendimiento escolar<\/a>.<\/span><\/li>\n<li><span class=\" aw5Odc\"><a href=\"https:\/\/blogsaverroes.juntadeandalucia.es\/cristoballuqueonieva\/files\/2020\/11\/PE-B-L\u00cdNEAS-GENERALES-DE-ACTUACI\u00d3N-PEDAG\u00d3GICA.pdf\">L\u00edneas generales de actuaci\u00f3n pedag\u00f3gica<\/a>.<\/span><\/li>\n<li><a href=\"https:\/\/blogsaverroes.juntadeandalucia.es\/cristoballuqueonieva\/files\/2020\/11\/PE-D-CRITERIOS-PEDAGOGICOS-PARA-LA-DETERMINACI\u00d3N-DEL-HORARIO.pdf\">Criterios Pedag\u00f3gicos para la determinaci\u00f3n del horario<\/a>.<\/li>\n<li><span class=\" aw5Odc\">Criterios para la elaboraci\u00f3n de las Programaciones Did\u00e1cticas y las Propuestas Pedag\u00f3gicas.<\/span><\/li>\n<li><span class=\" aw5Odc\">La evaluaci\u00f3n en la Educaci\u00f3n Infantil.<\/span><\/li>\n<li><span class=\" aw5Odc\">La evaluaci\u00f3n en la Educaci\u00f3n Primaria.<\/span><\/li>\n<li><span class=\" aw5Odc\">Criterios pedag\u00f3gicos para la determinaci\u00f3n del horario individual del profesorado, y la dedicaci\u00f3n de las personas responsables de los \u00f3rganos de coordinaci\u00f3n docente, as\u00ed como la asignaci\u00f3n de tutor\u00edas y agrupamientos de alumnado.<\/span><\/li>\n<li><span class=\" aw5Odc\"><a href=\"https:\/\/blogsaverroes.juntadeandalucia.es\/cristoballuqueonieva\/files\/2020\/11\/P.E.-F-PLAN-DE-ATENCI\u00d3N-A-LA-DIVERSIDAD.pdf\">Plan de atenci\u00f3n a la diversidad<\/a>.<\/span><\/li>\n<li><a href=\"https:\/\/blogsaverroes.juntadeandalucia.es\/cristoballuqueonieva\/files\/2020\/11\/P.E.-G-ORGANIZACI\u00d3N-DE-ACTIVIDADES-DEREFUERZO-Y-DE-RECUPERACI\u00d3N.pdf\">Organizaci\u00f3n de Actividades de Refuerzo y de Recuperaci\u00f3n<\/a>.<\/li>\n<li><span class=\" aw5Odc\"><a href=\"https:\/\/blogsaverroes.juntadeandalucia.es\/cristoballuqueonieva\/files\/2021\/02\/09-Plan-Orientaci\u00f3n-Acci\u00f3n-Tutorial-modificaciones-CLAUSTRO.pdf\">Plan de orientaci\u00f3n y acci\u00f3n tutorial<\/a>.<\/span><\/li>\n<li><a href=\"https:\/\/blogsaverroes.juntadeandalucia.es\/cristoballuqueonieva\/files\/2020\/11\/P.E.-I-PROCEDIMIENTO-PARA-SUSCRIBIR-COMPROMISOS-EDUCATIVOS-Y-DE-CONVIVENCIA-CON-LAS-FAMILIAS.pdf\">Procedimiento para suscribir compromisos educativos y de convivencia con las familias<\/a>.<\/li>\n<li><a href=\"https:\/\/blogsaverroes.juntadeandalucia.es\/cristoballuqueonieva\/files\/2022\/11\/PLAN-DE-CONVIVENCIA-CLO-22-23.pdf\"><span class=\" aw5Odc\">Plan de convivencia.<\/span><\/a><\/li>\n<li><span class=\" aw5Odc\">Criterios para organizar y distribuir el tiempo escolar, as\u00ed como los objetivos y programas de intervenci\u00f3n en el tiempo escolar y extraescolar.<\/span><\/li>\n<li><a href=\"https:\/\/blogsaverroes.juntadeandalucia.es\/cristoballuqueonieva\/files\/2020\/11\/PE-N-CRITERIOS-PARA-ESTABLECER-LOS-AGRUPAMIENTOS.pdf\">Criterios para establecer los agrupamientos<\/a>.<\/li>\n<li><a href=\"https:\/\/blogsaverroes.juntadeandalucia.es\/cristoballuqueonieva\/files\/2020\/11\/PE-N1-CRITERIOS-PARA-LA-ASIGNACI\u00d3N-DE-TUTORIAS.pdf\">Criterios para la asignaci\u00f3n de tutor\u00edas<\/a>.<\/li>\n<li><span class=\" aw5Odc\"><a href=\"https:\/\/blogsaverroes.juntadeandalucia.es\/cristoballuqueonieva\/files\/2020\/11\/PLAN-DE-FORMACION-CLO-20-21.pdf\">Plan de formaci\u00f3n del profesorado<\/a>.<\/span><\/li>\n<li><span class=\" aw5Odc\">Plan de evaluaci\u00f3n interna.<\/span><\/li>\n<li><span class=\" aw5Odc\">Plan de Igualdad.<\/span><\/li>\n<li><span class=\" aw5Odc\"><a href=\"https:\/\/blogsaverroes.juntadeandalucia.es\/cristoballuqueonieva\/files\/2020\/11\/Propuestas-de-mejora-20-21.pdf\">Plan de mejora<\/a>.<\/span><\/li>\n<li><span class=\" aw5Odc\"><a href=\"https:\/\/blogsaverroes.juntadeandalucia.es\/cristoballuqueonieva\/files\/2020\/11\/PE-O-PLANES-ESTRATEGICOS-DEL-CENTRO.pdf\">Planes Estrat\u00e9gicos del Centro<\/a>.<\/span><\/li>\n<li><span class=\" aw5Odc\"><a href=\"https:\/\/blogsaverroes.juntadeandalucia.es\/cristoballuqueonieva\/files\/2020\/11\/Informe_del_Plan_de_Actuacion_Digital.pdf\">Plan de Actuaci\u00f3n Digital<\/a>.<\/span><\/li>\n<li><span class=\" aw5Odc\">Programa de H\u00e1bitos de vida saludable y deporte.<\/span><\/li>\n<li><span class=\" aw5Odc\"><a href=\"https:\/\/blogsaverroes.juntadeandalucia.es\/cristoballuqueonieva\/files\/2020\/11\/Plan_Acogida-CLO.pdf\">Plan de acogida<\/a>.<\/span><\/li>\n<li><span class=\" aw5Odc\">Programa de tr\u00e1nsito con IES.<\/span><\/li>\n<li><span class=\" aw5Odc\">Programas de tr\u00e1nsito internos.<\/span><\/li>\n<li><a href=\"https:\/\/blogsaverroes.juntadeandalucia.es\/cristoballuqueonieva\/files\/2020\/11\/PROTOCOLO-CLASES-A-DISTANCIA.pdf\">Protocolo Clases a Distancia.<\/a><\/li>\n<li><a href=\"https:\/\/blogsaverroes.juntadeandalucia.es\/cristoballuqueonieva\/curso-escolar-2\/protocolo-actuacion-covid-19\/\">Protocolo COVID-19<\/a>.<\/li>\n<\/ol>\n<\/div>\n","protected":false},"excerpt":{"rendered":"<p>El Proyecto Educativo de Centro es un Instrumento para la planificaci\u00f3n a medio plazo que enumera y define las notas de identidad del centro, establece el marco de referencia global y los planteamientos educativos&#46;&#46;&#46;<\/p>\n","protected":false},"author":1829,"featured_media":0,"parent":0,"menu_order":0,"comment_status":"closed","ping_status":"closed","template":"","meta":{"ngg_post_thumbnail":0,"footnotes":"","_mc_calendar":[]},"aioseo_notices":[],"_links":{"self":[{"href":"https:\/\/blogsaverroes.juntadeandalucia.es\/cristoballuqueonieva\/wp-json\/wp\/v2\/pages\/2321"}],"collection":[{"href":"https:\/\/blogsaverroes.juntadeandalucia.es\/cristoballuqueonieva\/wp-json\/wp\/v2\/pages"}],"about":[{"href":"https:\/\/blogsaverroes.juntadeandalucia.es\/cristoballuqueonieva\/wp-json\/wp\/v2\/types\/page"}],"author":[{"embeddable":true,"href":"https:\/\/blogsaverroes.juntadeandalucia.es\/cristoballuqueonieva\/wp-json\/wp\/v2\/users\/1829"}],"replies":[{"embeddable":true,"href":"https:\/\/blogsaverroes.juntadeandalucia.es\/cristoballuqueonieva\/wp-json\/wp\/v2\/comments?post=2321"}],"version-history":[{"count":24,"href":"https:\/\/blogsaverroes.juntadeandalucia.es\/cristoballuqueonieva\/wp-json\/wp\/v2\/pages\/2321\/revisions"}],"predecessor-version":[{"id":3530,"href":"https:\/\/blogsaverroes.juntadeandalucia.es\/cristoballuqueonieva\/wp-json\/wp\/v2\/pages\/2321\/revisions\/3530"}],"wp:attachment":[{"href":"https:\/\/blogsaverroes.juntadeandalucia.es\/cristoballuqueonieva\/wp-json\/wp\/v2\/media?parent=2321"}],"curies":[{"name":"wp","href":"https:\/\/api.w.org\/{rel}","templated":true}]}}