{"id":2441,"date":"2020-04-23T18:59:24","date_gmt":"2020-04-23T17:59:24","guid":{"rendered":"http:\/\/blogsaverroes.juntadeandalucia.es\/cristoballuqueonieva\/?page_id=2441"},"modified":"2020-05-31T10:05:57","modified_gmt":"2020-05-31T09:05:57","slug":"finalidades","status":"publish","type":"page","link":"https:\/\/blogsaverroes.juntadeandalucia.es\/cristoballuqueonieva\/finalidades\/","title":{"rendered":"Finalidades"},"content":{"rendered":"<p><strong><span class=\"titulo\">FINALIDADES DE CONVIVENCIA<\/span><\/strong><\/p>\n<ol>\n<li>Fomentar dentro del aula y del Centro los valores de solidaridad frente a los de competencia.<\/li>\n<li>Adquirir los valores de tolerancia, respeto y actitud de dialogo como generadores de una buena convivencia.<\/li>\n<li>Evitar comportamientos autoritarios fomentando el desarrollo de Normas de Convivencia en el Centro.<\/li>\n<li>Favorecer las actitudes de solidaridad hacia las personas con deprivaciones socioecon\u00f3micas.<\/li>\n<li>Impulsar la toma de conciencia cr\u00edtica sobre las actitudes sexistas que se puedan producir en todos los ambitos de la vida, creando las condiciones materiales adecuadas para superar tab\u00faes, mitos, y diferencias de roles entre hombres y mujeres favoreciendo la convivencia entre ambos sexos.<\/li>\n<li>Potenciar en los alumnos y alumnas el respeto a sus diferencias y la valoraci\u00f3n positiva y enriquecedora de su diversidad evitando cualquier tipo de discriminaci\u00f3n.<\/li>\n<\/ol>\n<p><span class=\"titulo\"><strong> FINALIDADES DE PARTICIPACION<\/strong><br \/>\n<\/span><\/p>\n<ol>\n<li>Favorecer la implicaci\u00f3n de todos los componentes de la comunidad educativa en la vida del Centro y en la toma de decisiones.<\/li>\n<li>Estimular las asambleas de alumnos como estructura participativa.<\/li>\n<li>Sensibilizar a los alumnos\/as hacia cuestiones c\u00edvicas, culturales y art\u00edsticas.<\/li>\n<li>Implicar a los padres y madres para que se sienta profesionales de la educaci\u00f3n familiar.<\/li>\n<\/ol>\n<p><span class=\"titulo\"><strong> FINALIDADES PEDAGOGICAS<\/strong><br \/>\n<\/span><\/p>\n<ol>\n<li>Potenciar la autonom\u00eda como punto de partida de una Educaci\u00f3n de Calidad.<\/li>\n<li>Estimular el ejercicio y desarrollo de la reflexi\u00f3n, el an\u00e1lisis, el esfuerzo personal y la autosuperaci\u00f3n.<\/li>\n<li>Fomentar una actitud investigadora, cr\u00edtica y curiosa que favorezca la capacidad de aprender a aprender.<\/li>\n<li>Adecuar los instrumentos educativos del centro a la realidad cient\u00edfico-t\u00e9cnica de nuestra sociedad.<\/li>\n<li>Impulsar la utilizaci\u00f3n de m\u00e9todos did\u00e1cticos que permitan la participaci\u00f3n de todos en el desarrollo de las actividades educativas.<\/li>\n<li>Favorecer la adquisici\u00f3n de h\u00e1bitos y actitudes que potencien una buena Salud f\u00edsica y mental.<\/li>\n<li>Desarrollar actitudes y h\u00e1bitos de cooperaci\u00f3n mediante el trabajo en equipo.<\/li>\n<li>Desarrollar una actitud cr\u00edtica ante los medios de informaci\u00f3n y la publicidad.<\/li>\n<li>Fomentar el respeto y cuidado del entorno proporcionando criterios que permitan valorar un medio natural equilibrado frente a otro degradado.<\/li>\n<li>Potenciar los valores que contribuyen a la Educaci\u00f3n por la Paz.<\/li>\n<li>Desarrollar la capacidad creadora y potenciar el pensamiento divergente.<\/li>\n<li>Elaborar un Plan de Acci\u00f3n Tutorial que desarrolle un seguimiento del Programa Educativo de cada alumno\/a e implique la coordinaci\u00f3n entre familias, profesorado y el Equipo de Apoyo Externo.<\/li>\n<li>Prestar especial atenci\u00f3n al desarrollo de los lenguajes, oral, escrito y matem\u00e1tico como instrumentos potenciadores de la integraci\u00f3n de la diversidad.<\/li>\n<li>Potenciar el aprendizaje de la lengua extranjera a trav\u00e9s de la ense\u00f1anza biling\u00fce.<\/li>\n<\/ol>\n<p><span class=\"titulo\"><strong> FINALIDADES DE GESTION Y ORGANIZACION<\/strong><br \/>\n<\/span><\/p>\n<ol>\n<li>Potenciar el desarrollo curricular coordinado y conjunto haciendo incapi\u00e9 en las programaciones de aula y en la Evaluaci\u00f3n, favoreciendo adem\u00e1s, el perfeccionamiento del profesorado.<\/li>\n<li>Potenciar el desarrollo y actividades de la A.M.P.A.<\/li>\n<li>Facilitar que los alumnos creen y desarrollen sus propias organizaciones.<\/li>\n<li>Favorecer el debate entre posturas diferentes como instrumento de conocimiento de la realidad y como medio de toma de decisiones.<\/li>\n<li>Potenciar las relaciones con la Residencia Escolar.<\/li>\n<li>Establecer relaciones sistem\u00e1ticas de colaboraci\u00f3n y coordinaci\u00f3n con los dem\u00e1s centros.<\/li>\n<li>Colaborar con las diversas instituciones del barrio, municipales, &#8230;<\/li>\n<li>Potenciar la creaci\u00f3n de un clima de convivencia y comunicaci\u00f3n entre los diversos sectores de la Comunidad Educativa.<\/li>\n<li>Elaborar un Reglamento de Ordenaci\u00f3n y Funcionamiento acorde a la realidad y necesidades del centro.<\/li>\n<li>Proponer que se realicen por parte de la Administraci\u00f3n actuaciones que refuercen la acci\u00f3n educativa compensadora de las diferencias socioculturales del alumnado del centro.<\/li>\n<li>Plantear a las diferentes administraciones la soluci\u00f3n a los problemas de construcci\u00f3n, dotaci\u00f3n de material y de profesorado espec\u00edfico de Apoyo a la Integraci\u00f3n.<\/li>\n<\/ol>\n","protected":false},"excerpt":{"rendered":"<p>FINALIDADES DE CONVIVENCIA Fomentar dentro del aula y del Centro los valores de solidaridad frente a los de competencia. Adquirir los valores de tolerancia, respeto y actitud de dialogo como generadores de una buena&#46;&#46;&#46;<\/p>\n","protected":false},"author":1829,"featured_media":0,"parent":0,"menu_order":0,"comment_status":"closed","ping_status":"closed","template":"","meta":{"ngg_post_thumbnail":0,"footnotes":"","_mc_calendar":[]},"aioseo_notices":[],"_links":{"self":[{"href":"https:\/\/blogsaverroes.juntadeandalucia.es\/cristoballuqueonieva\/wp-json\/wp\/v2\/pages\/2441"}],"collection":[{"href":"https:\/\/blogsaverroes.juntadeandalucia.es\/cristoballuqueonieva\/wp-json\/wp\/v2\/pages"}],"about":[{"href":"https:\/\/blogsaverroes.juntadeandalucia.es\/cristoballuqueonieva\/wp-json\/wp\/v2\/types\/page"}],"author":[{"embeddable":true,"href":"https:\/\/blogsaverroes.juntadeandalucia.es\/cristoballuqueonieva\/wp-json\/wp\/v2\/users\/1829"}],"replies":[{"embeddable":true,"href":"https:\/\/blogsaverroes.juntadeandalucia.es\/cristoballuqueonieva\/wp-json\/wp\/v2\/comments?post=2441"}],"version-history":[{"count":2,"href":"https:\/\/blogsaverroes.juntadeandalucia.es\/cristoballuqueonieva\/wp-json\/wp\/v2\/pages\/2441\/revisions"}],"predecessor-version":[{"id":2670,"href":"https:\/\/blogsaverroes.juntadeandalucia.es\/cristoballuqueonieva\/wp-json\/wp\/v2\/pages\/2441\/revisions\/2670"}],"wp:attachment":[{"href":"https:\/\/blogsaverroes.juntadeandalucia.es\/cristoballuqueonieva\/wp-json\/wp\/v2\/media?parent=2441"}],"curies":[{"name":"wp","href":"https:\/\/api.w.org\/{rel}","templated":true}]}}

<p><strong><span class="titulo">FINALIDADES DE CONVIVENCIA</span></strong></p>
<ol>
<li>Fomentar dentro del aula y del Centro los valores de solidaridad frente a los de competencia.</li>
<li>Adquirir los valores de tolerancia, respeto y actitud de dialogo como generadores de una buena convivencia.</li>
<li>Evitar comportamientos autoritarios fomentando el desarrollo de Normas de Convivencia en el Centro.</li>
<li>Favorecer las actitudes de solidaridad hacia las personas con deprivaciones socioeconómicas.</li>
<li>Impulsar la toma de conciencia crítica sobre las actitudes sexistas que se puedan producir en todos los ambitos de la vida, creando las condiciones materiales adecuadas para superar tabúes, mitos, y diferencias de roles entre hombres y mujeres favoreciendo la convivencia entre ambos sexos.</li>
<li>Potenciar en los alumnos y alumnas el respeto a sus diferencias y la valoración positiva y enriquecedora de su diversidad evitando cualquier tipo de discriminación.</li>
</ol>
<p><span class="titulo"><strong> FINALIDADES DE PARTICIPACION</strong><br />
</span></p>
<ol>
<li>Favorecer la implicación de todos los componentes de la comunidad educativa en la vida del Centro y en la toma de decisiones.</li>
<li>Estimular las asambleas de alumnos como estructura participativa.</li>
<li>Sensibilizar a los alumnos/as hacia cuestiones cívicas, culturales y artísticas.</li>
<li>Implicar a los padres y madres para que se sienta profesionales de la educación familiar.</li>
</ol>
<p><span class="titulo"><strong> FINALIDADES PEDAGOGICAS</strong><br />
</span></p>
<ol>
<li>Potenciar la autonomía como punto de partida de una Educación de Calidad.</li>
<li>Estimular el ejercicio y desarrollo de la reflexión, el análisis, el esfuerzo personal y la autosuperación.</li>
<li>Fomentar una actitud investigadora, crítica y curiosa que favorezca la capacidad de aprender a aprender.</li>
<li>Adecuar los instrumentos educativos del centro a la realidad científico-técnica de nuestra sociedad.</li>
<li>Impulsar la utilización de métodos didácticos que permitan la participación de todos en el desarrollo de las actividades educativas.</li>
<li>Favorecer la adquisición de hábitos y actitudes que potencien una buena Salud física y mental.</li>
<li>Desarrollar actitudes y hábitos de cooperación mediante el trabajo en equipo.</li>
<li>Desarrollar una actitud crítica ante los medios de información y la publicidad.</li>
<li>Fomentar el respeto y cuidado del entorno proporcionando criterios que permitan valorar un medio natural equilibrado frente a otro degradado.</li>
<li>Potenciar los valores que contribuyen a la Educación por la Paz.</li>
<li>Desarrollar la capacidad creadora y potenciar el pensamiento divergente.</li>
<li>Elaborar un Plan de Acción Tutorial que desarrolle un seguimiento del Programa Educativo de cada alumno/a e implique la coordinación entre familias, profesorado y el Equipo de Apoyo Externo.</li>
<li>Prestar especial atención al desarrollo de los lenguajes, oral, escrito y matemático como instrumentos potenciadores de la integración de la diversidad.</li>
<li>Potenciar el aprendizaje de la lengua extranjera a través de la enseñanza bilingüe.</li>
</ol>
<p><span class="titulo"><strong> FINALIDADES DE GESTION Y ORGANIZACION</strong><br />
</span></p>
<ol>
<li>Potenciar el desarrollo curricular coordinado y conjunto haciendo incapié en las programaciones de aula y en la Evaluación, favoreciendo además, el perfeccionamiento del profesorado.</li>
<li>Potenciar el desarrollo y actividades de la A.M.P.A.</li>
<li>Facilitar que los alumnos creen y desarrollen sus propias organizaciones.</li>
<li>Favorecer el debate entre posturas diferentes como instrumento de conocimiento de la realidad y como medio de toma de decisiones.</li>
<li>Potenciar las relaciones con la Residencia Escolar.</li>
<li>Establecer relaciones sistemáticas de colaboración y coordinación con los demás centros.</li>
<li>Colaborar con las diversas instituciones del barrio, municipales, &#8230;</li>
<li>Potenciar la creación de un clima de convivencia y comunicación entre los diversos sectores de la Comunidad Educativa.</li>
<li>Elaborar un Reglamento de Ordenación y Funcionamiento acorde a la realidad y necesidades del centro.</li>
<li>Proponer que se realicen por parte de la Administración actuaciones que refuercen la acción educativa compensadora de las diferencias socioculturales del alumnado del centro.</li>
<li>Plantear a las diferentes administraciones la solución a los problemas de construcción, dotación de material y de profesorado específico de Apoyo a la Integración.</li>
</ol>
