{"id":35,"date":"2015-03-13T08:21:43","date_gmt":"2015-03-13T08:21:43","guid":{"rendered":"http:\/\/blogsaverroes.juntadeandalucia.es\/pre\/ceip\/?page_id=35"},"modified":"2020-05-15T09:06:09","modified_gmt":"2020-05-15T08:06:09","slug":"el-centro-2","status":"publish","type":"page","link":"https:\/\/blogsaverroes.juntadeandalucia.es\/cristoballuqueonieva\/el-centro-2\/","title":{"rendered":"Datos del centro"},"content":{"rendered":"<h1>Consejer\u00eda de Educaci\u00f3n, Cultura y Deporte<\/h1>\n<p>Delegaci\u00f3n Territorial de C\u00f3rdoba<br \/>\nCEIP \u00abCrist\u00f3bal Luque Oneva\u00bb<\/p>\n<h2>Datos de contacto<\/h2>\n<p><strong>Tel\u00e9fono: <\/strong>957559903 &#8211; 590903<strong><br \/>\n<strong>FAX: <\/strong><\/strong>957559904 &#8211; 590904<strong><br \/>\n<strong>Email: <\/strong><\/strong><a href=\"mailto:14005870.edu@juntadeandalucia.es\">14005870.edu@juntadeandalucia.es<\/a><\/p>\n<h2>Horarios<\/h2>\n<p><strong>Aula Matinal:<\/strong> De 7:30 h a 9:00 h.<br \/>\n<strong>Clases:<\/strong> De 9:00 h a 11:15 h y de 11:45h a 14:00 h.<br \/>\n<strong>Recreo:<\/strong> De 11:15 h a 11:45 h.<br \/>\n<strong>Comedor Escolar:<\/strong> De 14:00 h a 16:00 h.<\/p>\n<h2>Ubicaci\u00f3n<strong><br \/>\n<\/strong><\/h2>\n<p><strong>Direcci\u00f3n:<\/strong> &nbsp;Calle Haza Luna s\/n. 14800 Priego de C\u00f3rdoba &#8211; C\u00d3RDOBA<\/p>\n<p><iframe loading=\"lazy\" src=\"https:\/\/www.google.com\/maps\/embed?pb=!1m18!1m12!1m3!1d3168.0064527951845!2d-4.20390553469204!3d37.43695232982224!2m3!1f0!2f0!3f0!3m2!1i1024!2i768!4f13.1!3m3!1m2!1s0xd6d90f86cd67b3d%3A0x7a2b7cd520b19df0!2sC.E.I.P.%20Crist%C3%B3bal%20Luque%20Onieva!5e0!3m2!1ses!2ses!4v1587484418352!5m2!1ses!2ses\" width=\"100%\" height=\"450\" frameborder=\"0\"><span style=\"width: 0px;overflow: hidden;line-height: 0\" data-mce-type=\"bookmark\" class=\"mce_SELRES_start\">\ufeff<\/span><\/iframe><\/p>\n","protected":false},"excerpt":{"rendered":"<p>Consejer\u00eda de Educaci\u00f3n, Cultura y Deporte Delegaci\u00f3n Territorial de C\u00f3rdoba CEIP \u00abCrist\u00f3bal Luque Oneva\u00bb Datos de contacto Tel\u00e9fono: 957559903 &#8211; 590903 FAX: 957559904 &#8211; 590904 Email: 14005870.edu@juntadeandalucia.es Horarios Aula Matinal: De 7:30 h a&#46;&#46;&#46;<\/p>\n","protected":false},"author":1,"featured_media":0,"parent":0,"menu_order":0,"comment_status":"closed","ping_status":"open","template":"","meta":{"ngg_post_thumbnail":0,"footnotes":"","_mc_calendar":[]},"aioseo_notices":[],"_links":{"self":[{"href":"https:\/\/blogsaverroes.juntadeandalucia.es\/cristoballuqueonieva\/wp-json\/wp\/v2\/pages\/35"}],"collection":[{"href":"https:\/\/blogsaverroes.juntadeandalucia.es\/cristoballuqueonieva\/wp-json\/wp\/v2\/pages"}],"about":[{"href":"https:\/\/blogsaverroes.juntadeandalucia.es\/cristoballuqueonieva\/wp-json\/wp\/v2\/types\/page"}],"author":[{"embeddable":true,"href":"https:\/\/blogsaverroes.juntadeandalucia.es\/cristoballuqueonieva\/wp-json\/wp\/v2\/users\/1"}],"replies":[{"embeddable":true,"href":"https:\/\/blogsaverroes.juntadeandalucia.es\/cristoballuqueonieva\/wp-json\/wp\/v2\/comments?post=35"}],"version-history":[{"count":21,"href":"https:\/\/blogsaverroes.juntadeandalucia.es\/cristoballuqueonieva\/wp-json\/wp\/v2\/pages\/35\/revisions"}],"predecessor-version":[{"id":2554,"href":"https:\/\/blogsaverroes.juntadeandalucia.es\/cristoballuqueonieva\/wp-json\/wp\/v2\/pages\/35\/revisions\/2554"}],"wp:attachment":[{"href":"https:\/\/blogsaverroes.juntadeandalucia.es\/cristoballuqueonieva\/wp-json\/wp\/v2\/media?parent=35"}],"curies":[{"name":"wp","href":"https:\/\/api.w.org\/{rel}","templated":true}]}}