{"id":11,"date":"2020-09-24T20:49:11","date_gmt":"2020-09-24T20:49:11","guid":{"rendered":"https:\/\/blogsaverroes.juntadeandalucia.es\/cuadernodd\/?page_id=11"},"modified":"2021-09-15T10:28:07","modified_gmt":"2021-09-15T10:28:07","slug":"inicio","status":"publish","type":"page","link":"https:\/\/blogsaverroes.juntadeandalucia.es\/cuadernodd\/","title":{"rendered":"Inicio"},"content":{"rendered":"<p style=\"padding-left: 40px;text-align: left\">Sitio&nbsp;de los m\u00f3dulos de <strong>T\u00e9cnicas de Animaci\u00f3n de &nbsp;1\u00ba &nbsp;y 2\u00ba&nbsp;<\/strong> y <strong>Medios Inform\u00e1ticos<\/strong> del Ciclo Superior de Animaci\u00f3n de la Escuela de Arte Jos\u00e9 Val del Omar de Granada<\/p>\n<p>&nbsp;<\/p>\n","protected":false},"excerpt":{"rendered":"<p>Sitio&nbsp;de los m\u00f3dulos de T\u00e9cnicas de Animaci\u00f3n de &nbsp;1\u00ba &nbsp;y 2\u00ba&nbsp; y Medios Inform\u00e1ticos del Ciclo Superior de Animaci\u00f3n de la Escuela de Arte Jos\u00e9 Val del Omar de Granada &nbsp;<\/p>\n","protected":false},"author":10754,"featured_media":0,"parent":0,"menu_order":0,"comment_status":"closed","ping_status":"closed","template":"","meta":{"ngg_post_thumbnail":0,"footnotes":""},"aioseo_notices":[],"post_mailing_queue_ids":[],"_links":{"self":[{"href":"https:\/\/blogsaverroes.juntadeandalucia.es\/cuadernodd\/wp-json\/wp\/v2\/pages\/11"}],"collection":[{"href":"https:\/\/blogsaverroes.juntadeandalucia.es\/cuadernodd\/wp-json\/wp\/v2\/pages"}],"about":[{"href":"https:\/\/blogsaverroes.juntadeandalucia.es\/cuadernodd\/wp-json\/wp\/v2\/types\/page"}],"author":[{"embeddable":true,"href":"https:\/\/blogsaverroes.juntadeandalucia.es\/cuadernodd\/wp-json\/wp\/v2\/users\/10754"}],"replies":[{"embeddable":true,"href":"https:\/\/blogsaverroes.juntadeandalucia.es\/cuadernodd\/wp-json\/wp\/v2\/comments?post=11"}],"version-history":[{"count":6,"href":"https:\/\/blogsaverroes.juntadeandalucia.es\/cuadernodd\/wp-json\/wp\/v2\/pages\/11\/revisions"}],"predecessor-version":[{"id":341,"href":"https:\/\/blogsaverroes.juntadeandalucia.es\/cuadernodd\/wp-json\/wp\/v2\/pages\/11\/revisions\/341"}],"wp:attachment":[{"href":"https:\/\/blogsaverroes.juntadeandalucia.es\/cuadernodd\/wp-json\/wp\/v2\/media?parent=11"}],"curies":[{"name":"wp","href":"https:\/\/api.w.org\/{rel}","templated":true}]}}