{"id":476,"date":"2017-01-01T19:32:47","date_gmt":"2017-01-01T19:32:47","guid":{"rendered":"http:\/\/blogsaverroes.juntadeandalucia.es\/cuartoblabarrosa1617\/?page_id=476"},"modified":"2017-03-23T20:06:00","modified_gmt":"2017-03-23T20:06:00","slug":"halloween-2016","status":"publish","type":"page","link":"https:\/\/blogsaverroes.juntadeandalucia.es\/cuartoblabarrosa1617\/halloween-2016\/","title":{"rendered":"01- HALLOWEEN 2016"},"content":{"rendered":"<p>El d\u00eda de Halloween realizamos diferentes talleres en el Cole y cantamos una canci\u00f3n en la clase.<\/p>\n<p>V\u00cdDEO:\u00a0<a href=\"https:\/\/www.youtube.com\/watch?v=jyUm-NEND_M\">CANCI\u00d3N HALLOWEEN 2016 4\u00baB<\/a><\/p>\n<p>&nbsp;<\/p>\n<p style=\"text-align: center\">Nuestra <strong>finalista<\/strong> en el \u00abConcurso de relatos cortos\u00bb organizado por el AMPA. \u00a1\u00a1\u00a1 ENHORABUENA!!!<\/p>\n<p><a href=\"http:\/\/blogsaverroes.juntadeandalucia.es\/cuartoblabarrosa1617\/files\/2017\/01\/20161028_134219.jpg\"><img loading=\"lazy\" decoding=\"async\" class=\"aligncenter wp-image-494 size-medium\" src=\"http:\/\/blogsaverroes.juntadeandalucia.es\/cuartoblabarrosa1617\/files\/2017\/01\/20161028_134219-e1483301844665-225x300.jpg\" alt=\"20161028_134219\" width=\"225\" height=\"300\" srcset=\"https:\/\/blogsaverroes.juntadeandalucia.es\/cuartoblabarrosa1617\/files\/2017\/01\/20161028_134219-e1483301844665-225x300.jpg 225w, https:\/\/blogsaverroes.juntadeandalucia.es\/cuartoblabarrosa1617\/files\/2017\/01\/20161028_134219-e1483301844665-768x1024.jpg 768w, https:\/\/blogsaverroes.juntadeandalucia.es\/cuartoblabarrosa1617\/files\/2017\/01\/20161028_134219-e1483301844665-18x24.jpg 18w, https:\/\/blogsaverroes.juntadeandalucia.es\/cuartoblabarrosa1617\/files\/2017\/01\/20161028_134219-e1483301844665-27x36.jpg 27w, https:\/\/blogsaverroes.juntadeandalucia.es\/cuartoblabarrosa1617\/files\/2017\/01\/20161028_134219-e1483301844665-36x48.jpg 36w, https:\/\/blogsaverroes.juntadeandalucia.es\/cuartoblabarrosa1617\/files\/2017\/01\/20161028_134219-e1483301844665.jpg 1200w\" sizes=\"(max-width: 225px) 100vw, 225px\" \/><\/a><\/p>\n<p>&nbsp;<\/p>\n<p>Mural realizado por una compa\u00f1era de clase:<\/p>\n<p><a href=\"http:\/\/blogsaverroes.juntadeandalucia.es\/cuartoblabarrosa1617\/files\/2017\/01\/20161026_100223.jpg\"><img loading=\"lazy\" decoding=\"async\" class=\" size-medium wp-image-497 alignnone\" src=\"http:\/\/blogsaverroes.juntadeandalucia.es\/cuartoblabarrosa1617\/files\/2017\/01\/20161026_100223-300x225.jpg\" alt=\"20161026_100223\" width=\"300\" height=\"225\" srcset=\"https:\/\/blogsaverroes.juntadeandalucia.es\/cuartoblabarrosa1617\/files\/2017\/01\/20161026_100223-300x225.jpg 300w, https:\/\/blogsaverroes.juntadeandalucia.es\/cuartoblabarrosa1617\/files\/2017\/01\/20161026_100223-1024x768.jpg 1024w, https:\/\/blogsaverroes.juntadeandalucia.es\/cuartoblabarrosa1617\/files\/2017\/01\/20161026_100223-24x18.jpg 24w, https:\/\/blogsaverroes.juntadeandalucia.es\/cuartoblabarrosa1617\/files\/2017\/01\/20161026_100223-36x27.jpg 36w, https:\/\/blogsaverroes.juntadeandalucia.es\/cuartoblabarrosa1617\/files\/2017\/01\/20161026_100223-48x36.jpg 48w, https:\/\/blogsaverroes.juntadeandalucia.es\/cuartoblabarrosa1617\/files\/2017\/01\/20161026_100223.jpg 1600w\" sizes=\"(max-width: 300px) 100vw, 300px\" \/><\/a><\/p>\n","protected":false},"excerpt":{"rendered":"<p>El d\u00eda de Halloween realizamos diferentes talleres en el Cole y cantamos una canci\u00f3n en la clase. V\u00cdDEO:\u00a0CANCI\u00d3N HALLOWEEN 2016 4\u00baB &nbsp; Nuestra finalista en el \u00abConcurso de relatos cortos\u00bb organizado por el AMPA.&#46;&#46;&#46;<\/p>\n","protected":false},"author":3873,"featured_media":0,"parent":0,"menu_order":0,"comment_status":"closed","ping_status":"closed","template":"","meta":{"ngg_post_thumbnail":0,"footnotes":""},"aioseo_notices":[],"_links":{"self":[{"href":"https:\/\/blogsaverroes.juntadeandalucia.es\/cuartoblabarrosa1617\/wp-json\/wp\/v2\/pages\/476"}],"collection":[{"href":"https:\/\/blogsaverroes.juntadeandalucia.es\/cuartoblabarrosa1617\/wp-json\/wp\/v2\/pages"}],"about":[{"href":"https:\/\/blogsaverroes.juntadeandalucia.es\/cuartoblabarrosa1617\/wp-json\/wp\/v2\/types\/page"}],"author":[{"embeddable":true,"href":"https:\/\/blogsaverroes.juntadeandalucia.es\/cuartoblabarrosa1617\/wp-json\/wp\/v2\/users\/3873"}],"replies":[{"embeddable":true,"href":"https:\/\/blogsaverroes.juntadeandalucia.es\/cuartoblabarrosa1617\/wp-json\/wp\/v2\/comments?post=476"}],"version-history":[{"count":6,"href":"https:\/\/blogsaverroes.juntadeandalucia.es\/cuartoblabarrosa1617\/wp-json\/wp\/v2\/pages\/476\/revisions"}],"predecessor-version":[{"id":824,"href":"https:\/\/blogsaverroes.juntadeandalucia.es\/cuartoblabarrosa1617\/wp-json\/wp\/v2\/pages\/476\/revisions\/824"}],"wp:attachment":[{"href":"https:\/\/blogsaverroes.juntadeandalucia.es\/cuartoblabarrosa1617\/wp-json\/wp\/v2\/media?parent=476"}],"curies":[{"name":"wp","href":"https:\/\/api.w.org\/{rel}","templated":true}]}}