{"id":508,"date":"2017-01-01T20:47:06","date_gmt":"2017-01-01T20:47:06","guid":{"rendered":"http:\/\/blogsaverroes.juntadeandalucia.es\/cuartoblabarrosa1617\/?page_id=508"},"modified":"2017-02-09T18:42:03","modified_gmt":"2017-02-09T18:42:03","slug":"algunos-trabajitos","status":"publish","type":"page","link":"https:\/\/blogsaverroes.juntadeandalucia.es\/cuartoblabarrosa1617\/algunos-trabajitos\/","title":{"rendered":"ALGUNOS TRABAJITOS"},"content":{"rendered":"<p>La nutrici\u00f3n de las plantas (por Julia Acu\u00f1a)<\/p>\n<p><a href=\"http:\/\/blogsaverroes.juntadeandalucia.es\/cuartoblabarrosa1617\/files\/2017\/01\/20170209_131830.jpg\"><img loading=\"lazy\" decoding=\"async\" class=\" size-medium wp-image-652 aligncenter\" src=\"http:\/\/blogsaverroes.juntadeandalucia.es\/cuartoblabarrosa1617\/files\/2017\/01\/20170209_131830-300x225.jpg\" alt=\"20170209_131830\" width=\"300\" height=\"225\" srcset=\"https:\/\/blogsaverroes.juntadeandalucia.es\/cuartoblabarrosa1617\/files\/2017\/01\/20170209_131830-300x225.jpg 300w, https:\/\/blogsaverroes.juntadeandalucia.es\/cuartoblabarrosa1617\/files\/2017\/01\/20170209_131830-1024x768.jpg 1024w, https:\/\/blogsaverroes.juntadeandalucia.es\/cuartoblabarrosa1617\/files\/2017\/01\/20170209_131830-24x18.jpg 24w, https:\/\/blogsaverroes.juntadeandalucia.es\/cuartoblabarrosa1617\/files\/2017\/01\/20170209_131830-36x27.jpg 36w, https:\/\/blogsaverroes.juntadeandalucia.es\/cuartoblabarrosa1617\/files\/2017\/01\/20170209_131830-48x36.jpg 48w, https:\/\/blogsaverroes.juntadeandalucia.es\/cuartoblabarrosa1617\/files\/2017\/01\/20170209_131830.jpg 1600w\" sizes=\"(max-width: 300px) 100vw, 300px\" \/><\/a><\/p>\n<p>&nbsp;<\/p>\n<p><strong>EL CICLO DEL AGUA<\/strong>:<\/p>\n<p><img loading=\"lazy\" decoding=\"async\" class=\"alignleft wp-image-509 size-medium\" src=\"http:\/\/blogsaverroes.juntadeandalucia.es\/cuartoblabarrosa1617\/files\/2017\/01\/20161207_130146-e1483303298701-225x300.jpg\" alt=\"20161207_130146\" width=\"225\" height=\"300\" srcset=\"https:\/\/blogsaverroes.juntadeandalucia.es\/cuartoblabarrosa1617\/files\/2017\/01\/20161207_130146-e1483303298701-225x300.jpg 225w, https:\/\/blogsaverroes.juntadeandalucia.es\/cuartoblabarrosa1617\/files\/2017\/01\/20161207_130146-e1483303298701-768x1024.jpg 768w, https:\/\/blogsaverroes.juntadeandalucia.es\/cuartoblabarrosa1617\/files\/2017\/01\/20161207_130146-e1483303298701-18x24.jpg 18w, https:\/\/blogsaverroes.juntadeandalucia.es\/cuartoblabarrosa1617\/files\/2017\/01\/20161207_130146-e1483303298701-27x36.jpg 27w, https:\/\/blogsaverroes.juntadeandalucia.es\/cuartoblabarrosa1617\/files\/2017\/01\/20161207_130146-e1483303298701-36x48.jpg 36w, https:\/\/blogsaverroes.juntadeandalucia.es\/cuartoblabarrosa1617\/files\/2017\/01\/20161207_130146-e1483303298701.jpg 1200w\" sizes=\"(max-width: 225px) 100vw, 225px\" \/><\/p>\n<p>&nbsp;<\/p>\n<p><img loading=\"lazy\" decoding=\"async\" class=\" wp-image-510 size-medium aligncenter\" src=\"http:\/\/blogsaverroes.juntadeandalucia.es\/cuartoblabarrosa1617\/files\/2017\/01\/20161207_101413-300x225.jpg\" alt=\"20161207_101413\" width=\"300\" height=\"225\" srcset=\"https:\/\/blogsaverroes.juntadeandalucia.es\/cuartoblabarrosa1617\/files\/2017\/01\/20161207_101413-300x225.jpg 300w, https:\/\/blogsaverroes.juntadeandalucia.es\/cuartoblabarrosa1617\/files\/2017\/01\/20161207_101413-1024x768.jpg 1024w, https:\/\/blogsaverroes.juntadeandalucia.es\/cuartoblabarrosa1617\/files\/2017\/01\/20161207_101413-24x18.jpg 24w, https:\/\/blogsaverroes.juntadeandalucia.es\/cuartoblabarrosa1617\/files\/2017\/01\/20161207_101413-36x27.jpg 36w, https:\/\/blogsaverroes.juntadeandalucia.es\/cuartoblabarrosa1617\/files\/2017\/01\/20161207_101413-48x36.jpg 48w, https:\/\/blogsaverroes.juntadeandalucia.es\/cuartoblabarrosa1617\/files\/2017\/01\/20161207_101413.jpg 1600w\" sizes=\"(max-width: 300px) 100vw, 300px\" \/><\/p>\n<p>Por Alba Cosano<\/p>\n<p>Por Julia Acu\u00f1a, Susana,\u00a0Mar\u00eda,<\/p>\n<p>Alba\u00a0Guzm\u00e1n y Luna.<\/p>\n<p><img loading=\"lazy\" decoding=\"async\" class=\" wp-image-511 size-medium alignleft\" src=\"http:\/\/blogsaverroes.juntadeandalucia.es\/cuartoblabarrosa1617\/files\/2017\/01\/20161201_125123-1-300x225.jpg\" alt=\"20161201_125123-1\" width=\"300\" height=\"225\" srcset=\"https:\/\/blogsaverroes.juntadeandalucia.es\/cuartoblabarrosa1617\/files\/2017\/01\/20161201_125123-1-300x225.jpg 300w, https:\/\/blogsaverroes.juntadeandalucia.es\/cuartoblabarrosa1617\/files\/2017\/01\/20161201_125123-1-1024x768.jpg 1024w, https:\/\/blogsaverroes.juntadeandalucia.es\/cuartoblabarrosa1617\/files\/2017\/01\/20161201_125123-1-24x18.jpg 24w, https:\/\/blogsaverroes.juntadeandalucia.es\/cuartoblabarrosa1617\/files\/2017\/01\/20161201_125123-1-36x27.jpg 36w, https:\/\/blogsaverroes.juntadeandalucia.es\/cuartoblabarrosa1617\/files\/2017\/01\/20161201_125123-1-48x36.jpg 48w, https:\/\/blogsaverroes.juntadeandalucia.es\/cuartoblabarrosa1617\/files\/2017\/01\/20161201_125123-1.jpg 1600w\" sizes=\"(max-width: 300px) 100vw, 300px\" \/><\/p>\n<p>&nbsp;<\/p>\n<p>&nbsp;<\/p>\n<p>&nbsp;<\/p>\n<p>&nbsp;<\/p>\n<p>&nbsp;<\/p>\n<p>&nbsp;<\/p>\n<p>Por Prado y Jimena<\/p>\n<p>&nbsp;<\/p>\n<p>&nbsp;<\/p>\n<p><strong>UN UNIVERSO DE PEL\u00cdCULA<\/strong>:<\/p>\n<p><a href=\"http:\/\/blogsaverroes.juntadeandalucia.es\/cuartoblabarrosa1617\/files\/2017\/01\/20161027_100121.jpg\"><img loading=\"lazy\" decoding=\"async\" class=\"alignnone size-medium wp-image-512\" src=\"http:\/\/blogsaverroes.juntadeandalucia.es\/cuartoblabarrosa1617\/files\/2017\/01\/20161027_100121-300x225.jpg\" alt=\"20161027_100121\" width=\"300\" height=\"225\" srcset=\"https:\/\/blogsaverroes.juntadeandalucia.es\/cuartoblabarrosa1617\/files\/2017\/01\/20161027_100121-300x225.jpg 300w, https:\/\/blogsaverroes.juntadeandalucia.es\/cuartoblabarrosa1617\/files\/2017\/01\/20161027_100121-1024x768.jpg 1024w, https:\/\/blogsaverroes.juntadeandalucia.es\/cuartoblabarrosa1617\/files\/2017\/01\/20161027_100121-24x18.jpg 24w, https:\/\/blogsaverroes.juntadeandalucia.es\/cuartoblabarrosa1617\/files\/2017\/01\/20161027_100121-36x27.jpg 36w, https:\/\/blogsaverroes.juntadeandalucia.es\/cuartoblabarrosa1617\/files\/2017\/01\/20161027_100121-48x36.jpg 48w, https:\/\/blogsaverroes.juntadeandalucia.es\/cuartoblabarrosa1617\/files\/2017\/01\/20161027_100121.jpg 1600w\" sizes=\"(max-width: 300px) 100vw, 300px\" \/><\/a><\/p>\n<p>Por Alba y Luna<\/p>\n<p>&nbsp;<\/p>\n<p><a href=\"http:\/\/blogsaverroes.juntadeandalucia.es\/cuartoblabarrosa1617\/files\/2017\/01\/20170110_133114.jpg\"><img loading=\"lazy\" decoding=\"async\" class=\"alignnone size-medium wp-image-533\" src=\"http:\/\/blogsaverroes.juntadeandalucia.es\/cuartoblabarrosa1617\/files\/2017\/01\/20170110_133114-300x225.jpg\" alt=\"20170110_133114\" width=\"300\" height=\"225\" srcset=\"https:\/\/blogsaverroes.juntadeandalucia.es\/cuartoblabarrosa1617\/files\/2017\/01\/20170110_133114-300x225.jpg 300w, https:\/\/blogsaverroes.juntadeandalucia.es\/cuartoblabarrosa1617\/files\/2017\/01\/20170110_133114-1024x768.jpg 1024w, https:\/\/blogsaverroes.juntadeandalucia.es\/cuartoblabarrosa1617\/files\/2017\/01\/20170110_133114-24x18.jpg 24w, https:\/\/blogsaverroes.juntadeandalucia.es\/cuartoblabarrosa1617\/files\/2017\/01\/20170110_133114-36x27.jpg 36w, https:\/\/blogsaverroes.juntadeandalucia.es\/cuartoblabarrosa1617\/files\/2017\/01\/20170110_133114-48x36.jpg 48w, https:\/\/blogsaverroes.juntadeandalucia.es\/cuartoblabarrosa1617\/files\/2017\/01\/20170110_133114.jpg 1600w\" sizes=\"(max-width: 300px) 100vw, 300px\" \/><\/a><\/p>\n<p>Por Paula y Pablo Barrios<\/p>\n","protected":false},"excerpt":{"rendered":"<p>La nutrici\u00f3n de las plantas (por Julia Acu\u00f1a) &nbsp; EL CICLO DEL AGUA: &nbsp; Por Alba Cosano Por Julia Acu\u00f1a, Susana,\u00a0Mar\u00eda, Alba\u00a0Guzm\u00e1n y Luna. &nbsp; &nbsp; &nbsp; &nbsp; &nbsp; &nbsp; Por Prado y Jimena&#46;&#46;&#46;<\/p>\n","protected":false},"author":3873,"featured_media":0,"parent":0,"menu_order":0,"comment_status":"closed","ping_status":"closed","template":"","meta":{"ngg_post_thumbnail":0,"footnotes":""},"aioseo_notices":[],"_links":{"self":[{"href":"https:\/\/blogsaverroes.juntadeandalucia.es\/cuartoblabarrosa1617\/wp-json\/wp\/v2\/pages\/508"}],"collection":[{"href":"https:\/\/blogsaverroes.juntadeandalucia.es\/cuartoblabarrosa1617\/wp-json\/wp\/v2\/pages"}],"about":[{"href":"https:\/\/blogsaverroes.juntadeandalucia.es\/cuartoblabarrosa1617\/wp-json\/wp\/v2\/types\/page"}],"author":[{"embeddable":true,"href":"https:\/\/blogsaverroes.juntadeandalucia.es\/cuartoblabarrosa1617\/wp-json\/wp\/v2\/users\/3873"}],"replies":[{"embeddable":true,"href":"https:\/\/blogsaverroes.juntadeandalucia.es\/cuartoblabarrosa1617\/wp-json\/wp\/v2\/comments?post=508"}],"version-history":[{"count":7,"href":"https:\/\/blogsaverroes.juntadeandalucia.es\/cuartoblabarrosa1617\/wp-json\/wp\/v2\/pages\/508\/revisions"}],"predecessor-version":[{"id":653,"href":"https:\/\/blogsaverroes.juntadeandalucia.es\/cuartoblabarrosa1617\/wp-json\/wp\/v2\/pages\/508\/revisions\/653"}],"wp:attachment":[{"href":"https:\/\/blogsaverroes.juntadeandalucia.es\/cuartoblabarrosa1617\/wp-json\/wp\/v2\/media?parent=508"}],"curies":[{"name":"wp","href":"https:\/\/api.w.org\/{rel}","templated":true}]}}

<p>La nutrición de las plantas (por Julia Acuña)</p>
<p><a href="http://blogsaverroes.juntadeandalucia.es/cuartoblabarrosa1617/files/2017/01/20170209_131830.jpg"><img loading="lazy" decoding="async" class=" size-medium wp-image-652 aligncenter" src="http://blogsaverroes.juntadeandalucia.es/cuartoblabarrosa1617/files/2017/01/20170209_131830-300x225.jpg" alt="20170209_131830" width="300" height="225" srcset="https://blogsaverroes.juntadeandalucia.es/cuartoblabarrosa1617/files/2017/01/20170209_131830-300x225.jpg 300w, https://blogsaverroes.juntadeandalucia.es/cuartoblabarrosa1617/files/2017/01/20170209_131830-1024x768.jpg 1024w, https://blogsaverroes.juntadeandalucia.es/cuartoblabarrosa1617/files/2017/01/20170209_131830-24x18.jpg 24w, https://blogsaverroes.juntadeandalucia.es/cuartoblabarrosa1617/files/2017/01/20170209_131830-36x27.jpg 36w, https://blogsaverroes.juntadeandalucia.es/cuartoblabarrosa1617/files/2017/01/20170209_131830-48x36.jpg 48w, https://blogsaverroes.juntadeandalucia.es/cuartoblabarrosa1617/files/2017/01/20170209_131830.jpg 1600w" sizes="(max-width: 300px) 100vw, 300px" /></a></p>
<p>&nbsp;</p>
<p><strong>EL CICLO DEL AGUA</strong>:</p>
<p><img loading="lazy" decoding="async" class="alignleft wp-image-509 size-medium" src="http://blogsaverroes.juntadeandalucia.es/cuartoblabarrosa1617/files/2017/01/20161207_130146-e1483303298701-225x300.jpg" alt="20161207_130146" width="225" height="300" srcset="https://blogsaverroes.juntadeandalucia.es/cuartoblabarrosa1617/files/2017/01/20161207_130146-e1483303298701-225x300.jpg 225w, https://blogsaverroes.juntadeandalucia.es/cuartoblabarrosa1617/files/2017/01/20161207_130146-e1483303298701-768x1024.jpg 768w, https://blogsaverroes.juntadeandalucia.es/cuartoblabarrosa1617/files/2017/01/20161207_130146-e1483303298701-18x24.jpg 18w, https://blogsaverroes.juntadeandalucia.es/cuartoblabarrosa1617/files/2017/01/20161207_130146-e1483303298701-27x36.jpg 27w, https://blogsaverroes.juntadeandalucia.es/cuartoblabarrosa1617/files/2017/01/20161207_130146-e1483303298701-36x48.jpg 36w, https://blogsaverroes.juntadeandalucia.es/cuartoblabarrosa1617/files/2017/01/20161207_130146-e1483303298701.jpg 1200w" sizes="(max-width: 225px) 100vw, 225px" /></p>
<p>&nbsp;</p>
<p><img loading="lazy" decoding="async" class=" wp-image-510 size-medium aligncenter" src="http://blogsaverroes.juntadeandalucia.es/cuartoblabarrosa1617/files/2017/01/20161207_101413-300x225.jpg" alt="20161207_101413" width="300" height="225" srcset="https://blogsaverroes.juntadeandalucia.es/cuartoblabarrosa1617/files/2017/01/20161207_101413-300x225.jpg 300w, https://blogsaverroes.juntadeandalucia.es/cuartoblabarrosa1617/files/2017/01/20161207_101413-1024x768.jpg 1024w, https://blogsaverroes.juntadeandalucia.es/cuartoblabarrosa1617/files/2017/01/20161207_101413-24x18.jpg 24w, https://blogsaverroes.juntadeandalucia.es/cuartoblabarrosa1617/files/2017/01/20161207_101413-36x27.jpg 36w, https://blogsaverroes.juntadeandalucia.es/cuartoblabarrosa1617/files/2017/01/20161207_101413-48x36.jpg 48w, https://blogsaverroes.juntadeandalucia.es/cuartoblabarrosa1617/files/2017/01/20161207_101413.jpg 1600w" sizes="(max-width: 300px) 100vw, 300px" /></p>
<p>Por Alba Cosano</p>
<p>Por Julia Acuña, Susana, María,</p>
<p>Alba Guzmán y Luna.</p>
<p><img loading="lazy" decoding="async" class=" wp-image-511 size-medium alignleft" src="http://blogsaverroes.juntadeandalucia.es/cuartoblabarrosa1617/files/2017/01/20161201_125123-1-300x225.jpg" alt="20161201_125123-1" width="300" height="225" srcset="https://blogsaverroes.juntadeandalucia.es/cuartoblabarrosa1617/files/2017/01/20161201_125123-1-300x225.jpg 300w, https://blogsaverroes.juntadeandalucia.es/cuartoblabarrosa1617/files/2017/01/20161201_125123-1-1024x768.jpg 1024w, https://blogsaverroes.juntadeandalucia.es/cuartoblabarrosa1617/files/2017/01/20161201_125123-1-24x18.jpg 24w, https://blogsaverroes.juntadeandalucia.es/cuartoblabarrosa1617/files/2017/01/20161201_125123-1-36x27.jpg 36w, https://blogsaverroes.juntadeandalucia.es/cuartoblabarrosa1617/files/2017/01/20161201_125123-1-48x36.jpg 48w, https://blogsaverroes.juntadeandalucia.es/cuartoblabarrosa1617/files/2017/01/20161201_125123-1.jpg 1600w" sizes="(max-width: 300px) 100vw, 300px" /></p>
<p>&nbsp;</p>
<p>&nbsp;</p>
<p>&nbsp;</p>
<p>&nbsp;</p>
<p>&nbsp;</p>
<p>&nbsp;</p>
<p>Por Prado y Jimena</p>
<p>&nbsp;</p>
<p>&nbsp;</p>
<p><strong>UN UNIVERSO DE PELÍCULA</strong>:</p>
<p><a href="http://blogsaverroes.juntadeandalucia.es/cuartoblabarrosa1617/files/2017/01/20161027_100121.jpg"><img loading="lazy" decoding="async" class="alignnone size-medium wp-image-512" src="http://blogsaverroes.juntadeandalucia.es/cuartoblabarrosa1617/files/2017/01/20161027_100121-300x225.jpg" alt="20161027_100121" width="300" height="225" srcset="https://blogsaverroes.juntadeandalucia.es/cuartoblabarrosa1617/files/2017/01/20161027_100121-300x225.jpg 300w, https://blogsaverroes.juntadeandalucia.es/cuartoblabarrosa1617/files/2017/01/20161027_100121-1024x768.jpg 1024w, https://blogsaverroes.juntadeandalucia.es/cuartoblabarrosa1617/files/2017/01/20161027_100121-24x18.jpg 24w, https://blogsaverroes.juntadeandalucia.es/cuartoblabarrosa1617/files/2017/01/20161027_100121-36x27.jpg 36w, https://blogsaverroes.juntadeandalucia.es/cuartoblabarrosa1617/files/2017/01/20161027_100121-48x36.jpg 48w, https://blogsaverroes.juntadeandalucia.es/cuartoblabarrosa1617/files/2017/01/20161027_100121.jpg 1600w" sizes="(max-width: 300px) 100vw, 300px" /></a></p>
<p>Por Alba y Luna</p>
<p>&nbsp;</p>
<p><a href="http://blogsaverroes.juntadeandalucia.es/cuartoblabarrosa1617/files/2017/01/20170110_133114.jpg"><img loading="lazy" decoding="async" class="alignnone size-medium wp-image-533" src="http://blogsaverroes.juntadeandalucia.es/cuartoblabarrosa1617/files/2017/01/20170110_133114-300x225.jpg" alt="20170110_133114" width="300" height="225" srcset="https://blogsaverroes.juntadeandalucia.es/cuartoblabarrosa1617/files/2017/01/20170110_133114-300x225.jpg 300w, https://blogsaverroes.juntadeandalucia.es/cuartoblabarrosa1617/files/2017/01/20170110_133114-1024x768.jpg 1024w, https://blogsaverroes.juntadeandalucia.es/cuartoblabarrosa1617/files/2017/01/20170110_133114-24x18.jpg 24w, https://blogsaverroes.juntadeandalucia.es/cuartoblabarrosa1617/files/2017/01/20170110_133114-36x27.jpg 36w, https://blogsaverroes.juntadeandalucia.es/cuartoblabarrosa1617/files/2017/01/20170110_133114-48x36.jpg 48w, https://blogsaverroes.juntadeandalucia.es/cuartoblabarrosa1617/files/2017/01/20170110_133114.jpg 1600w" sizes="(max-width: 300px) 100vw, 300px" /></a></p>
<p>Por Paula y Pablo Barrios</p>

<p>La nutrición de las plantas (por Julia Acuña) &nbsp; EL CICLO DEL AGUA: &nbsp; Por Alba Cosano Por Julia Acuña, Susana, María, Alba Guzmán y Luna. &nbsp; &nbsp; &nbsp; &nbsp; &nbsp; &nbsp; Por Prado y Jimena&#46;&#46;&#46;</p>
