{"id":185,"date":"2021-10-13T21:05:30","date_gmt":"2021-10-13T19:05:30","guid":{"rendered":"https:\/\/blogsaverroes.juntadeandalucia.es\/curioseando\/?page_id=185"},"modified":"2021-10-13T22:55:58","modified_gmt":"2021-10-13T20:55:58","slug":"familia","status":"publish","type":"page","link":"https:\/\/blogsaverroes.juntadeandalucia.es\/curioseando\/familia\/","title":{"rendered":"Familia"},"content":{"rendered":"<p><span style=\"font-family: 'book antiqua', palatino, serif\">En este enlace se colocar\u00e1n informaciones relevantes para las familias de la clase:<\/span><\/p>\n<table style=\"border-collapse: collapse;width: 100%;height: 142px\">\n<tbody>\n<tr style=\"height: 142px\">\n<td style=\"width: 33.3333%;height: 142px;background-color: #f7f7f7;text-align: center\"><span style=\"font-family: 'book antiqua', palatino, serif;font-size: 12pt;color: #ff99cc\"><strong><a style=\"color: #ff99cc\" href=\"https:\/\/blogsaverroes.juntadeandalucia.es\/curioseando\/files\/2021\/10\/Educar-para-Proteger-Guia-de-formacion-TIC-para-padres-y-madres-de-ni\u00f1os-de-3-a-11-a\u00f1os.pdf\">Gu\u00eda de formaci\u00f3n TIC para padres y madres de ni\u00f1os\/as de 3 a 11 a\u00f1os<\/a><\/strong><\/span><\/td>\n<td style=\"width: 33.3333%;height: 142px;background-color: #faeded;text-align: center\"><span style=\"font-family: 'book antiqua', palatino, serif;font-size: 12pt;color: #ff99cc\"><strong><a style=\"color: #ff99cc\" href=\"https:\/\/blogsaverroes.juntadeandalucia.es\/curioseando\/files\/2021\/10\/Educar-para-Proteger-Gu\u00eda-resumida-de-formaci\u00f3n-TIC-para-padres-y-madres-de-ni\u00f1os-de-3-a-11-a\u00f1os.pdf\">Gu\u00eda resumida de formaci\u00f3n TIC para padres y madres de ni\u00f1os\/as de 3 a 11 a\u00f1os <span style=\"color: #008080\">(VIP)<\/span><\/a><\/strong><\/span><\/td>\n<td style=\"width: 33.3333%;height: 142px;background-color: #f0f5eb;text-align: center\"><span style=\"font-family: 'book antiqua', palatino, serif;font-size: 12pt;color: #ff99cc\"><strong><a style=\"color: #ff99cc\" href=\"https:\/\/blogsaverroes.juntadeandalucia.es\/curioseando\/files\/2021\/10\/Educar-para-Proteger-Guia-de-formacion-TIC-para-padres-y-madres-de-ni\u00f1os-adolescentes.pdf\">Gu\u00eda de formaci\u00f3n TIC para padres y madres de ni\u00f1os\/as ADOLESCENTES<\/a><\/strong><\/span><\/td>\n<\/tr>\n<\/tbody>\n<\/table>\n","protected":false},"excerpt":{"rendered":"<p>En este enlace se colocar\u00e1n informaciones relevantes para las familias de la clase: Gu\u00eda de formaci\u00f3n TIC para padres y madres de ni\u00f1os\/as de 3 a 11 a\u00f1os Gu\u00eda resumida de formaci\u00f3n TIC para padres y madres de ni\u00f1os\/as de 3 a 11 a\u00f1os (VIP) Gu\u00eda de formaci\u00f3n TIC para padres y madres de ni\u00f1os\/as &hellip; <\/p>\n<p class=\"link-more\"><a href=\"https:\/\/blogsaverroes.juntadeandalucia.es\/curioseando\/familia\/\" class=\"more-link\">Continuar leyendo<span class=\"screen-reader-text\"> \u00abFamilia\u00bb<\/span><\/a><\/p>\n","protected":false},"author":7300,"featured_media":0,"parent":0,"menu_order":0,"comment_status":"closed","ping_status":"closed","template":"","meta":{"ngg_post_thumbnail":0,"footnotes":""},"aioseo_notices":[],"_links":{"self":[{"href":"https:\/\/blogsaverroes.juntadeandalucia.es\/curioseando\/wp-json\/wp\/v2\/pages\/185"}],"collection":[{"href":"https:\/\/blogsaverroes.juntadeandalucia.es\/curioseando\/wp-json\/wp\/v2\/pages"}],"about":[{"href":"https:\/\/blogsaverroes.juntadeandalucia.es\/curioseando\/wp-json\/wp\/v2\/types\/page"}],"author":[{"embeddable":true,"href":"https:\/\/blogsaverroes.juntadeandalucia.es\/curioseando\/wp-json\/wp\/v2\/users\/7300"}],"replies":[{"embeddable":true,"href":"https:\/\/blogsaverroes.juntadeandalucia.es\/curioseando\/wp-json\/wp\/v2\/comments?post=185"}],"version-history":[{"count":6,"href":"https:\/\/blogsaverroes.juntadeandalucia.es\/curioseando\/wp-json\/wp\/v2\/pages\/185\/revisions"}],"predecessor-version":[{"id":199,"href":"https:\/\/blogsaverroes.juntadeandalucia.es\/curioseando\/wp-json\/wp\/v2\/pages\/185\/revisions\/199"}],"wp:attachment":[{"href":"https:\/\/blogsaverroes.juntadeandalucia.es\/curioseando\/wp-json\/wp\/v2\/media?parent=185"}],"curies":[{"name":"wp","href":"https:\/\/api.w.org\/{rel}","templated":true}]}}