{"id":32,"date":"2014-11-08T15:55:14","date_gmt":"2014-11-08T15:55:14","guid":{"rendered":"http:\/\/iesalmadraba.org\/cursobda\/bloque-1\/sesion-3\/"},"modified":"2014-11-08T15:55:14","modified_gmt":"2014-11-08T15:55:14","slug":"sesion-3","status":"publish","type":"page","link":"https:\/\/blogsaverroes.juntadeandalucia.es\/cursoblogsdeaulayexelearning\/bloque-1\/sesion-3\/","title":{"rendered":"Sesi\u00f3n 3"},"content":{"rendered":"<p>Adem\u00e1s de saber c\u00f3mo es necesario saber para qu\u00e9. En la \u00faltima sesi\u00f3n de este primer bloque abordaremos el enfoque metodol\u00f3gico. Conoceremos de forma pr\u00e1ctica la metodolog\u00eda TPAK, y revisaremos algunos ejemplos de buenos usos de los blogs de aula en educaci\u00f3n.<\/p>\n<ul>\n<li class=\"page_item page-item-26\"><a title=\"Enfoque did\u00e1ctico\" href=\"http:\/\/iesalmadraba.org\/cursobda\/bloque-1\/sesion-3\/enfoque-didactico\/\">Enfoque did\u00e1ctico<\/a><\/li>\n<li class=\"page_item page-item-27\"><a title=\"Ejemplos\" href=\"http:\/\/iesalmadraba.org\/cursobda\/bloque-1\/sesion-3\/ejemplos\/\">Ejemplos<\/a><\/li>\n<\/ul>\n","protected":false},"excerpt":{"rendered":"<p>Adem\u00e1s de saber c\u00f3mo es necesario saber para qu\u00e9. En la \u00faltima sesi\u00f3n de este primer bloque abordaremos el enfoque metodol\u00f3gico. Conoceremos de forma pr\u00e1ctica la metodolog\u00eda TPAK, y revisaremos algunos ejemplos de buenos&#46;&#46;&#46;<\/p>\n","protected":false},"author":10581,"featured_media":0,"parent":28,"menu_order":15,"comment_status":"open","ping_status":"open","template":"","meta":{"ngg_post_thumbnail":0,"footnotes":""},"aioseo_notices":[],"_links":{"self":[{"href":"https:\/\/blogsaverroes.juntadeandalucia.es\/cursoblogsdeaulayexelearning\/wp-json\/wp\/v2\/pages\/32"}],"collection":[{"href":"https:\/\/blogsaverroes.juntadeandalucia.es\/cursoblogsdeaulayexelearning\/wp-json\/wp\/v2\/pages"}],"about":[{"href":"https:\/\/blogsaverroes.juntadeandalucia.es\/cursoblogsdeaulayexelearning\/wp-json\/wp\/v2\/types\/page"}],"author":[{"embeddable":true,"href":"https:\/\/blogsaverroes.juntadeandalucia.es\/cursoblogsdeaulayexelearning\/wp-json\/wp\/v2\/users\/10581"}],"replies":[{"embeddable":true,"href":"https:\/\/blogsaverroes.juntadeandalucia.es\/cursoblogsdeaulayexelearning\/wp-json\/wp\/v2\/comments?post=32"}],"version-history":[{"count":0,"href":"https:\/\/blogsaverroes.juntadeandalucia.es\/cursoblogsdeaulayexelearning\/wp-json\/wp\/v2\/pages\/32\/revisions"}],"up":[{"embeddable":true,"href":"https:\/\/blogsaverroes.juntadeandalucia.es\/cursoblogsdeaulayexelearning\/wp-json\/wp\/v2\/pages\/28"}],"wp:attachment":[{"href":"https:\/\/blogsaverroes.juntadeandalucia.es\/cursoblogsdeaulayexelearning\/wp-json\/wp\/v2\/media?parent=32"}],"curies":[{"name":"wp","href":"https:\/\/api.w.org\/{rel}","templated":true}]}}