{"id":173,"date":"2022-04-25T10:01:07","date_gmt":"2022-04-25T10:01:07","guid":{"rendered":"https:\/\/blogsaverroes.juntadeandalucia.es\/davidfernandez\/our-story\/"},"modified":"2022-04-26T07:59:48","modified_gmt":"2022-04-26T07:59:48","slug":"sobre-mi","status":"publish","type":"page","link":"https:\/\/blogsaverroes.juntadeandalucia.es\/davidfernandez\/sobre-mi\/","title":{"rendered":"Sobre m\u00ed"},"content":{"rendered":"\t\t<div data-elementor-type=\"wp-page\" data-elementor-id=\"173\" class=\"elementor elementor-173\">\n\t\t\t\t\t\t<section class=\"elementor-section elementor-top-section elementor-element elementor-element-7f032ba5 elementor-section-full_width elementor-section-content-top elementor-section-height-default elementor-section-height-default\" data-id=\"7f032ba5\" data-element_type=\"section\">\n\t\t\t\t\t\t<div class=\"elementor-container elementor-column-gap-no\">\n\t\t\t\t\t<div class=\"elementor-column elementor-col-50 elementor-top-column elementor-element elementor-element-7ba4afe2\" data-id=\"7ba4afe2\" data-element_type=\"column\">\n\t\t\t<div class=\"elementor-widget-wrap elementor-element-populated\">\n\t\t\t\t\t\t<div class=\"elementor-element elementor-element-606062a elementor-widget elementor-widget-image\" data-id=\"606062a\" data-element_type=\"widget\" data-widget_type=\"image.default\">\n\t\t\t\t<div class=\"elementor-widget-container\">\n\t\t\t\t\t\t\t\t\t\t\t\t\t\t\t<img decoding=\"async\" width=\"225\" height=\"220\" src=\"https:\/\/blogsaverroes.juntadeandalucia.es\/davidfernandez\/files\/2022\/02\/foto-david-1-225x220.png\" class=\"attachment-advps-thumb-one size-advps-thumb-one wp-image-67\" alt=\"\" \/>\t\t\t\t\t\t\t\t\t\t\t\t\t\t\t<\/div>\n\t\t\t\t<\/div>\n\t\t\t\t\t<\/div>\n\t\t<\/div>\n\t\t\t\t<div class=\"elementor-column elementor-col-50 elementor-top-column elementor-element elementor-element-7633b3c1\" data-id=\"7633b3c1\" data-element_type=\"column\">\n\t\t\t<div class=\"elementor-widget-wrap elementor-element-populated\">\n\t\t\t\t\t\t<div class=\"elementor-element elementor-element-2a43a2c2 elementor-widget elementor-widget-heading\" data-id=\"2a43a2c2\" data-element_type=\"widget\" data-widget_type=\"heading.default\">\n\t\t\t\t<div class=\"elementor-widget-container\">\n\t\t\t\t\t<h1 class=\"elementor-heading-title elementor-size-default\">david Fern\u00e1ndez<\/h1>\t\t\t\t<\/div>\n\t\t\t\t<\/div>\n\t\t\t\t<div class=\"elementor-element elementor-element-6e43c629 elementor-invisible elementor-widget elementor-widget-heading\" data-id=\"6e43c629\" data-element_type=\"widget\" data-settings=\"{&quot;_animation&quot;:&quot;fadeInDown&quot;}\" data-widget_type=\"heading.default\">\n\t\t\t\t<div class=\"elementor-widget-container\">\n\t\t\t\t\t<h2 class=\"elementor-heading-title elementor-size-default\">comercio y marketing<\/h2>\t\t\t\t<\/div>\n\t\t\t\t<\/div>\n\t\t\t\t<section class=\"elementor-section elementor-inner-section elementor-element elementor-element-7b12fa58 elementor-section-boxed elementor-section-height-default elementor-section-height-default\" data-id=\"7b12fa58\" data-element_type=\"section\">\n\t\t\t\t\t\t<div class=\"elementor-container elementor-column-gap-no\">\n\t\t\t\t\t<div class=\"elementor-column elementor-col-100 elementor-inner-column elementor-element elementor-element-29162bfb\" data-id=\"29162bfb\" data-element_type=\"column\">\n\t\t\t<div class=\"elementor-widget-wrap elementor-element-populated\">\n\t\t\t\t\t\t<div class=\"elementor-element elementor-element-736b7b95 elementor-widget__width-initial elementor-widget elementor-widget-image\" data-id=\"736b7b95\" data-element_type=\"widget\" data-widget_type=\"image.default\">\n\t\t\t\t<div class=\"elementor-widget-container\">\n\t\t\t\t\t\t\t\t\t\t\t\t\t\t\t<img fetchpriority=\"high\" decoding=\"async\" width=\"2560\" height=\"1925\" src=\"https:\/\/blogsaverroes.juntadeandalucia.es\/davidfernandez\/files\/2022\/04\/seo-search-engine-optimization-internet-digital-concept-scaled.jpg\" class=\"attachment-full size-full wp-image-258\" alt=\"\" srcset=\"https:\/\/blogsaverroes.juntadeandalucia.es\/davidfernandez\/files\/2022\/04\/seo-search-engine-optimization-internet-digital-concept-scaled.jpg 2560w, https:\/\/blogsaverroes.juntadeandalucia.es\/davidfernandez\/files\/2022\/04\/seo-search-engine-optimization-internet-digital-concept-300x226.jpg 300w, https:\/\/blogsaverroes.juntadeandalucia.es\/davidfernandez\/files\/2022\/04\/seo-search-engine-optimization-internet-digital-concept-1024x770.jpg 1024w, https:\/\/blogsaverroes.juntadeandalucia.es\/davidfernandez\/files\/2022\/04\/seo-search-engine-optimization-internet-digital-concept-768x578.jpg 768w, https:\/\/blogsaverroes.juntadeandalucia.es\/davidfernandez\/files\/2022\/04\/seo-search-engine-optimization-internet-digital-concept-1536x1155.jpg 1536w, https:\/\/blogsaverroes.juntadeandalucia.es\/davidfernandez\/files\/2022\/04\/seo-search-engine-optimization-internet-digital-concept-2048x1540.jpg 2048w\" sizes=\"(max-width: 2560px) 100vw, 2560px\" \/>\t\t\t\t\t\t\t\t\t\t\t\t\t\t\t<\/div>\n\t\t\t\t<\/div>\n\t\t\t\t<div class=\"elementor-element elementor-element-64b4d9a8 elementor-widget__width-initial animated-slow elementor-invisible elementor-widget elementor-widget-image\" data-id=\"64b4d9a8\" data-element_type=\"widget\" data-settings=\"{&quot;_animation&quot;:&quot;fadeInUp&quot;}\" data-widget_type=\"image.default\">\n\t\t\t\t<div class=\"elementor-widget-container\">\n\t\t\t\t\t\t\t\t\t\t\t\t\t\t\t<img decoding=\"async\" width=\"1920\" height=\"1280\" src=\"https:\/\/blogsaverroes.juntadeandalucia.es\/davidfernandez\/files\/2022\/04\/content-marketing-gda77efa64_1920.jpg\" class=\"attachment-full size-full wp-image-259\" alt=\"\" srcset=\"https:\/\/blogsaverroes.juntadeandalucia.es\/davidfernandez\/files\/2022\/04\/content-marketing-gda77efa64_1920.jpg 1920w, https:\/\/blogsaverroes.juntadeandalucia.es\/davidfernandez\/files\/2022\/04\/content-marketing-gda77efa64_1920-300x200.jpg 300w, https:\/\/blogsaverroes.juntadeandalucia.es\/davidfernandez\/files\/2022\/04\/content-marketing-gda77efa64_1920-1024x683.jpg 1024w, https:\/\/blogsaverroes.juntadeandalucia.es\/davidfernandez\/files\/2022\/04\/content-marketing-gda77efa64_1920-768x512.jpg 768w, https:\/\/blogsaverroes.juntadeandalucia.es\/davidfernandez\/files\/2022\/04\/content-marketing-gda77efa64_1920-1536x1024.jpg 1536w\" sizes=\"(max-width: 1920px) 100vw, 1920px\" \/>\t\t\t\t\t\t\t\t\t\t\t\t\t\t\t<\/div>\n\t\t\t\t<\/div>\n\t\t\t\t\t<\/div>\n\t\t<\/div>\n\t\t\t\t\t<\/div>\n\t\t<\/section>\n\t\t\t\t\t<\/div>\n\t\t<\/div>\n\t\t\t\t\t<\/div>\n\t\t<\/section>\n\t\t\t\t<section class=\"elementor-section elementor-top-section elementor-element elementor-element-2a619e0f elementor-section-full_width elementor-section-height-default elementor-section-height-default\" data-id=\"2a619e0f\" data-element_type=\"section\">\n\t\t\t\t\t\t<div class=\"elementor-container elementor-column-gap-no\">\n\t\t\t\t\t<div class=\"elementor-column elementor-col-50 elementor-top-column elementor-element elementor-element-1acf9944\" data-id=\"1acf9944\" data-element_type=\"column\">\n\t\t\t<div class=\"elementor-widget-wrap elementor-element-populated\">\n\t\t\t\t\t\t<div class=\"elementor-element elementor-element-40c1d15a elementor-widget elementor-widget-heading\" data-id=\"40c1d15a\" data-element_type=\"widget\" data-widget_type=\"heading.default\">\n\t\t\t\t<div class=\"elementor-widget-container\">\n\t\t\t\t\t<h6 class=\"elementor-heading-title elementor-size-default\">Conoce<\/h6>\t\t\t\t<\/div>\n\t\t\t\t<\/div>\n\t\t\t\t<div class=\"elementor-element elementor-element-60429991 elementor-widget elementor-widget-heading\" data-id=\"60429991\" data-element_type=\"widget\" data-widget_type=\"heading.default\">\n\t\t\t\t<div class=\"elementor-widget-container\">\n\t\t\t\t\t<h2 class=\"elementor-heading-title elementor-size-default\">Mi Historia<\/h2>\t\t\t\t<\/div>\n\t\t\t\t<\/div>\n\t\t\t\t<div class=\"elementor-element elementor-element-54cc98dd elementor-widget elementor-widget-text-editor\" data-id=\"54cc98dd\" data-element_type=\"widget\" data-widget_type=\"text-editor.default\">\n\t\t\t\t<div class=\"elementor-widget-container\">\n\t\t\t\t\t\t\t\t\t<p>Graduado en Marketing e investigaci\u00f3n de mercados por la Universidad de Granada. M\u00e1ster en profesorado en la especialidad de Econom\u00eda y M\u00e1ster en Marketing y comportamiento del consumidor.<\/p><p>Apasionado de las redes sociales y del marketing digital.<\/p>\t\t\t\t\t\t\t\t<\/div>\n\t\t\t\t<\/div>\n\t\t\t\t<div class=\"elementor-element elementor-element-622353f2 elementor-invisible elementor-widget elementor-widget-icon-box\" data-id=\"622353f2\" data-element_type=\"widget\" data-settings=\"{&quot;_animation&quot;:&quot;fadeIn&quot;}\" data-widget_type=\"icon-box.default\">\n\t\t\t\t<div class=\"elementor-widget-container\">\n\t\t\t\t\t\t\t<div class=\"elementor-icon-box-wrapper\">\n\n\t\t\t\n\t\t\t\t\t\t<div class=\"elementor-icon-box-content\">\n\n\t\t\t\t\t\t\t\t\t<h3 class=\"elementor-icon-box-title\">\n\t\t\t\t\t\t<span  >\n\t\t\t\t\t\t\taficiones\t\t\t\t\t\t<\/span>\n\t\t\t\t\t<\/h3>\n\t\t\t\t\n\t\t\t\t\t\t\t\t\t<p class=\"elementor-icon-box-description\">\n\t\t\t\t\t\tEl f\u00fatbol es una de mis principales aficiones, as\u00ed como otros deportes como el tenis o el p\u00e1del.\t\t\t\t\t<\/p>\n\t\t\t\t\n\t\t\t<\/div>\n\t\t\t\n\t\t<\/div>\n\t\t\t\t\t\t<\/div>\n\t\t\t\t<\/div>\n\t\t\t\t\t<\/div>\n\t\t<\/div>\n\t\t\t\t<div class=\"elementor-column elementor-col-50 elementor-top-column elementor-element elementor-element-38a9c338\" data-id=\"38a9c338\" data-element_type=\"column\">\n\t\t\t<div class=\"elementor-widget-wrap elementor-element-populated\">\n\t\t\t\t\t\t<div class=\"elementor-element elementor-element-318581e4 elementor-widget elementor-widget-image\" data-id=\"318581e4\" data-element_type=\"widget\" data-widget_type=\"image.default\">\n\t\t\t\t<div class=\"elementor-widget-container\">\n\t\t\t\t\t\t\t\t\t\t\t\t\t\t\t<img loading=\"lazy\" decoding=\"async\" width=\"640\" height=\"426\" src=\"https:\/\/blogsaverroes.juntadeandalucia.es\/davidfernandez\/files\/2022\/02\/social-gda1d7866e_640.jpg\" class=\"attachment-full size-full wp-image-31\" alt=\"\" srcset=\"https:\/\/blogsaverroes.juntadeandalucia.es\/davidfernandez\/files\/2022\/02\/social-gda1d7866e_640.jpg 640w, https:\/\/blogsaverroes.juntadeandalucia.es\/davidfernandez\/files\/2022\/02\/social-gda1d7866e_640-300x200.jpg 300w\" sizes=\"(max-width: 640px) 100vw, 640px\" \/>\t\t\t\t\t\t\t\t\t\t\t\t\t\t\t<\/div>\n\t\t\t\t<\/div>\n\t\t\t\t\t<\/div>\n\t\t<\/div>\n\t\t\t\t\t<\/div>\n\t\t<\/section>\n\t\t\t\t<\/div>\n\t\t","protected":false},"excerpt":{"rendered":"<p>david Fern\u00e1ndez comercio y marketing Conoce Mi Historia Graduado en Marketing e investigaci\u00f3n de mercados por la Universidad de Granada. M\u00e1ster en profesorado en la&hellip;<\/p>\n","protected":false},"author":14663,"featured_media":0,"parent":0,"menu_order":0,"comment_status":"closed","ping_status":"closed","template":"","meta":{"ngg_post_thumbnail":0,"footnotes":""},"aioseo_notices":[],"_links":{"self":[{"href":"https:\/\/blogsaverroes.juntadeandalucia.es\/davidfernandez\/wp-json\/wp\/v2\/pages\/173"}],"collection":[{"href":"https:\/\/blogsaverroes.juntadeandalucia.es\/davidfernandez\/wp-json\/wp\/v2\/pages"}],"about":[{"href":"https:\/\/blogsaverroes.juntadeandalucia.es\/davidfernandez\/wp-json\/wp\/v2\/types\/page"}],"author":[{"embeddable":true,"href":"https:\/\/blogsaverroes.juntadeandalucia.es\/davidfernandez\/wp-json\/wp\/v2\/users\/14663"}],"replies":[{"embeddable":true,"href":"https:\/\/blogsaverroes.juntadeandalucia.es\/davidfernandez\/wp-json\/wp\/v2\/comments?post=173"}],"version-history":[{"count":6,"href":"https:\/\/blogsaverroes.juntadeandalucia.es\/davidfernandez\/wp-json\/wp\/v2\/pages\/173\/revisions"}],"predecessor-version":[{"id":262,"href":"https:\/\/blogsaverroes.juntadeandalucia.es\/davidfernandez\/wp-json\/wp\/v2\/pages\/173\/revisions\/262"}],"wp:attachment":[{"href":"https:\/\/blogsaverroes.juntadeandalucia.es\/davidfernandez\/wp-json\/wp\/v2\/media?parent=173"}],"curies":[{"name":"wp","href":"https:\/\/api.w.org\/{rel}","templated":true}]}}