{"id":1019,"date":"2020-11-24T10:55:16","date_gmt":"2020-11-24T09:55:16","guid":{"rendered":"https:\/\/blogsaverroes.juntadeandalucia.es\/delegacioneducaciongranada\/?page_id=1019"},"modified":"2024-09-16T13:48:50","modified_gmt":"2024-09-16T11:48:50","slug":"auna-2","status":"publish","type":"page","link":"https:\/\/blogsaverroes.juntadeandalucia.es\/delegacioneducaciongranada\/planes-y-programas\/auna-2\/","title":{"rendered":"aUna: Una propuesta de trabajo colaborativo vinculada a los Planes y Programas"},"content":{"rendered":"<p style=\"text-align: center\">Equipo de apoyo <strong>a-Una <\/strong>en Delegaci\u00f3n<\/p>\n<p>&nbsp;<\/p>\n<p style=\"text-align: justify\">Con <span style=\"font-size: 14pt\"><strong>aUna,<\/strong><\/span> se pretende impulsar una estrategia metodol\u00f3gica colaborativa, a trav\u00e9s de los distintos <strong>Planes Educativos y Programas para la Innovaci\u00f3n<\/strong> que se desarrollan en los centros. Adem\u00e1s, se concreta y materializa un modelo de integraci\u00f3n curricular que ya ha supuesto experiencias de \u00e9xito en la provincia. El objetivo final es difundir e intercambiar propuestas a-Una entre los centros educativos de la provincia.<\/p>\n<p><span style=\"font-weight: 400\">Si te interesa la propuesta, puedes ampliar&nbsp; la informaci\u00f3n <\/span><span style=\"font-weight: 400\"><a href=\"https:\/\/docs.google.com\/document\/d\/1a8Wk7y_OTHxdxS6X7PqYXIPlTTcQbq85FDNmD65kY2A\/edit?usp=sharing\">aqu\u00ed<\/a>. <\/span><\/p>\n<p style=\"text-align: justify\">A continuaci\u00f3n, se ofrecen una serie de<strong> recursos y materiales<\/strong> para que os pong\u00e1is en marcha:<\/p>\n<p><a href=\"https:\/\/www.youtube.com\/watch?v=YxcHAmTTWw0\" target=\"_blank\" rel=\"noopener noreferrer\">Tutorial a-Una<\/a><\/p>\n<p><a href=\"https:\/\/view.genial.ly\/60377f3e93a0ec0d21f5df92\/horizontal-infographic-review-equipo-a-una\" target=\"_blank\" rel=\"noopener noreferrer\">Presentaci\u00f3n en Genially<\/a><\/p>\n<p><a href=\"https:\/\/docs.google.com\/presentation\/d\/1QJnQjWXdtF9lJsKADqEOkUutFH-F_s8u0mGSGZacHqI\/edit?usp=sharing\" target=\"_blank\" rel=\"noopener noreferrer\">Ejemplo de Cuaderno a-Una<\/a><\/p>\n<p><a href=\"https:\/\/docs.google.com\/presentation\/d\/1lskEiaNs8sTeNCxSzJbwAF0aGe_fR-ozs7mYAMut1zw\/edit?usp=sharing\" target=\"_blank\" rel=\"noopener noreferrer\">Cuaderno a-Una editable (hacer copia para editar)<\/a><\/p>\n<p><a href=\"https:\/\/drive.google.com\/drive\/folders\/1LXxe6Dq7kqhc521NCNfRj2mNPwJdQzul?usp=sharing\" target=\"_blank\" rel=\"noopener noreferrer\">Ejemplos Cuadernos a-Una<\/a><\/p>\n<p><a href=\"https:\/\/miro.com\/app\/board\/o9J_lQIhaUM=\/?invite_link_id=606925299517\" target=\"_blank\" rel=\"noopener noreferrer\"><strong><em>Miro a-Una (materiales y ejemplos Centros a-Una)<\/em><\/strong><\/a><\/p>\n<p style=\"text-align: center\"><strong>Contacto &#8211; Enlaces a los Planes y Programas de Innovaci\u00f3n<\/strong><\/p>\n<p>&nbsp;<\/p>\n<table style=\"border-collapse: collapse;width: 100%\">\n<tbody>\n<tr>\n<td style=\"width: 50%;text-align: center;border-color: #0d7312;background-color: #0a7014\"><span style=\"color: #ffffff;font-family: helvetica, arial, sans-serif\"><strong>ACTUALIDAD<\/strong><\/span><\/td>\n<td style=\"width: 50%;text-align: center;border-color: #0d7312;background-color: #0a7014\"><span style=\"color: #ffffff;font-family: helvetica, arial, sans-serif\"><strong>EXPERIENCIAS DE CENTROS<\/strong><\/span><\/td>\n<\/tr>\n<tr>\n<td style=\"width: 50%\"><img loading=\"lazy\" decoding=\"async\" class=\"wp-image-1188 aligncenter\" src=\"https:\/\/blogsaverroes.juntadeandalucia.es\/delegacioneducaciongranada\/files\/2020\/11\/magnifying-glass-97588_1280-300x293.png\" alt=\"\" width=\"180\" height=\"175\" srcset=\"https:\/\/blogsaverroes.juntadeandalucia.es\/delegacioneducaciongranada\/files\/2020\/11\/magnifying-glass-97588_1280-300x293.png 300w, https:\/\/blogsaverroes.juntadeandalucia.es\/delegacioneducaciongranada\/files\/2020\/11\/magnifying-glass-97588_1280-1024x1002.png 1024w, https:\/\/blogsaverroes.juntadeandalucia.es\/delegacioneducaciongranada\/files\/2020\/11\/magnifying-glass-97588_1280-768x751.png 768w, https:\/\/blogsaverroes.juntadeandalucia.es\/delegacioneducaciongranada\/files\/2020\/11\/magnifying-glass-97588_1280-24x24.png 24w, https:\/\/blogsaverroes.juntadeandalucia.es\/delegacioneducaciongranada\/files\/2020\/11\/magnifying-glass-97588_1280-36x36.png 36w, https:\/\/blogsaverroes.juntadeandalucia.es\/delegacioneducaciongranada\/files\/2020\/11\/magnifying-glass-97588_1280-48x48.png 48w, https:\/\/blogsaverroes.juntadeandalucia.es\/delegacioneducaciongranada\/files\/2020\/11\/magnifying-glass-97588_1280.png 1280w\" sizes=\"(max-width: 180px) 100vw, 180px\" \/><\/td>\n<td style=\"width: 50%\"><img loading=\"lazy\" decoding=\"async\" class=\" wp-image-1191 aligncenter\" src=\"https:\/\/blogsaverroes.juntadeandalucia.es\/delegacioneducaciongranada\/files\/2020\/11\/alphabet-word-images-1296212_1280-1-189x300.png\" alt=\"\" width=\"110\" height=\"175\" srcset=\"https:\/\/blogsaverroes.juntadeandalucia.es\/delegacioneducaciongranada\/files\/2020\/11\/alphabet-word-images-1296212_1280-1-189x300.png 189w, https:\/\/blogsaverroes.juntadeandalucia.es\/delegacioneducaciongranada\/files\/2020\/11\/alphabet-word-images-1296212_1280-1-15x24.png 15w, https:\/\/blogsaverroes.juntadeandalucia.es\/delegacioneducaciongranada\/files\/2020\/11\/alphabet-word-images-1296212_1280-1-23x36.png 23w, https:\/\/blogsaverroes.juntadeandalucia.es\/delegacioneducaciongranada\/files\/2020\/11\/alphabet-word-images-1296212_1280-1-30x48.png 30w, https:\/\/blogsaverroes.juntadeandalucia.es\/delegacioneducaciongranada\/files\/2020\/11\/alphabet-word-images-1296212_1280-1.png 604w\" sizes=\"(max-width: 110px) 100vw, 110px\" \/><\/td>\n<\/tr>\n<\/tbody>\n<\/table>\n","protected":false},"excerpt":{"rendered":"<p>Equipo de apoyo a-Una en Delegaci\u00f3n &nbsp; Con aUna, se pretende impulsar una estrategia metodol\u00f3gica colaborativa, a trav\u00e9s de los distintos Planes Educativos y Programas para la Innovaci\u00f3n que se desarrollan en los centros.&#46;&#46;&#46;<\/p>\n","protected":false},"author":8180,"featured_media":0,"parent":997,"menu_order":0,"comment_status":"closed","ping_status":"closed","template":"","meta":{"ngg_post_thumbnail":0,"footnotes":""},"aioseo_notices":[],"_links":{"self":[{"href":"https:\/\/blogsaverroes.juntadeandalucia.es\/delegacioneducaciongranada\/wp-json\/wp\/v2\/pages\/1019"}],"collection":[{"href":"https:\/\/blogsaverroes.juntadeandalucia.es\/delegacioneducaciongranada\/wp-json\/wp\/v2\/pages"}],"about":[{"href":"https:\/\/blogsaverroes.juntadeandalucia.es\/delegacioneducaciongranada\/wp-json\/wp\/v2\/types\/page"}],"author":[{"embeddable":true,"href":"https:\/\/blogsaverroes.juntadeandalucia.es\/delegacioneducaciongranada\/wp-json\/wp\/v2\/users\/8180"}],"replies":[{"embeddable":true,"href":"https:\/\/blogsaverroes.juntadeandalucia.es\/delegacioneducaciongranada\/wp-json\/wp\/v2\/comments?post=1019"}],"version-history":[{"count":42,"href":"https:\/\/blogsaverroes.juntadeandalucia.es\/delegacioneducaciongranada\/wp-json\/wp\/v2\/pages\/1019\/revisions"}],"predecessor-version":[{"id":3986,"href":"https:\/\/blogsaverroes.juntadeandalucia.es\/delegacioneducaciongranada\/wp-json\/wp\/v2\/pages\/1019\/revisions\/3986"}],"up":[{"embeddable":true,"href":"https:\/\/blogsaverroes.juntadeandalucia.es\/delegacioneducaciongranada\/wp-json\/wp\/v2\/pages\/997"}],"wp:attachment":[{"href":"https:\/\/blogsaverroes.juntadeandalucia.es\/delegacioneducaciongranada\/wp-json\/wp\/v2\/media?parent=1019"}],"curies":[{"name":"wp","href":"https:\/\/api.w.org\/{rel}","templated":true}]}}