{"id":1044,"date":"2020-11-24T11:50:51","date_gmt":"2020-11-24T10:50:51","guid":{"rendered":"https:\/\/blogsaverroes.juntadeandalucia.es\/delegacioneducaciongranada\/?page_id=1044"},"modified":"2024-09-16T11:04:45","modified_gmt":"2024-09-16T09:04:45","slug":"comunica","status":"publish","type":"page","link":"https:\/\/blogsaverroes.juntadeandalucia.es\/delegacioneducaciongranada\/planes-y-programas\/comunica\/","title":{"rendered":"ComunicA"},"content":{"rendered":"<p style=\"text-align: justify\"><b><img loading=\"lazy\" decoding=\"async\" class=\" wp-image-1004 alignleft\" src=\"https:\/\/blogsaverroes.juntadeandalucia.es\/delegacioneducaciongranada\/files\/2020\/11\/unnamed-11.png\" alt=\"\" width=\"287\" height=\"75\" srcset=\"https:\/\/blogsaverroes.juntadeandalucia.es\/delegacioneducaciongranada\/files\/2020\/11\/unnamed-11.png 620w, https:\/\/blogsaverroes.juntadeandalucia.es\/delegacioneducaciongranada\/files\/2020\/11\/unnamed-11-300x78.png 300w, https:\/\/blogsaverroes.juntadeandalucia.es\/delegacioneducaciongranada\/files\/2020\/11\/unnamed-11-24x6.png 24w, https:\/\/blogsaverroes.juntadeandalucia.es\/delegacioneducaciongranada\/files\/2020\/11\/unnamed-11-36x9.png 36w, https:\/\/blogsaverroes.juntadeandalucia.es\/delegacioneducaciongranada\/files\/2020\/11\/unnamed-11-48x13.png 48w\" sizes=\"(max-width: 287px) 100vw, 287px\" \/>ComunicA<\/b> es un programa para la innovaci\u00f3n educativa que <b>pretende responder a la compleja<\/b> <b>situaci\u00f3n actual de los procesos de ense\u00f1anza y aprendizaje<\/b>, a saber: alumnado que lee en formatos distintos y cambiantes; que escribe textos de distinta construcci\u00f3n y con diversas finalidades, que comienza a aprender la lengua extranjera a edades tempranas; que interact\u00faa en canales multimedia y en contextos individuales y sociales; que se conecta a las nuevas tecnolog\u00edas y establece comunicaci\u00f3n digital.<\/p>\n<p style=\"text-align: justify\"><b>Ofrece estrategias y recursos<\/b> metodol\u00f3gicos que puedan <b>complementar el curr\u00edculum <\/b>escolar. El Programa tiene como <b>prioridad<\/b>:<\/p>\n<ul style=\"text-align: justify\">\n<li>La <b>mejora <\/b>de la competencia en <b>comunicaci\u00f3n ling\u00fc\u00edstica<\/b> del alumnado.<\/li>\n<li>El <b>disfrute de la lectura<\/b> en el aula.<\/li>\n<li>El <b>desarrollo<\/b> de otras <b>competencias clave<\/b> como la Competencia digital, Aprender a aprender, Competencias sociales y c\u00edvicas o Conciencia y expresiones culturales.<\/li>\n<li>Ofrecer una <b>visi\u00f3n integradora de las tipolog\u00edas textuale<\/b>s como manifestaci\u00f3n cultural, ling\u00fc\u00edstica, est\u00e9tica, social, \u00e9tica e individual que se vinculan con las competencias clave y las nuevas metodolog\u00edas educativas.<\/li>\n<\/ul>\n<p style=\"text-align: justify\"><strong>Datos de contacto:<\/strong><\/p>\n<p>Nombre: **<\/p>\n<p>Tlfno:&nbsp; 958 024534&nbsp;&nbsp; Corp: 124534<\/p>\n<p>Email: **<\/p>\n<p><strong>Enlaces:<\/strong><\/p>\n<p>PORTAL&nbsp;&nbsp;<u><\/u><\/p>\n<p><a href=\"https:\/\/www.juntadeandalucia.es\/educacion\/portals\/web\/lecturas-bibliotecas-escolares\/lectura\" target=\"_blank\" rel=\"noopener noreferrer\"><u>https:\/\/www.juntadeandalucia.es\/educacion\/portals\/web\/lecturas-bibliotecas-escolares\/lectura<\/u><\/a><\/p>\n<p>MOODLE<\/p>\n<p><u><a href=\"https:\/\/educacionadistancia.juntadeandalucia.es\/profesorado\/course\/view.php?id=7512\" target=\"_blank\" rel=\"noopener noreferrer\">https:\/\/educacionadistancia.juntadeandalucia.es\/profesorado\/course\/view.php?id=7512<\/a><\/u><\/p>\n<table style=\"border-collapse: collapse;width: 100%\">\n<tbody>\n<tr>\n<td style=\"width: 50%;text-align: center;border-color: #0d7312;background-color: #0a7014\"><span style=\"color: #ffffff;font-family: helvetica, arial, sans-serif\"><strong>ACTUALIDAD<\/strong><\/span><\/td>\n<td style=\"width: 50%;text-align: center;border-color: #0d7312;background-color: #0a7014\"><span style=\"color: #ffffff;font-family: helvetica, arial, sans-serif\"><strong>EXPERIENCIAS DE CENTROS<\/strong><\/span><\/td>\n<\/tr>\n<tr>\n<td style=\"width: 50%\"><img loading=\"lazy\" decoding=\"async\" class=\"wp-image-1188 aligncenter\" src=\"https:\/\/blogsaverroes.juntadeandalucia.es\/delegacioneducaciongranada\/files\/2020\/11\/magnifying-glass-97588_1280-300x293.png\" alt=\"\" width=\"180\" height=\"175\" srcset=\"https:\/\/blogsaverroes.juntadeandalucia.es\/delegacioneducaciongranada\/files\/2020\/11\/magnifying-glass-97588_1280-300x293.png 300w, https:\/\/blogsaverroes.juntadeandalucia.es\/delegacioneducaciongranada\/files\/2020\/11\/magnifying-glass-97588_1280-1024x1002.png 1024w, https:\/\/blogsaverroes.juntadeandalucia.es\/delegacioneducaciongranada\/files\/2020\/11\/magnifying-glass-97588_1280-768x751.png 768w, https:\/\/blogsaverroes.juntadeandalucia.es\/delegacioneducaciongranada\/files\/2020\/11\/magnifying-glass-97588_1280-24x24.png 24w, https:\/\/blogsaverroes.juntadeandalucia.es\/delegacioneducaciongranada\/files\/2020\/11\/magnifying-glass-97588_1280-36x36.png 36w, https:\/\/blogsaverroes.juntadeandalucia.es\/delegacioneducaciongranada\/files\/2020\/11\/magnifying-glass-97588_1280-48x48.png 48w, https:\/\/blogsaverroes.juntadeandalucia.es\/delegacioneducaciongranada\/files\/2020\/11\/magnifying-glass-97588_1280.png 1280w\" sizes=\"(max-width: 180px) 100vw, 180px\" \/><\/td>\n<td style=\"width: 50%\"><img loading=\"lazy\" decoding=\"async\" class=\" wp-image-1191 aligncenter\" src=\"https:\/\/blogsaverroes.juntadeandalucia.es\/delegacioneducaciongranada\/files\/2020\/11\/alphabet-word-images-1296212_1280-1-189x300.png\" alt=\"\" width=\"110\" height=\"175\" srcset=\"https:\/\/blogsaverroes.juntadeandalucia.es\/delegacioneducaciongranada\/files\/2020\/11\/alphabet-word-images-1296212_1280-1-189x300.png 189w, https:\/\/blogsaverroes.juntadeandalucia.es\/delegacioneducaciongranada\/files\/2020\/11\/alphabet-word-images-1296212_1280-1-15x24.png 15w, https:\/\/blogsaverroes.juntadeandalucia.es\/delegacioneducaciongranada\/files\/2020\/11\/alphabet-word-images-1296212_1280-1-23x36.png 23w, https:\/\/blogsaverroes.juntadeandalucia.es\/delegacioneducaciongranada\/files\/2020\/11\/alphabet-word-images-1296212_1280-1-30x48.png 30w, https:\/\/blogsaverroes.juntadeandalucia.es\/delegacioneducaciongranada\/files\/2020\/11\/alphabet-word-images-1296212_1280-1.png 604w\" sizes=\"(max-width: 110px) 100vw, 110px\" \/><\/td>\n<\/tr>\n<\/tbody>\n<\/table>\n","protected":false},"excerpt":{"rendered":"<p>ComunicA es un programa para la innovaci\u00f3n educativa que pretende responder a la compleja situaci\u00f3n actual de los procesos de ense\u00f1anza y aprendizaje, a saber: alumnado que lee en formatos distintos y cambiantes; que&#46;&#46;&#46;<\/p>\n","protected":false},"author":8180,"featured_media":0,"parent":997,"menu_order":0,"comment_status":"closed","ping_status":"closed","template":"","meta":{"ngg_post_thumbnail":0,"footnotes":""},"aioseo_notices":[],"_links":{"self":[{"href":"https:\/\/blogsaverroes.juntadeandalucia.es\/delegacioneducaciongranada\/wp-json\/wp\/v2\/pages\/1044"}],"collection":[{"href":"https:\/\/blogsaverroes.juntadeandalucia.es\/delegacioneducaciongranada\/wp-json\/wp\/v2\/pages"}],"about":[{"href":"https:\/\/blogsaverroes.juntadeandalucia.es\/delegacioneducaciongranada\/wp-json\/wp\/v2\/types\/page"}],"author":[{"embeddable":true,"href":"https:\/\/blogsaverroes.juntadeandalucia.es\/delegacioneducaciongranada\/wp-json\/wp\/v2\/users\/8180"}],"replies":[{"embeddable":true,"href":"https:\/\/blogsaverroes.juntadeandalucia.es\/delegacioneducaciongranada\/wp-json\/wp\/v2\/comments?post=1044"}],"version-history":[{"count":9,"href":"https:\/\/blogsaverroes.juntadeandalucia.es\/delegacioneducaciongranada\/wp-json\/wp\/v2\/pages\/1044\/revisions"}],"predecessor-version":[{"id":3976,"href":"https:\/\/blogsaverroes.juntadeandalucia.es\/delegacioneducaciongranada\/wp-json\/wp\/v2\/pages\/1044\/revisions\/3976"}],"up":[{"embeddable":true,"href":"https:\/\/blogsaverroes.juntadeandalucia.es\/delegacioneducaciongranada\/wp-json\/wp\/v2\/pages\/997"}],"wp:attachment":[{"href":"https:\/\/blogsaverroes.juntadeandalucia.es\/delegacioneducaciongranada\/wp-json\/wp\/v2\/media?parent=1044"}],"curies":[{"name":"wp","href":"https:\/\/api.w.org\/{rel}","templated":true}]}}

<p style="text-align: justify"><b><img loading="lazy" decoding="async" class=" wp-image-1004 alignleft" src="https://blogsaverroes.juntadeandalucia.es/delegacioneducaciongranada/files/2020/11/unnamed-11.png" alt="" width="287" height="75" srcset="https://blogsaverroes.juntadeandalucia.es/delegacioneducaciongranada/files/2020/11/unnamed-11.png 620w, https://blogsaverroes.juntadeandalucia.es/delegacioneducaciongranada/files/2020/11/unnamed-11-300x78.png 300w, https://blogsaverroes.juntadeandalucia.es/delegacioneducaciongranada/files/2020/11/unnamed-11-24x6.png 24w, https://blogsaverroes.juntadeandalucia.es/delegacioneducaciongranada/files/2020/11/unnamed-11-36x9.png 36w, https://blogsaverroes.juntadeandalucia.es/delegacioneducaciongranada/files/2020/11/unnamed-11-48x13.png 48w" sizes="(max-width: 287px) 100vw, 287px" />ComunicA</b> es un programa para la innovación educativa que <b>pretende responder a la compleja</b> <b>situación actual de los procesos de enseñanza y aprendizaje</b>, a saber: alumnado que lee en formatos distintos y cambiantes; que escribe textos de distinta construcción y con diversas finalidades, que comienza a aprender la lengua extranjera a edades tempranas; que interactúa en canales multimedia y en contextos individuales y sociales; que se conecta a las nuevas tecnologías y establece comunicación digital.</p>
<p style="text-align: justify"><b>Ofrece estrategias y recursos</b> metodológicos que puedan <b>complementar el currículum </b>escolar. El Programa tiene como <b>prioridad</b>:</p>
<ul style="text-align: justify">
<li>La <b>mejora </b>de la competencia en <b>comunicación lingüística</b> del alumnado.</li>
<li>El <b>disfrute de la lectura</b> en el aula.</li>
<li>El <b>desarrollo</b> de otras <b>competencias clave</b> como la Competencia digital, Aprender a aprender, Competencias sociales y cívicas o Conciencia y expresiones culturales.</li>
<li>Ofrecer una <b>visión integradora de las tipologías textuale</b>s como manifestación cultural, lingüística, estética, social, ética e individual que se vinculan con las competencias clave y las nuevas metodologías educativas.</li>
</ul>
<p style="text-align: justify"><strong>Datos de contacto:</strong></p>
<p>Nombre: **</p>
<p>Tlfno:&nbsp; 958 024534&nbsp;&nbsp; Corp: 124534</p>
<p>Email: **</p>
<p><strong>Enlaces:</strong></p>
<p>PORTAL&nbsp;&nbsp;<u></u></p>
<p><a href="https://www.juntadeandalucia.es/educacion/portals/web/lecturas-bibliotecas-escolares/lectura" target="_blank" rel="noopener noreferrer"><u>https://www.juntadeandalucia.es/educacion/portals/web/lecturas-bibliotecas-escolares/lectura</u></a></p>
<p>MOODLE</p>
<p><u><a href="https://educacionadistancia.juntadeandalucia.es/profesorado/course/view.php?id=7512" target="_blank" rel="noopener noreferrer">https://educacionadistancia.juntadeandalucia.es/profesorado/course/view.php?id=7512</a></u></p>
<table style="border-collapse: collapse;width: 100%">
<tbody>
<tr>
<td style="width: 50%;text-align: center;border-color: #0d7312;background-color: #0a7014"><span style="color: #ffffff;font-family: helvetica, arial, sans-serif"><strong>ACTUALIDAD</strong></span></td>
<td style="width: 50%;text-align: center;border-color: #0d7312;background-color: #0a7014"><span style="color: #ffffff;font-family: helvetica, arial, sans-serif"><strong>EXPERIENCIAS DE CENTROS</strong></span></td>
</tr>
<tr>
<td style="width: 50%"><img loading="lazy" decoding="async" class="wp-image-1188 aligncenter" src="https://blogsaverroes.juntadeandalucia.es/delegacioneducaciongranada/files/2020/11/magnifying-glass-97588_1280-300x293.png" alt="" width="180" height="175" srcset="https://blogsaverroes.juntadeandalucia.es/delegacioneducaciongranada/files/2020/11/magnifying-glass-97588_1280-300x293.png 300w, https://blogsaverroes.juntadeandalucia.es/delegacioneducaciongranada/files/2020/11/magnifying-glass-97588_1280-1024x1002.png 1024w, https://blogsaverroes.juntadeandalucia.es/delegacioneducaciongranada/files/2020/11/magnifying-glass-97588_1280-768x751.png 768w, https://blogsaverroes.juntadeandalucia.es/delegacioneducaciongranada/files/2020/11/magnifying-glass-97588_1280-24x24.png 24w, https://blogsaverroes.juntadeandalucia.es/delegacioneducaciongranada/files/2020/11/magnifying-glass-97588_1280-36x36.png 36w, https://blogsaverroes.juntadeandalucia.es/delegacioneducaciongranada/files/2020/11/magnifying-glass-97588_1280-48x48.png 48w, https://blogsaverroes.juntadeandalucia.es/delegacioneducaciongranada/files/2020/11/magnifying-glass-97588_1280.png 1280w" sizes="(max-width: 180px) 100vw, 180px" /></td>
<td style="width: 50%"><img loading="lazy" decoding="async" class=" wp-image-1191 aligncenter" src="https://blogsaverroes.juntadeandalucia.es/delegacioneducaciongranada/files/2020/11/alphabet-word-images-1296212_1280-1-189x300.png" alt="" width="110" height="175" srcset="https://blogsaverroes.juntadeandalucia.es/delegacioneducaciongranada/files/2020/11/alphabet-word-images-1296212_1280-1-189x300.png 189w, https://blogsaverroes.juntadeandalucia.es/delegacioneducaciongranada/files/2020/11/alphabet-word-images-1296212_1280-1-15x24.png 15w, https://blogsaverroes.juntadeandalucia.es/delegacioneducaciongranada/files/2020/11/alphabet-word-images-1296212_1280-1-23x36.png 23w, https://blogsaverroes.juntadeandalucia.es/delegacioneducaciongranada/files/2020/11/alphabet-word-images-1296212_1280-1-30x48.png 30w, https://blogsaverroes.juntadeandalucia.es/delegacioneducaciongranada/files/2020/11/alphabet-word-images-1296212_1280-1.png 604w" sizes="(max-width: 110px) 100vw, 110px" /></td>
</tr>
</tbody>
</table>

<p>ComunicA es un programa para la innovación educativa que pretende responder a la compleja situación actual de los procesos de enseñanza y aprendizaje, a saber: alumnado que lee en formatos distintos y cambiantes; que&#46;&#46;&#46;</p>
