{"id":1048,"date":"2020-11-24T11:53:17","date_gmt":"2020-11-24T10:53:17","guid":{"rendered":"https:\/\/blogsaverroes.juntadeandalucia.es\/delegacioneducaciongranada\/?page_id=1048"},"modified":"2024-09-16T11:08:41","modified_gmt":"2024-09-16T09:08:41","slug":"aldea-educacion-ambiental","status":"publish","type":"page","link":"https:\/\/blogsaverroes.juntadeandalucia.es\/delegacioneducaciongranada\/planes-y-programas\/aldea-educacion-ambiental\/","title":{"rendered":"Aldea (Educaci\u00f3n Ambiental)"},"content":{"rendered":"<p><img loading=\"lazy\" decoding=\"async\" class=\"size-full wp-image-1006 alignleft\" src=\"https:\/\/blogsaverroes.juntadeandalucia.es\/delegacioneducaciongranada\/files\/2020\/11\/unnamed-10.png\" alt=\"\" width=\"270\" height=\"174\" srcset=\"https:\/\/blogsaverroes.juntadeandalucia.es\/delegacioneducaciongranada\/files\/2020\/11\/unnamed-10.png 270w, https:\/\/blogsaverroes.juntadeandalucia.es\/delegacioneducaciongranada\/files\/2020\/11\/unnamed-10-24x15.png 24w, https:\/\/blogsaverroes.juntadeandalucia.es\/delegacioneducaciongranada\/files\/2020\/11\/unnamed-10-36x23.png 36w, https:\/\/blogsaverroes.juntadeandalucia.es\/delegacioneducaciongranada\/files\/2020\/11\/unnamed-10-48x31.png 48w\" sizes=\"(max-width: 270px) 100vw, 270px\" \/><\/p>\n<p style=\"text-align: justify\">La Consejer\u00eda de Educaci\u00f3n y Deporte y la Consejer\u00eda de Agricultura, Ganader\u00eda, Pesca y Desarrollo Sostenible ponen a disposici\u00f3n del sistema educativo andaluz el Programa Aldea, Educaci\u00f3n Ambiental para la Comunidad Educativa con el objetivo de promover el desarrollo integrado de iniciativas de educaci\u00f3n para la<strong> conservaci\u00f3n de los recursos naturales y el fomento del desarrollo sostenible en el \u00e1mbito de la comunidad educativa andaluza<\/strong>, al objeto de contribuir a una sociedad m\u00e1s proambiental, justa y solidaria, permitiendo el logro de una educaci\u00f3n integral, que comparte y se asienta en los cuatro pilares educativos que propone la UNESCO: Aprender a ser \/ Aprender a convivir \/ Aprender a conocer \/ Aprender a hacer.<\/p>\n<p style=\"text-align: justify\">Aldea, Educaci\u00f3n Ambiental para la Comunidad Educativa se configura como una herramienta para favorecer el desarrollo de las competencias clave del alumnado, el intercambio de experiencias educativas, el trabajo en equipo, la creaci\u00f3n de redes profesionales, el trabajo por proyectos u otras metodolog\u00edas activas e innovadoras que propicien, en definitiva, un cambio en conductas ambientales con nuestro entorno y que incida en la pr\u00e1ctica educativa diaria.<\/p>\n<p>Este programa se vertebra en <span style=\"text-decoration: underline\">dos<\/span> modalidades:<\/p>\n<ul>\n<li><strong>Red andaluza de Ecoescuelas (Modalidad A) <\/strong><\/li>\n<li><strong>Educaci\u00f3n ambiental para la sostenibilidad (Modalidad B)<\/strong><\/li>\n<\/ul>\n<p>Los bloques tem\u00e1ticos o l\u00edneas de intervenci\u00f3n de la Modalidad B son: Conservaci\u00f3n y mejora de la biodiversidad, Ecohuerto, Ecosistemas forestales y flora silvestre, Impacto del cambio clim\u00e1tico en el medio natural y social, Medio litoral y entorno marino, Recapacicla (educaci\u00f3n para la circularidad)<\/p>\n<p><strong>Datos<\/strong><b> de contacto<\/b>:<\/p>\n<p>Nombre:<\/p>\n<p><strong>Tlfno<\/strong>:&nbsp; 958 029009&nbsp; &nbsp; <strong>Corp<\/strong>: 129 009<\/p>\n<p>Email:<\/p>\n<p><b>Enlaces<\/b>:<\/p>\n<p>PORTAL:<\/p>\n<p><a href=\"https:\/\/www.juntadeandalucia.es\/educacion\/portals\/web\/aldea\/programa-aldea\" target=\"_blank\" rel=\"noopener noreferrer\">https:\/\/www.juntadeandalucia.es\/educacion\/portals\/web\/aldea\/programa-aldea<\/a><\/p>\n<p><a href=\"http:\/\/www.cma.junta-andalucia.es\/medioambiente\/site\/portalweb\/menuitem.220de8226575045b25f09a105510e1ca\/?vgnextoid=dabed756d6359310VgnVCM1000001325e50aRCRD&amp;vgnextchannel=f34be156217d4310VgnVCM2000000624e50aRCRD\" target=\"_blank\" rel=\"noopener noreferrer\">Enlace ALDEA (Web Consejer\u00eda de Agricultura, Ganader\u00eda, Pesca y Desarrollo Sostenible)<\/a><\/p>\n<p>MOODLE:<\/p>\n<ul style=\"list-style-type: disc\">\n<li>Aldea A<\/li>\n<\/ul>\n<p><a href=\"https:\/\/educacionadistancia.juntadeandalucia.es\/profesorado\/course\/view.php?id=7653\">https:\/\/educacionadistancia.juntadeandalucia.es\/profesorado\/course\/view.php?id=7653<\/a><\/p>\n<ul style=\"list-style-type: disc\">\n<li>Aldea B<\/li>\n<\/ul>\n<p><a href=\"https:\/\/educacionadistancia.juntadeandalucia.es\/profesorado\/course\/view.php?id=7773\">https:\/\/educacionadistancia.juntadeandalucia.es\/profesorado\/course\/view.php?id=7773<\/a><\/p>\n<table style=\"border-collapse: collapse;width: 100%\">\n<tbody>\n<tr>\n<td style=\"width: 50%;text-align: center;border-color: #0d7312;background-color: #0a7014\"><a href=\"https:\/\/blogsaverroes.juntadeandalucia.es\/delegacioneducaciongranada\/category\/planes-y-programas\/aldea-educacion-ambiental\/\" target=\"_blank\" rel=\"noopener noreferrer\"><span style=\"color: #ffffff;font-family: helvetica, arial, sans-serif\"><strong>ACTUALIDAD<\/strong><\/span><\/a><\/td>\n<td style=\"width: 50%;text-align: center;border-color: #0d7312;background-color: #0a7014\"><a href=\"https:\/\/blogsaverroes.juntadeandalucia.es\/delegacioneducaciongranada\/category\/planes-y-programas\/aldea-educacion-ambiental\/\" target=\"_blank\" rel=\"noopener noreferrer\"><span style=\"color: #ffffff;font-family: helvetica, arial, sans-serif\"><strong>EXPERIENCIAS DE CENTROS<\/strong><\/span><\/a><\/td>\n<\/tr>\n<tr>\n<td style=\"width: 50%\"><a href=\"https:\/\/blogsaverroes.juntadeandalucia.es\/delegacioneducaciongranada\/category\/planes-y-programas\/aldea-educacion-ambiental\/\" target=\"_blank\" rel=\"noopener noreferrer\"><img loading=\"lazy\" decoding=\"async\" class=\"wp-image-1188 aligncenter\" src=\"https:\/\/blogsaverroes.juntadeandalucia.es\/delegacioneducaciongranada\/files\/2020\/11\/magnifying-glass-97588_1280-300x293.png\" alt=\"\" width=\"180\" height=\"175\" srcset=\"https:\/\/blogsaverroes.juntadeandalucia.es\/delegacioneducaciongranada\/files\/2020\/11\/magnifying-glass-97588_1280-300x293.png 300w, https:\/\/blogsaverroes.juntadeandalucia.es\/delegacioneducaciongranada\/files\/2020\/11\/magnifying-glass-97588_1280-1024x1002.png 1024w, https:\/\/blogsaverroes.juntadeandalucia.es\/delegacioneducaciongranada\/files\/2020\/11\/magnifying-glass-97588_1280-768x751.png 768w, https:\/\/blogsaverroes.juntadeandalucia.es\/delegacioneducaciongranada\/files\/2020\/11\/magnifying-glass-97588_1280-24x24.png 24w, https:\/\/blogsaverroes.juntadeandalucia.es\/delegacioneducaciongranada\/files\/2020\/11\/magnifying-glass-97588_1280-36x36.png 36w, https:\/\/blogsaverroes.juntadeandalucia.es\/delegacioneducaciongranada\/files\/2020\/11\/magnifying-glass-97588_1280-48x48.png 48w, https:\/\/blogsaverroes.juntadeandalucia.es\/delegacioneducaciongranada\/files\/2020\/11\/magnifying-glass-97588_1280.png 1280w\" sizes=\"(max-width: 180px) 100vw, 180px\" \/><\/a><\/td>\n<td style=\"width: 50%\"><a href=\"https:\/\/blogsaverroes.juntadeandalucia.es\/delegacioneducaciongranada\/category\/planes-y-programas\/aldea-educacion-ambiental\/\" target=\"_blank\" rel=\"noopener noreferrer\"><img loading=\"lazy\" decoding=\"async\" class=\" wp-image-1191 aligncenter\" src=\"https:\/\/blogsaverroes.juntadeandalucia.es\/delegacioneducaciongranada\/files\/2020\/11\/alphabet-word-images-1296212_1280-1-189x300.png\" alt=\"\" width=\"110\" height=\"175\" srcset=\"https:\/\/blogsaverroes.juntadeandalucia.es\/delegacioneducaciongranada\/files\/2020\/11\/alphabet-word-images-1296212_1280-1-189x300.png 189w, https:\/\/blogsaverroes.juntadeandalucia.es\/delegacioneducaciongranada\/files\/2020\/11\/alphabet-word-images-1296212_1280-1-15x24.png 15w, https:\/\/blogsaverroes.juntadeandalucia.es\/delegacioneducaciongranada\/files\/2020\/11\/alphabet-word-images-1296212_1280-1-23x36.png 23w, https:\/\/blogsaverroes.juntadeandalucia.es\/delegacioneducaciongranada\/files\/2020\/11\/alphabet-word-images-1296212_1280-1-30x48.png 30w, https:\/\/blogsaverroes.juntadeandalucia.es\/delegacioneducaciongranada\/files\/2020\/11\/alphabet-word-images-1296212_1280-1.png 604w\" sizes=\"(max-width: 110px) 100vw, 110px\" \/><\/a><\/td>\n<\/tr>\n<\/tbody>\n<\/table>\n","protected":false},"excerpt":{"rendered":"<p>La Consejer\u00eda de Educaci\u00f3n y Deporte y la Consejer\u00eda de Agricultura, Ganader\u00eda, Pesca y Desarrollo Sostenible ponen a disposici\u00f3n del sistema educativo andaluz el Programa Aldea, Educaci\u00f3n Ambiental para la Comunidad Educativa con el&#46;&#46;&#46;<\/p>\n","protected":false},"author":8180,"featured_media":0,"parent":997,"menu_order":0,"comment_status":"closed","ping_status":"closed","template":"","meta":{"ngg_post_thumbnail":0,"footnotes":""},"aioseo_notices":[],"_links":{"self":[{"href":"https:\/\/blogsaverroes.juntadeandalucia.es\/delegacioneducaciongranada\/wp-json\/wp\/v2\/pages\/1048"}],"collection":[{"href":"https:\/\/blogsaverroes.juntadeandalucia.es\/delegacioneducaciongranada\/wp-json\/wp\/v2\/pages"}],"about":[{"href":"https:\/\/blogsaverroes.juntadeandalucia.es\/delegacioneducaciongranada\/wp-json\/wp\/v2\/types\/page"}],"author":[{"embeddable":true,"href":"https:\/\/blogsaverroes.juntadeandalucia.es\/delegacioneducaciongranada\/wp-json\/wp\/v2\/users\/8180"}],"replies":[{"embeddable":true,"href":"https:\/\/blogsaverroes.juntadeandalucia.es\/delegacioneducaciongranada\/wp-json\/wp\/v2\/comments?post=1048"}],"version-history":[{"count":17,"href":"https:\/\/blogsaverroes.juntadeandalucia.es\/delegacioneducaciongranada\/wp-json\/wp\/v2\/pages\/1048\/revisions"}],"predecessor-version":[{"id":3977,"href":"https:\/\/blogsaverroes.juntadeandalucia.es\/delegacioneducaciongranada\/wp-json\/wp\/v2\/pages\/1048\/revisions\/3977"}],"up":[{"embeddable":true,"href":"https:\/\/blogsaverroes.juntadeandalucia.es\/delegacioneducaciongranada\/wp-json\/wp\/v2\/pages\/997"}],"wp:attachment":[{"href":"https:\/\/blogsaverroes.juntadeandalucia.es\/delegacioneducaciongranada\/wp-json\/wp\/v2\/media?parent=1048"}],"curies":[{"name":"wp","href":"https:\/\/api.w.org\/{rel}","templated":true}]}}

Aldea (Educación Ambiental)

<p><img loading="lazy" decoding="async" class="size-full wp-image-1006 alignleft" src="https://blogsaverroes.juntadeandalucia.es/delegacioneducaciongranada/files/2020/11/unnamed-10.png" alt="" width="270" height="174" srcset="https://blogsaverroes.juntadeandalucia.es/delegacioneducaciongranada/files/2020/11/unnamed-10.png 270w, https://blogsaverroes.juntadeandalucia.es/delegacioneducaciongranada/files/2020/11/unnamed-10-24x15.png 24w, https://blogsaverroes.juntadeandalucia.es/delegacioneducaciongranada/files/2020/11/unnamed-10-36x23.png 36w, https://blogsaverroes.juntadeandalucia.es/delegacioneducaciongranada/files/2020/11/unnamed-10-48x31.png 48w" sizes="(max-width: 270px) 100vw, 270px" /></p>
<p style="text-align: justify">La Consejería de Educación y Deporte y la Consejería de Agricultura, Ganadería, Pesca y Desarrollo Sostenible ponen a disposición del sistema educativo andaluz el Programa Aldea, Educación Ambiental para la Comunidad Educativa con el objetivo de promover el desarrollo integrado de iniciativas de educación para la<strong> conservación de los recursos naturales y el fomento del desarrollo sostenible en el ámbito de la comunidad educativa andaluza</strong>, al objeto de contribuir a una sociedad más proambiental, justa y solidaria, permitiendo el logro de una educación integral, que comparte y se asienta en los cuatro pilares educativos que propone la UNESCO: Aprender a ser / Aprender a convivir / Aprender a conocer / Aprender a hacer.</p>
<p style="text-align: justify">Aldea, Educación Ambiental para la Comunidad Educativa se configura como una herramienta para favorecer el desarrollo de las competencias clave del alumnado, el intercambio de experiencias educativas, el trabajo en equipo, la creación de redes profesionales, el trabajo por proyectos u otras metodologías activas e innovadoras que propicien, en definitiva, un cambio en conductas ambientales con nuestro entorno y que incida en la práctica educativa diaria.</p>
<p>Este programa se vertebra en <span style="text-decoration: underline">dos</span> modalidades:</p>
<ul>
<li><strong>Red andaluza de Ecoescuelas (Modalidad A) </strong></li>
<li><strong>Educación ambiental para la sostenibilidad (Modalidad B)</strong></li>
</ul>
<p>Los bloques temáticos o líneas de intervención de la Modalidad B son: Conservación y mejora de la biodiversidad, Ecohuerto, Ecosistemas forestales y flora silvestre, Impacto del cambio climático en el medio natural y social, Medio litoral y entorno marino, Recapacicla (educación para la circularidad)</p>
<p><strong>Datos</strong><b> de contacto</b>:</p>
<p>Nombre:</p>
<p><strong>Tlfno</strong>:&nbsp; 958 029009&nbsp; &nbsp; <strong>Corp</strong>: 129 009</p>
<p>Email:</p>
<p><b>Enlaces</b>:</p>
<p>PORTAL:</p>
<p><a href="https://www.juntadeandalucia.es/educacion/portals/web/aldea/programa-aldea" target="_blank" rel="noopener noreferrer">https://www.juntadeandalucia.es/educacion/portals/web/aldea/programa-aldea</a></p>
<p><a href="http://www.cma.junta-andalucia.es/medioambiente/site/portalweb/menuitem.220de8226575045b25f09a105510e1ca/?vgnextoid=dabed756d6359310VgnVCM1000001325e50aRCRD&amp;vgnextchannel=f34be156217d4310VgnVCM2000000624e50aRCRD" target="_blank" rel="noopener noreferrer">Enlace ALDEA (Web Consejería de Agricultura, Ganadería, Pesca y Desarrollo Sostenible)</a></p>
<p>MOODLE:</p>
<ul style="list-style-type: disc">
<li>Aldea A</li>
</ul>
<p><a href="https://educacionadistancia.juntadeandalucia.es/profesorado/course/view.php?id=7653">https://educacionadistancia.juntadeandalucia.es/profesorado/course/view.php?id=7653</a></p>
<ul style="list-style-type: disc">
<li>Aldea B</li>
</ul>
<p><a href="https://educacionadistancia.juntadeandalucia.es/profesorado/course/view.php?id=7773">https://educacionadistancia.juntadeandalucia.es/profesorado/course/view.php?id=7773</a></p>
<table style="border-collapse: collapse;width: 100%">
<tbody>
<tr>
<td style="width: 50%;text-align: center;border-color: #0d7312;background-color: #0a7014"><a href="https://blogsaverroes.juntadeandalucia.es/delegacioneducaciongranada/category/planes-y-programas/aldea-educacion-ambiental/" target="_blank" rel="noopener noreferrer"><span style="color: #ffffff;font-family: helvetica, arial, sans-serif"><strong>ACTUALIDAD</strong></span></a></td>
<td style="width: 50%;text-align: center;border-color: #0d7312;background-color: #0a7014"><a href="https://blogsaverroes.juntadeandalucia.es/delegacioneducaciongranada/category/planes-y-programas/aldea-educacion-ambiental/" target="_blank" rel="noopener noreferrer"><span style="color: #ffffff;font-family: helvetica, arial, sans-serif"><strong>EXPERIENCIAS DE CENTROS</strong></span></a></td>
</tr>
<tr>
<td style="width: 50%"><a href="https://blogsaverroes.juntadeandalucia.es/delegacioneducaciongranada/category/planes-y-programas/aldea-educacion-ambiental/" target="_blank" rel="noopener noreferrer"><img loading="lazy" decoding="async" class="wp-image-1188 aligncenter" src="https://blogsaverroes.juntadeandalucia.es/delegacioneducaciongranada/files/2020/11/magnifying-glass-97588_1280-300x293.png" alt="" width="180" height="175" srcset="https://blogsaverroes.juntadeandalucia.es/delegacioneducaciongranada/files/2020/11/magnifying-glass-97588_1280-300x293.png 300w, https://blogsaverroes.juntadeandalucia.es/delegacioneducaciongranada/files/2020/11/magnifying-glass-97588_1280-1024x1002.png 1024w, https://blogsaverroes.juntadeandalucia.es/delegacioneducaciongranada/files/2020/11/magnifying-glass-97588_1280-768x751.png 768w, https://blogsaverroes.juntadeandalucia.es/delegacioneducaciongranada/files/2020/11/magnifying-glass-97588_1280-24x24.png 24w, https://blogsaverroes.juntadeandalucia.es/delegacioneducaciongranada/files/2020/11/magnifying-glass-97588_1280-36x36.png 36w, https://blogsaverroes.juntadeandalucia.es/delegacioneducaciongranada/files/2020/11/magnifying-glass-97588_1280-48x48.png 48w, https://blogsaverroes.juntadeandalucia.es/delegacioneducaciongranada/files/2020/11/magnifying-glass-97588_1280.png 1280w" sizes="(max-width: 180px) 100vw, 180px" /></a></td>
<td style="width: 50%"><a href="https://blogsaverroes.juntadeandalucia.es/delegacioneducaciongranada/category/planes-y-programas/aldea-educacion-ambiental/" target="_blank" rel="noopener noreferrer"><img loading="lazy" decoding="async" class=" wp-image-1191 aligncenter" src="https://blogsaverroes.juntadeandalucia.es/delegacioneducaciongranada/files/2020/11/alphabet-word-images-1296212_1280-1-189x300.png" alt="" width="110" height="175" srcset="https://blogsaverroes.juntadeandalucia.es/delegacioneducaciongranada/files/2020/11/alphabet-word-images-1296212_1280-1-189x300.png 189w, https://blogsaverroes.juntadeandalucia.es/delegacioneducaciongranada/files/2020/11/alphabet-word-images-1296212_1280-1-15x24.png 15w, https://blogsaverroes.juntadeandalucia.es/delegacioneducaciongranada/files/2020/11/alphabet-word-images-1296212_1280-1-23x36.png 23w, https://blogsaverroes.juntadeandalucia.es/delegacioneducaciongranada/files/2020/11/alphabet-word-images-1296212_1280-1-30x48.png 30w, https://blogsaverroes.juntadeandalucia.es/delegacioneducaciongranada/files/2020/11/alphabet-word-images-1296212_1280-1.png 604w" sizes="(max-width: 110px) 100vw, 110px" /></a></td>
</tr>
</tbody>
</table>

<p>La Consejería de Educación y Deporte y la Consejería de Agricultura, Ganadería, Pesca y Desarrollo Sostenible ponen a disposición del sistema educativo andaluz el Programa Aldea, Educación Ambiental para la Comunidad Educativa con el&#46;&#46;&#46;</p>
