{"id":1050,"date":"2020-11-24T11:53:40","date_gmt":"2020-11-24T10:53:40","guid":{"rendered":"https:\/\/blogsaverroes.juntadeandalucia.es\/delegacioneducaciongranada\/?page_id=1050"},"modified":"2020-11-26T12:58:23","modified_gmt":"2020-11-26T11:58:23","slug":"vivir-y-sentir-el-patrimonio","status":"publish","type":"page","link":"https:\/\/blogsaverroes.juntadeandalucia.es\/delegacioneducaciongranada\/planes-y-programas\/vivir-y-sentir-el-patrimonio\/","title":{"rendered":"Vivir y Sentir el Patrimonio"},"content":{"rendered":"<p style=\"text-align: justify\"><a href=\"https:\/\/blogsaverroes.juntadeandalucia.es\/delegacioneducaciongranada\/files\/2020\/11\/unnamed-2-1.png\"><img loading=\"lazy\" decoding=\"async\" class=\" wp-image-1013 alignleft\" src=\"https:\/\/blogsaverroes.juntadeandalucia.es\/delegacioneducaciongranada\/files\/2020\/11\/unnamed-2-1.png\" alt=\"\" width=\"294\" height=\"83\" srcset=\"https:\/\/blogsaverroes.juntadeandalucia.es\/delegacioneducaciongranada\/files\/2020\/11\/unnamed-2-1.png 308w, https:\/\/blogsaverroes.juntadeandalucia.es\/delegacioneducaciongranada\/files\/2020\/11\/unnamed-2-1-300x85.png 300w, https:\/\/blogsaverroes.juntadeandalucia.es\/delegacioneducaciongranada\/files\/2020\/11\/unnamed-2-1-24x7.png 24w, https:\/\/blogsaverroes.juntadeandalucia.es\/delegacioneducaciongranada\/files\/2020\/11\/unnamed-2-1-36x10.png 36w, https:\/\/blogsaverroes.juntadeandalucia.es\/delegacioneducaciongranada\/files\/2020\/11\/unnamed-2-1-48x14.png 48w\" sizes=\"(max-width: 294px) 100vw, 294px\" \/><\/a>El programa para la innovaci\u00f3n educativa Vivir y Sentir el Patrimonio nace con la finalidad de favorecer el disfrute, conocimiento y comprensi\u00f3n de los valores hist\u00f3ricos, art\u00edsticos, etnogr\u00e1ficos, cient\u00edficos y t\u00e9cnicos de los bienes culturales.Los objetivos del Programa son entre otros: La definici\u00f3n de bases te\u00f3ricas y criterios, estableciendo, a nivel te\u00f3rico, el marco de acci\u00f3n en el que se desarrollar\u00e1n los proyectos, el fomento de la investigaci\u00f3n en educaci\u00f3n patrimonial, habilitando recursos educativos, orientados al conocimiento, comprensi\u00f3n, aprecio y valoraci\u00f3n del Patrimonio Cultural, el dise\u00f1o de herramientas e instrumentos de coordinaci\u00f3n que garanticen la colaboraci\u00f3n entre educadores y gestores del Patrimonio Cultural en materia de educaci\u00f3n patrimonial, la promoci\u00f3n, programaci\u00f3n y desarrollo de acciones formativas orientadas al aprendizaje de conceptos, t\u00e9cnicas y actitudes relacionados con el Patrimonio Cultural, su conservaci\u00f3n y disfrute social,el fomento de la elaboraci\u00f3n de materiales educativos orientados a la transmisi\u00f3n de los conceptos y valores patrimoniales, establecimiento de criterios y par\u00e1metros para el dise\u00f1o de materiales educativos de car\u00e1cter estructural, capaces de relacionarse con diversos contenidos patrimoniales, junto con los principios de implementaci\u00f3n que los sustentan. Este tipo de materiales permitir\u00e1 su adaptaci\u00f3n a los diferentes contextos y necesidades espec\u00edficas, superando el modelo de material cerrado y lineal.<\/p>\n<p><strong>Datos de contacto<\/strong>: <a href=\"https:\/\/blogsaverroes.juntadeandalucia.es\/delegacioneducaciongranada\/files\/2020\/11\/rosa-suarez.png\"><img loading=\"lazy\" decoding=\"async\" class=\"wp-image-1128 alignright\" src=\"https:\/\/blogsaverroes.juntadeandalucia.es\/delegacioneducaciongranada\/files\/2020\/11\/rosa-suarez.png\" alt=\"\" width=\"196\" height=\"245\" srcset=\"https:\/\/blogsaverroes.juntadeandalucia.es\/delegacioneducaciongranada\/files\/2020\/11\/rosa-suarez.png 542w, https:\/\/blogsaverroes.juntadeandalucia.es\/delegacioneducaciongranada\/files\/2020\/11\/rosa-suarez-240x300.png 240w, https:\/\/blogsaverroes.juntadeandalucia.es\/delegacioneducaciongranada\/files\/2020\/11\/rosa-suarez-19x24.png 19w, https:\/\/blogsaverroes.juntadeandalucia.es\/delegacioneducaciongranada\/files\/2020\/11\/rosa-suarez-29x36.png 29w, https:\/\/blogsaverroes.juntadeandalucia.es\/delegacioneducaciongranada\/files\/2020\/11\/rosa-suarez-38x48.png 38w\" sizes=\"(max-width: 196px) 100vw, 196px\" \/><\/a><\/p>\n<p>ROSA M\u00aa SU\u00c1REZ MU\u00d1OZ<\/p>\n<p>Tfno:958029408, Corp:129408<\/p>\n<p>rosa.suarez.munoz.edu@juntadeandalucia.es<\/p>\n<p><strong>Enlaces<\/strong>:<\/p>\n<p>PORTAL:<\/p>\n<p><a href=\"https:\/\/colaboraeducacion30.juntadeandalucia.es\/educacion\/colabora\/web\/vivir-y-sentir-el-patrimonio\/inicio\" target=\"_blank\" rel=\"noopener noreferrer\">https:\/\/colaboraeducacion30.juntadeandalucia.es\/educacion\/colabora\/web\/vivir-y-sentir-el-patrimonio\/inicio<\/a><\/p>\n<p>MOODLE:<\/p>\n<p><a href=\"https:\/\/educacionadistancia.juntadeandalucia.es\/profesorado\/course\/view.php?id=7440\" target=\"_blank\" rel=\"noopener noreferrer\">https:\/\/educacionadistancia.juntadeandalucia.es\/profesorado\/course\/view.php?id=7440<\/a><\/p>\n<table style=\"border-collapse: collapse;width: 100%\">\n<tbody>\n<tr>\n<td style=\"width: 50%;text-align: center;border-color: #0d7312;background-color: #0a7014\"><span style=\"color: #ffffff;font-family: helvetica, arial, sans-serif\"><strong>ACTUALIDAD<\/strong><\/span><\/td>\n<td style=\"width: 50%;text-align: center;border-color: #0d7312;background-color: #0a7014\"><span style=\"color: #ffffff;font-family: helvetica, arial, sans-serif\"><strong>EXPERIENCIAS DE CENTROS<\/strong><\/span><\/td>\n<\/tr>\n<tr>\n<td style=\"width: 50%\"><img loading=\"lazy\" decoding=\"async\" class=\"wp-image-1188 aligncenter\" src=\"https:\/\/blogsaverroes.juntadeandalucia.es\/delegacioneducaciongranada\/files\/2020\/11\/magnifying-glass-97588_1280-300x293.png\" alt=\"\" width=\"180\" height=\"175\" srcset=\"https:\/\/blogsaverroes.juntadeandalucia.es\/delegacioneducaciongranada\/files\/2020\/11\/magnifying-glass-97588_1280-300x293.png 300w, https:\/\/blogsaverroes.juntadeandalucia.es\/delegacioneducaciongranada\/files\/2020\/11\/magnifying-glass-97588_1280-1024x1002.png 1024w, https:\/\/blogsaverroes.juntadeandalucia.es\/delegacioneducaciongranada\/files\/2020\/11\/magnifying-glass-97588_1280-768x751.png 768w, https:\/\/blogsaverroes.juntadeandalucia.es\/delegacioneducaciongranada\/files\/2020\/11\/magnifying-glass-97588_1280-24x24.png 24w, https:\/\/blogsaverroes.juntadeandalucia.es\/delegacioneducaciongranada\/files\/2020\/11\/magnifying-glass-97588_1280-36x36.png 36w, https:\/\/blogsaverroes.juntadeandalucia.es\/delegacioneducaciongranada\/files\/2020\/11\/magnifying-glass-97588_1280-48x48.png 48w, https:\/\/blogsaverroes.juntadeandalucia.es\/delegacioneducaciongranada\/files\/2020\/11\/magnifying-glass-97588_1280.png 1280w\" sizes=\"(max-width: 180px) 100vw, 180px\" \/><\/td>\n<td style=\"width: 50%\"><img loading=\"lazy\" decoding=\"async\" class=\" wp-image-1191 aligncenter\" src=\"https:\/\/blogsaverroes.juntadeandalucia.es\/delegacioneducaciongranada\/files\/2020\/11\/alphabet-word-images-1296212_1280-1-189x300.png\" alt=\"\" width=\"110\" height=\"175\" srcset=\"https:\/\/blogsaverroes.juntadeandalucia.es\/delegacioneducaciongranada\/files\/2020\/11\/alphabet-word-images-1296212_1280-1-189x300.png 189w, https:\/\/blogsaverroes.juntadeandalucia.es\/delegacioneducaciongranada\/files\/2020\/11\/alphabet-word-images-1296212_1280-1-15x24.png 15w, https:\/\/blogsaverroes.juntadeandalucia.es\/delegacioneducaciongranada\/files\/2020\/11\/alphabet-word-images-1296212_1280-1-23x36.png 23w, https:\/\/blogsaverroes.juntadeandalucia.es\/delegacioneducaciongranada\/files\/2020\/11\/alphabet-word-images-1296212_1280-1-30x48.png 30w, https:\/\/blogsaverroes.juntadeandalucia.es\/delegacioneducaciongranada\/files\/2020\/11\/alphabet-word-images-1296212_1280-1.png 604w\" sizes=\"(max-width: 110px) 100vw, 110px\" \/><\/td>\n<\/tr>\n<\/tbody>\n<\/table>\n","protected":false},"excerpt":{"rendered":"<p>El programa para la innovaci\u00f3n educativa Vivir y Sentir el Patrimonio nace con la finalidad de favorecer el disfrute, conocimiento y comprensi\u00f3n de los valores hist\u00f3ricos, art\u00edsticos, etnogr\u00e1ficos, cient\u00edficos y t\u00e9cnicos de los bienes&#46;&#46;&#46;<\/p>\n","protected":false},"author":8180,"featured_media":0,"parent":997,"menu_order":0,"comment_status":"closed","ping_status":"closed","template":"","meta":{"ngg_post_thumbnail":0,"footnotes":""},"aioseo_notices":[],"_links":{"self":[{"href":"https:\/\/blogsaverroes.juntadeandalucia.es\/delegacioneducaciongranada\/wp-json\/wp\/v2\/pages\/1050"}],"collection":[{"href":"https:\/\/blogsaverroes.juntadeandalucia.es\/delegacioneducaciongranada\/wp-json\/wp\/v2\/pages"}],"about":[{"href":"https:\/\/blogsaverroes.juntadeandalucia.es\/delegacioneducaciongranada\/wp-json\/wp\/v2\/types\/page"}],"author":[{"embeddable":true,"href":"https:\/\/blogsaverroes.juntadeandalucia.es\/delegacioneducaciongranada\/wp-json\/wp\/v2\/users\/8180"}],"replies":[{"embeddable":true,"href":"https:\/\/blogsaverroes.juntadeandalucia.es\/delegacioneducaciongranada\/wp-json\/wp\/v2\/comments?post=1050"}],"version-history":[{"count":5,"href":"https:\/\/blogsaverroes.juntadeandalucia.es\/delegacioneducaciongranada\/wp-json\/wp\/v2\/pages\/1050\/revisions"}],"predecessor-version":[{"id":1231,"href":"https:\/\/blogsaverroes.juntadeandalucia.es\/delegacioneducaciongranada\/wp-json\/wp\/v2\/pages\/1050\/revisions\/1231"}],"up":[{"embeddable":true,"href":"https:\/\/blogsaverroes.juntadeandalucia.es\/delegacioneducaciongranada\/wp-json\/wp\/v2\/pages\/997"}],"wp:attachment":[{"href":"https:\/\/blogsaverroes.juntadeandalucia.es\/delegacioneducaciongranada\/wp-json\/wp\/v2\/media?parent=1050"}],"curies":[{"name":"wp","href":"https:\/\/api.w.org\/{rel}","templated":true}]}}

<p style="text-align: justify"><a href="https://blogsaverroes.juntadeandalucia.es/delegacioneducaciongranada/files/2020/11/unnamed-2-1.png"><img loading="lazy" decoding="async" class=" wp-image-1013 alignleft" src="https://blogsaverroes.juntadeandalucia.es/delegacioneducaciongranada/files/2020/11/unnamed-2-1.png" alt="" width="294" height="83" srcset="https://blogsaverroes.juntadeandalucia.es/delegacioneducaciongranada/files/2020/11/unnamed-2-1.png 308w, https://blogsaverroes.juntadeandalucia.es/delegacioneducaciongranada/files/2020/11/unnamed-2-1-300x85.png 300w, https://blogsaverroes.juntadeandalucia.es/delegacioneducaciongranada/files/2020/11/unnamed-2-1-24x7.png 24w, https://blogsaverroes.juntadeandalucia.es/delegacioneducaciongranada/files/2020/11/unnamed-2-1-36x10.png 36w, https://blogsaverroes.juntadeandalucia.es/delegacioneducaciongranada/files/2020/11/unnamed-2-1-48x14.png 48w" sizes="(max-width: 294px) 100vw, 294px" /></a>El programa para la innovación educativa Vivir y Sentir el Patrimonio nace con la finalidad de favorecer el disfrute, conocimiento y comprensión de los valores históricos, artísticos, etnográficos, científicos y técnicos de los bienes culturales.Los objetivos del Programa son entre otros: La definición de bases teóricas y criterios, estableciendo, a nivel teórico, el marco de acción en el que se desarrollarán los proyectos, el fomento de la investigación en educación patrimonial, habilitando recursos educativos, orientados al conocimiento, comprensión, aprecio y valoración del Patrimonio Cultural, el diseño de herramientas e instrumentos de coordinación que garanticen la colaboración entre educadores y gestores del Patrimonio Cultural en materia de educación patrimonial, la promoción, programación y desarrollo de acciones formativas orientadas al aprendizaje de conceptos, técnicas y actitudes relacionados con el Patrimonio Cultural, su conservación y disfrute social,el fomento de la elaboración de materiales educativos orientados a la transmisión de los conceptos y valores patrimoniales, establecimiento de criterios y parámetros para el diseño de materiales educativos de carácter estructural, capaces de relacionarse con diversos contenidos patrimoniales, junto con los principios de implementación que los sustentan. Este tipo de materiales permitirá su adaptación a los diferentes contextos y necesidades específicas, superando el modelo de material cerrado y lineal.</p>
<p><strong>Datos de contacto</strong>: <a href="https://blogsaverroes.juntadeandalucia.es/delegacioneducaciongranada/files/2020/11/rosa-suarez.png"><img loading="lazy" decoding="async" class="wp-image-1128 alignright" src="https://blogsaverroes.juntadeandalucia.es/delegacioneducaciongranada/files/2020/11/rosa-suarez.png" alt="" width="196" height="245" srcset="https://blogsaverroes.juntadeandalucia.es/delegacioneducaciongranada/files/2020/11/rosa-suarez.png 542w, https://blogsaverroes.juntadeandalucia.es/delegacioneducaciongranada/files/2020/11/rosa-suarez-240x300.png 240w, https://blogsaverroes.juntadeandalucia.es/delegacioneducaciongranada/files/2020/11/rosa-suarez-19x24.png 19w, https://blogsaverroes.juntadeandalucia.es/delegacioneducaciongranada/files/2020/11/rosa-suarez-29x36.png 29w, https://blogsaverroes.juntadeandalucia.es/delegacioneducaciongranada/files/2020/11/rosa-suarez-38x48.png 38w" sizes="(max-width: 196px) 100vw, 196px" /></a></p>
<p>ROSA Mª SUÁREZ MUÑOZ</p>
<p>Tfno:958029408, Corp:129408</p>
<p>rosa.suarez.munoz.edu@juntadeandalucia.es</p>
<p><strong>Enlaces</strong>:</p>
<p>PORTAL:</p>
<p><a href="https://colaboraeducacion30.juntadeandalucia.es/educacion/colabora/web/vivir-y-sentir-el-patrimonio/inicio" target="_blank" rel="noopener noreferrer">https://colaboraeducacion30.juntadeandalucia.es/educacion/colabora/web/vivir-y-sentir-el-patrimonio/inicio</a></p>
<p>MOODLE:</p>
<p><a href="https://educacionadistancia.juntadeandalucia.es/profesorado/course/view.php?id=7440" target="_blank" rel="noopener noreferrer">https://educacionadistancia.juntadeandalucia.es/profesorado/course/view.php?id=7440</a></p>
<table style="border-collapse: collapse;width: 100%">
<tbody>
<tr>
<td style="width: 50%;text-align: center;border-color: #0d7312;background-color: #0a7014"><span style="color: #ffffff;font-family: helvetica, arial, sans-serif"><strong>ACTUALIDAD</strong></span></td>
<td style="width: 50%;text-align: center;border-color: #0d7312;background-color: #0a7014"><span style="color: #ffffff;font-family: helvetica, arial, sans-serif"><strong>EXPERIENCIAS DE CENTROS</strong></span></td>
</tr>
<tr>
<td style="width: 50%"><img loading="lazy" decoding="async" class="wp-image-1188 aligncenter" src="https://blogsaverroes.juntadeandalucia.es/delegacioneducaciongranada/files/2020/11/magnifying-glass-97588_1280-300x293.png" alt="" width="180" height="175" srcset="https://blogsaverroes.juntadeandalucia.es/delegacioneducaciongranada/files/2020/11/magnifying-glass-97588_1280-300x293.png 300w, https://blogsaverroes.juntadeandalucia.es/delegacioneducaciongranada/files/2020/11/magnifying-glass-97588_1280-1024x1002.png 1024w, https://blogsaverroes.juntadeandalucia.es/delegacioneducaciongranada/files/2020/11/magnifying-glass-97588_1280-768x751.png 768w, https://blogsaverroes.juntadeandalucia.es/delegacioneducaciongranada/files/2020/11/magnifying-glass-97588_1280-24x24.png 24w, https://blogsaverroes.juntadeandalucia.es/delegacioneducaciongranada/files/2020/11/magnifying-glass-97588_1280-36x36.png 36w, https://blogsaverroes.juntadeandalucia.es/delegacioneducaciongranada/files/2020/11/magnifying-glass-97588_1280-48x48.png 48w, https://blogsaverroes.juntadeandalucia.es/delegacioneducaciongranada/files/2020/11/magnifying-glass-97588_1280.png 1280w" sizes="(max-width: 180px) 100vw, 180px" /></td>
<td style="width: 50%"><img loading="lazy" decoding="async" class=" wp-image-1191 aligncenter" src="https://blogsaverroes.juntadeandalucia.es/delegacioneducaciongranada/files/2020/11/alphabet-word-images-1296212_1280-1-189x300.png" alt="" width="110" height="175" srcset="https://blogsaverroes.juntadeandalucia.es/delegacioneducaciongranada/files/2020/11/alphabet-word-images-1296212_1280-1-189x300.png 189w, https://blogsaverroes.juntadeandalucia.es/delegacioneducaciongranada/files/2020/11/alphabet-word-images-1296212_1280-1-15x24.png 15w, https://blogsaverroes.juntadeandalucia.es/delegacioneducaciongranada/files/2020/11/alphabet-word-images-1296212_1280-1-23x36.png 23w, https://blogsaverroes.juntadeandalucia.es/delegacioneducaciongranada/files/2020/11/alphabet-word-images-1296212_1280-1-30x48.png 30w, https://blogsaverroes.juntadeandalucia.es/delegacioneducaciongranada/files/2020/11/alphabet-word-images-1296212_1280-1.png 604w" sizes="(max-width: 110px) 100vw, 110px" /></td>
</tr>
</tbody>
</table>

<p>El programa para la innovación educativa Vivir y Sentir el Patrimonio nace con la finalidad de favorecer el disfrute, conocimiento y comprensión de los valores históricos, artísticos, etnográficos, científicos y técnicos de los bienes&#46;&#46;&#46;</p>
