{"id":1057,"date":"2020-11-24T11:54:39","date_gmt":"2020-11-24T10:54:39","guid":{"rendered":"https:\/\/blogsaverroes.juntadeandalucia.es\/delegacioneducaciongranada\/?page_id=1057"},"modified":"2020-11-26T11:02:20","modified_gmt":"2020-11-26T10:02:20","slug":"aula-de-cine","status":"publish","type":"page","link":"https:\/\/blogsaverroes.juntadeandalucia.es\/delegacioneducaciongranada\/planes-y-programas\/aula-de-cine\/","title":{"rendered":"Aula de Cine"},"content":{"rendered":"<p><a href=\"https:\/\/blogsaverroes.juntadeandalucia.es\/delegacioneducaciongranada\/files\/2020\/11\/unnamed-5.png\"><img loading=\"lazy\" decoding=\"async\" class=\"size-full wp-image-1009 alignleft\" src=\"https:\/\/blogsaverroes.juntadeandalucia.es\/delegacioneducaciongranada\/files\/2020\/11\/unnamed-5.png\" alt=\"\" width=\"345\" height=\"205\" srcset=\"https:\/\/blogsaverroes.juntadeandalucia.es\/delegacioneducaciongranada\/files\/2020\/11\/unnamed-5.png 345w, https:\/\/blogsaverroes.juntadeandalucia.es\/delegacioneducaciongranada\/files\/2020\/11\/unnamed-5-300x178.png 300w, https:\/\/blogsaverroes.juntadeandalucia.es\/delegacioneducaciongranada\/files\/2020\/11\/unnamed-5-24x14.png 24w, https:\/\/blogsaverroes.juntadeandalucia.es\/delegacioneducaciongranada\/files\/2020\/11\/unnamed-5-36x21.png 36w, https:\/\/blogsaverroes.juntadeandalucia.es\/delegacioneducaciongranada\/files\/2020\/11\/unnamed-5-48x29.png 48w\" sizes=\"(max-width: 345px) 100vw, 345px\" \/><\/a>La Consejer\u00eda de Cultura y Patrimonio Hist\u00f3rico y la Consejer\u00eda de Educaci\u00f3n y Deporte ponen a disposici\u00f3n de los centros de ense\u00f1anza andaluces el programa educativo\u00a0<strong>Aula de Cine<\/strong>\u00a0con una finalidad b\u00e1sica: promover la alfabetizaci\u00f3n audiovisual del alumnado y el profesorado andaluz.<\/p>\n<p>El objetivo es fomentar el inter\u00e9s por el Cine en general, y el andaluz en particular en los centros escolares. La meta principal es la creaci\u00f3n de nuevos p\u00fablicos a trav\u00e9s de los diferentes programas de proyecciones y actividades did\u00e1cticas dise\u00f1adas.\u00a0Para ello ponemos al alcance de nuestros j\u00f3venes las herramientas necesarias para ver Cine con otros ojos y desarrollar un esp\u00edritu cr\u00edtico mediante el an\u00e1lisis, la reflexi\u00f3n y el intercambio de opiniones.<\/p>\n<p>El proyecto <strong>Aula de Cine<\/strong> no solo trabaja la competencia digital y tratamiento de la informaci\u00f3n, sino que a lo largo del proceso de \u00ablectura\u00bb y \u00abescritura\u00bb audiovisual se desarrollar\u00e1n el resto de competencias as\u00ed como otras \u00e1reas transversales y valores.<\/p>\n<p><strong>Datos de contacto<\/strong>: <a href=\"https:\/\/blogsaverroes.juntadeandalucia.es\/delegacioneducaciongranada\/files\/2020\/11\/rosa-suarez.png\"><img loading=\"lazy\" decoding=\"async\" class=\"wp-image-1128 alignright\" src=\"https:\/\/blogsaverroes.juntadeandalucia.es\/delegacioneducaciongranada\/files\/2020\/11\/rosa-suarez.png\" alt=\"\" width=\"196\" height=\"245\" srcset=\"https:\/\/blogsaverroes.juntadeandalucia.es\/delegacioneducaciongranada\/files\/2020\/11\/rosa-suarez.png 542w, https:\/\/blogsaverroes.juntadeandalucia.es\/delegacioneducaciongranada\/files\/2020\/11\/rosa-suarez-240x300.png 240w, https:\/\/blogsaverroes.juntadeandalucia.es\/delegacioneducaciongranada\/files\/2020\/11\/rosa-suarez-19x24.png 19w, https:\/\/blogsaverroes.juntadeandalucia.es\/delegacioneducaciongranada\/files\/2020\/11\/rosa-suarez-29x36.png 29w, https:\/\/blogsaverroes.juntadeandalucia.es\/delegacioneducaciongranada\/files\/2020\/11\/rosa-suarez-38x48.png 38w\" sizes=\"(max-width: 196px) 100vw, 196px\" \/><\/a><\/p>\n<p>ROSA M\u00aa SU\u00c1REZ MU\u00d1OZ<\/p>\n<p>Tfno:958029408, Corp:129408<\/p>\n<p>rosa.suarez.munoz.edu@juntadeandalucia.es<\/p>\n<p><strong>Enlaces<\/strong>:<\/p>\n<p>PORTAL:<\/p>\n<p><a href=\"https:\/\/www.juntadeandalucia.es\/cultura\/auladecine\/\" target=\"_blank\" rel=\"noopener noreferrer\">https:\/\/www.juntadeandalucia.es\/cultura\/auladecine\/<\/a><\/p>\n<p><a href=\"https:\/\/colaboraeducacion30.juntadeandalucia.es\/educacion\/colabora\/web\/aula-de-cine\" target=\"_blank\" rel=\"noopener noreferrer\">https:\/\/colaboraeducacion30.juntadeandalucia.es\/educacion\/colabora\/web\/aula-de-cine<\/a><\/p>\n<p>MOODLE:<\/p>\n<p><a href=\"https:\/\/educacionadistancia.juntadeandalucia.es\/profesorado\/course\/view.php?id=7572\" target=\"_blank\" rel=\"noopener noreferrer\">https:\/\/educacionadistancia.juntadeandalucia.es\/profesorado\/course\/view.php?id=7572<\/a><\/p>\n<table style=\"border-collapse: collapse;width: 100%\">\n<tbody>\n<tr>\n<td style=\"width: 50%;text-align: center;border-color: #0d7312;background-color: #0a7014\"><span style=\"color: #ffffff;font-family: helvetica, arial, sans-serif\"><strong>ACTUALIDAD<\/strong><\/span><\/td>\n<td style=\"width: 50%;text-align: center;border-color: #0d7312;background-color: #0a7014\"><span style=\"color: #ffffff;font-family: helvetica, arial, sans-serif\"><strong>EXPERIENCIAS DE CENTROS<\/strong><\/span><\/td>\n<\/tr>\n<tr>\n<td style=\"width: 50%\"><img loading=\"lazy\" decoding=\"async\" class=\"wp-image-1188 aligncenter\" src=\"https:\/\/blogsaverroes.juntadeandalucia.es\/delegacioneducaciongranada\/files\/2020\/11\/magnifying-glass-97588_1280-300x293.png\" alt=\"\" width=\"180\" height=\"175\" srcset=\"https:\/\/blogsaverroes.juntadeandalucia.es\/delegacioneducaciongranada\/files\/2020\/11\/magnifying-glass-97588_1280-300x293.png 300w, https:\/\/blogsaverroes.juntadeandalucia.es\/delegacioneducaciongranada\/files\/2020\/11\/magnifying-glass-97588_1280-1024x1002.png 1024w, https:\/\/blogsaverroes.juntadeandalucia.es\/delegacioneducaciongranada\/files\/2020\/11\/magnifying-glass-97588_1280-768x751.png 768w, https:\/\/blogsaverroes.juntadeandalucia.es\/delegacioneducaciongranada\/files\/2020\/11\/magnifying-glass-97588_1280-24x24.png 24w, https:\/\/blogsaverroes.juntadeandalucia.es\/delegacioneducaciongranada\/files\/2020\/11\/magnifying-glass-97588_1280-36x36.png 36w, https:\/\/blogsaverroes.juntadeandalucia.es\/delegacioneducaciongranada\/files\/2020\/11\/magnifying-glass-97588_1280-48x48.png 48w, https:\/\/blogsaverroes.juntadeandalucia.es\/delegacioneducaciongranada\/files\/2020\/11\/magnifying-glass-97588_1280.png 1280w\" sizes=\"(max-width: 180px) 100vw, 180px\" \/><\/td>\n<td style=\"width: 50%\"><img loading=\"lazy\" decoding=\"async\" class=\" wp-image-1191 aligncenter\" src=\"https:\/\/blogsaverroes.juntadeandalucia.es\/delegacioneducaciongranada\/files\/2020\/11\/alphabet-word-images-1296212_1280-1-189x300.png\" alt=\"\" width=\"110\" height=\"175\" srcset=\"https:\/\/blogsaverroes.juntadeandalucia.es\/delegacioneducaciongranada\/files\/2020\/11\/alphabet-word-images-1296212_1280-1-189x300.png 189w, https:\/\/blogsaverroes.juntadeandalucia.es\/delegacioneducaciongranada\/files\/2020\/11\/alphabet-word-images-1296212_1280-1-15x24.png 15w, https:\/\/blogsaverroes.juntadeandalucia.es\/delegacioneducaciongranada\/files\/2020\/11\/alphabet-word-images-1296212_1280-1-23x36.png 23w, https:\/\/blogsaverroes.juntadeandalucia.es\/delegacioneducaciongranada\/files\/2020\/11\/alphabet-word-images-1296212_1280-1-30x48.png 30w, https:\/\/blogsaverroes.juntadeandalucia.es\/delegacioneducaciongranada\/files\/2020\/11\/alphabet-word-images-1296212_1280-1.png 604w\" sizes=\"(max-width: 110px) 100vw, 110px\" \/><\/td>\n<\/tr>\n<\/tbody>\n<\/table>\n","protected":false},"excerpt":{"rendered":"<p>La Consejer\u00eda de Cultura y Patrimonio Hist\u00f3rico y la Consejer\u00eda de Educaci\u00f3n y Deporte ponen a disposici\u00f3n de los centros de ense\u00f1anza andaluces el programa educativo\u00a0Aula de Cine\u00a0con una finalidad b\u00e1sica: promover la alfabetizaci\u00f3n&#46;&#46;&#46;<\/p>\n","protected":false},"author":8180,"featured_media":0,"parent":997,"menu_order":0,"comment_status":"closed","ping_status":"closed","template":"","meta":{"ngg_post_thumbnail":0,"footnotes":""},"aioseo_notices":[],"_links":{"self":[{"href":"https:\/\/blogsaverroes.juntadeandalucia.es\/delegacioneducaciongranada\/wp-json\/wp\/v2\/pages\/1057"}],"collection":[{"href":"https:\/\/blogsaverroes.juntadeandalucia.es\/delegacioneducaciongranada\/wp-json\/wp\/v2\/pages"}],"about":[{"href":"https:\/\/blogsaverroes.juntadeandalucia.es\/delegacioneducaciongranada\/wp-json\/wp\/v2\/types\/page"}],"author":[{"embeddable":true,"href":"https:\/\/blogsaverroes.juntadeandalucia.es\/delegacioneducaciongranada\/wp-json\/wp\/v2\/users\/8180"}],"replies":[{"embeddable":true,"href":"https:\/\/blogsaverroes.juntadeandalucia.es\/delegacioneducaciongranada\/wp-json\/wp\/v2\/comments?post=1057"}],"version-history":[{"count":5,"href":"https:\/\/blogsaverroes.juntadeandalucia.es\/delegacioneducaciongranada\/wp-json\/wp\/v2\/pages\/1057\/revisions"}],"predecessor-version":[{"id":1197,"href":"https:\/\/blogsaverroes.juntadeandalucia.es\/delegacioneducaciongranada\/wp-json\/wp\/v2\/pages\/1057\/revisions\/1197"}],"up":[{"embeddable":true,"href":"https:\/\/blogsaverroes.juntadeandalucia.es\/delegacioneducaciongranada\/wp-json\/wp\/v2\/pages\/997"}],"wp:attachment":[{"href":"https:\/\/blogsaverroes.juntadeandalucia.es\/delegacioneducaciongranada\/wp-json\/wp\/v2\/media?parent=1057"}],"curies":[{"name":"wp","href":"https:\/\/api.w.org\/{rel}","templated":true}]}}

<p><a href="https://blogsaverroes.juntadeandalucia.es/delegacioneducaciongranada/files/2020/11/unnamed-5.png"><img loading="lazy" decoding="async" class="size-full wp-image-1009 alignleft" src="https://blogsaverroes.juntadeandalucia.es/delegacioneducaciongranada/files/2020/11/unnamed-5.png" alt="" width="345" height="205" srcset="https://blogsaverroes.juntadeandalucia.es/delegacioneducaciongranada/files/2020/11/unnamed-5.png 345w, https://blogsaverroes.juntadeandalucia.es/delegacioneducaciongranada/files/2020/11/unnamed-5-300x178.png 300w, https://blogsaverroes.juntadeandalucia.es/delegacioneducaciongranada/files/2020/11/unnamed-5-24x14.png 24w, https://blogsaverroes.juntadeandalucia.es/delegacioneducaciongranada/files/2020/11/unnamed-5-36x21.png 36w, https://blogsaverroes.juntadeandalucia.es/delegacioneducaciongranada/files/2020/11/unnamed-5-48x29.png 48w" sizes="(max-width: 345px) 100vw, 345px" /></a>La Consejería de Cultura y Patrimonio Histórico y la Consejería de Educación y Deporte ponen a disposición de los centros de enseñanza andaluces el programa educativo <strong>Aula de Cine</strong> con una finalidad básica: promover la alfabetización audiovisual del alumnado y el profesorado andaluz.</p>
<p>El objetivo es fomentar el interés por el Cine en general, y el andaluz en particular en los centros escolares. La meta principal es la creación de nuevos públicos a través de los diferentes programas de proyecciones y actividades didácticas diseñadas. Para ello ponemos al alcance de nuestros jóvenes las herramientas necesarias para ver Cine con otros ojos y desarrollar un espíritu crítico mediante el análisis, la reflexión y el intercambio de opiniones.</p>
<p>El proyecto <strong>Aula de Cine</strong> no solo trabaja la competencia digital y tratamiento de la información, sino que a lo largo del proceso de «lectura» y «escritura» audiovisual se desarrollarán el resto de competencias así como otras áreas transversales y valores.</p>
<p><strong>Datos de contacto</strong>: <a href="https://blogsaverroes.juntadeandalucia.es/delegacioneducaciongranada/files/2020/11/rosa-suarez.png"><img loading="lazy" decoding="async" class="wp-image-1128 alignright" src="https://blogsaverroes.juntadeandalucia.es/delegacioneducaciongranada/files/2020/11/rosa-suarez.png" alt="" width="196" height="245" srcset="https://blogsaverroes.juntadeandalucia.es/delegacioneducaciongranada/files/2020/11/rosa-suarez.png 542w, https://blogsaverroes.juntadeandalucia.es/delegacioneducaciongranada/files/2020/11/rosa-suarez-240x300.png 240w, https://blogsaverroes.juntadeandalucia.es/delegacioneducaciongranada/files/2020/11/rosa-suarez-19x24.png 19w, https://blogsaverroes.juntadeandalucia.es/delegacioneducaciongranada/files/2020/11/rosa-suarez-29x36.png 29w, https://blogsaverroes.juntadeandalucia.es/delegacioneducaciongranada/files/2020/11/rosa-suarez-38x48.png 38w" sizes="(max-width: 196px) 100vw, 196px" /></a></p>
<p>ROSA Mª SUÁREZ MUÑOZ</p>
<p>Tfno:958029408, Corp:129408</p>
<p>rosa.suarez.munoz.edu@juntadeandalucia.es</p>
<p><strong>Enlaces</strong>:</p>
<p>PORTAL:</p>
<p><a href="https://www.juntadeandalucia.es/cultura/auladecine/" target="_blank" rel="noopener noreferrer">https://www.juntadeandalucia.es/cultura/auladecine/</a></p>
<p><a href="https://colaboraeducacion30.juntadeandalucia.es/educacion/colabora/web/aula-de-cine" target="_blank" rel="noopener noreferrer">https://colaboraeducacion30.juntadeandalucia.es/educacion/colabora/web/aula-de-cine</a></p>
<p>MOODLE:</p>
<p><a href="https://educacionadistancia.juntadeandalucia.es/profesorado/course/view.php?id=7572" target="_blank" rel="noopener noreferrer">https://educacionadistancia.juntadeandalucia.es/profesorado/course/view.php?id=7572</a></p>
<table style="border-collapse: collapse;width: 100%">
<tbody>
<tr>
<td style="width: 50%;text-align: center;border-color: #0d7312;background-color: #0a7014"><span style="color: #ffffff;font-family: helvetica, arial, sans-serif"><strong>ACTUALIDAD</strong></span></td>
<td style="width: 50%;text-align: center;border-color: #0d7312;background-color: #0a7014"><span style="color: #ffffff;font-family: helvetica, arial, sans-serif"><strong>EXPERIENCIAS DE CENTROS</strong></span></td>
</tr>
<tr>
<td style="width: 50%"><img loading="lazy" decoding="async" class="wp-image-1188 aligncenter" src="https://blogsaverroes.juntadeandalucia.es/delegacioneducaciongranada/files/2020/11/magnifying-glass-97588_1280-300x293.png" alt="" width="180" height="175" srcset="https://blogsaverroes.juntadeandalucia.es/delegacioneducaciongranada/files/2020/11/magnifying-glass-97588_1280-300x293.png 300w, https://blogsaverroes.juntadeandalucia.es/delegacioneducaciongranada/files/2020/11/magnifying-glass-97588_1280-1024x1002.png 1024w, https://blogsaverroes.juntadeandalucia.es/delegacioneducaciongranada/files/2020/11/magnifying-glass-97588_1280-768x751.png 768w, https://blogsaverroes.juntadeandalucia.es/delegacioneducaciongranada/files/2020/11/magnifying-glass-97588_1280-24x24.png 24w, https://blogsaverroes.juntadeandalucia.es/delegacioneducaciongranada/files/2020/11/magnifying-glass-97588_1280-36x36.png 36w, https://blogsaverroes.juntadeandalucia.es/delegacioneducaciongranada/files/2020/11/magnifying-glass-97588_1280-48x48.png 48w, https://blogsaverroes.juntadeandalucia.es/delegacioneducaciongranada/files/2020/11/magnifying-glass-97588_1280.png 1280w" sizes="(max-width: 180px) 100vw, 180px" /></td>
<td style="width: 50%"><img loading="lazy" decoding="async" class=" wp-image-1191 aligncenter" src="https://blogsaverroes.juntadeandalucia.es/delegacioneducaciongranada/files/2020/11/alphabet-word-images-1296212_1280-1-189x300.png" alt="" width="110" height="175" srcset="https://blogsaverroes.juntadeandalucia.es/delegacioneducaciongranada/files/2020/11/alphabet-word-images-1296212_1280-1-189x300.png 189w, https://blogsaverroes.juntadeandalucia.es/delegacioneducaciongranada/files/2020/11/alphabet-word-images-1296212_1280-1-15x24.png 15w, https://blogsaverroes.juntadeandalucia.es/delegacioneducaciongranada/files/2020/11/alphabet-word-images-1296212_1280-1-23x36.png 23w, https://blogsaverroes.juntadeandalucia.es/delegacioneducaciongranada/files/2020/11/alphabet-word-images-1296212_1280-1-30x48.png 30w, https://blogsaverroes.juntadeandalucia.es/delegacioneducaciongranada/files/2020/11/alphabet-word-images-1296212_1280-1.png 604w" sizes="(max-width: 110px) 100vw, 110px" /></td>
</tr>
</tbody>
</table>

<p>La Consejería de Cultura y Patrimonio Histórico y la Consejería de Educación y Deporte ponen a disposición de los centros de enseñanza andaluces el programa educativo Aula de Cine con una finalidad básica: promover la alfabetización&#46;&#46;&#46;</p>
