{"id":1059,"date":"2020-11-24T11:55:07","date_gmt":"2020-11-24T10:55:07","guid":{"rendered":"https:\/\/blogsaverroes.juntadeandalucia.es\/delegacioneducaciongranada\/?page_id=1059"},"modified":"2024-09-16T11:17:17","modified_gmt":"2024-09-16T09:17:17","slug":"innicia-cultura-emprendedora","status":"publish","type":"page","link":"https:\/\/blogsaverroes.juntadeandalucia.es\/delegacioneducaciongranada\/planes-y-programas\/innicia-cultura-emprendedora\/","title":{"rendered":"Innicia (Cultura Emprendedora)"},"content":{"rendered":"<p style=\"text-align: justify\"><a href=\"https:\/\/blogsaverroes.juntadeandalucia.es\/delegacioneducaciongranada\/files\/2020\/11\/unnamed.png\"><img loading=\"lazy\" decoding=\"async\" class=\" wp-image-1010 alignleft\" src=\"https:\/\/blogsaverroes.juntadeandalucia.es\/delegacioneducaciongranada\/files\/2020\/11\/unnamed.png\" alt=\"\" width=\"236\" height=\"131\" srcset=\"https:\/\/blogsaverroes.juntadeandalucia.es\/delegacioneducaciongranada\/files\/2020\/11\/unnamed.png 278w, https:\/\/blogsaverroes.juntadeandalucia.es\/delegacioneducaciongranada\/files\/2020\/11\/unnamed-24x13.png 24w, https:\/\/blogsaverroes.juntadeandalucia.es\/delegacioneducaciongranada\/files\/2020\/11\/unnamed-36x20.png 36w, https:\/\/blogsaverroes.juntadeandalucia.es\/delegacioneducaciongranada\/files\/2020\/11\/unnamed-48x27.png 48w\" sizes=\"(max-width: 236px) 100vw, 236px\" \/><\/a>Innicia es un Programa para la Innovaci\u00f3n Educativa con el que se pretende estimular en el alumnado la adquisici\u00f3n y desarrollo de competencias emprendedoras desde todos los \u00e1ngulos y \u00e1reas pedag\u00f3gicas, considerando el emprendimiento como una estrategia fundamental en la formaci\u00f3n de las personas a lo largo de la vida.<\/p>\n<p style=\"text-align: justify\">El emprendimiento educativo va m\u00e1s all\u00e1 de su dimensi\u00f3n productiva, mediante la simulaci\u00f3n de experiencias empresariales, e incorpora de manera integrada las dimensiones personal y social que le son inherentes.<\/p>\n<p><strong>Datos de contacto:<\/strong><\/p>\n<p>&nbsp;<\/p>\n<p>Tfno: 958029129 Corp.: 129129.<\/p>\n<p>&nbsp;<\/p>\n<p><strong>Enlaces:<\/strong><\/p>\n<p>PORTAL<\/p>\n<p><u><a href=\"https:\/\/colaboraeducacion30.juntadeandalucia.es\/educacion\/colabora\/web\/innicia\" target=\"_blank\" rel=\"noopener noreferrer\">https:\/\/www.juntadeandalucia.es\/educacion\/portals\/web\/innicia\/innicia<\/a><\/u><\/p>\n<p><u><a href=\"https:\/\/colaboraeducacion30.juntadeandalucia.es\/educacion\/colabora\/web\/innicia\" target=\"_blank\" rel=\"noopener noreferrer\">https:\/\/colaboraeducacion30.juntadeandalucia.es\/educacion\/colabora\/web\/innicia<\/a><\/u><\/p>\n<p>MOODLE<\/p>\n<p><u><a href=\"https:\/\/educacionadistancia.juntadeandalucia.es\/profesorado\/course\/view.php?id=7525\" target=\"_blank\" rel=\"noopener noreferrer\">https:\/\/educacionadistancia.juntadeandalucia.es\/profesorado\/course\/view.php?id=7525<\/a><\/u><\/p>\n<table style=\"border-collapse: collapse;width: 100%\">\n<tbody>\n<tr>\n<td style=\"width: 50%;text-align: center;border-color: #0d7312;background-color: #0a7014\"><span style=\"color: #ffffff;font-family: helvetica, arial, sans-serif\"><strong>ACTUALIDAD<\/strong><\/span><\/td>\n<td style=\"width: 50%;text-align: center;border-color: #0d7312;background-color: #0a7014\"><span style=\"color: #ffffff;font-family: helvetica, arial, sans-serif\"><strong>EXPERIENCIAS DE CENTROS<\/strong><\/span><\/td>\n<\/tr>\n<tr>\n<td style=\"width: 50%\"><img loading=\"lazy\" decoding=\"async\" class=\"wp-image-1188 aligncenter\" src=\"https:\/\/blogsaverroes.juntadeandalucia.es\/delegacioneducaciongranada\/files\/2020\/11\/magnifying-glass-97588_1280-300x293.png\" alt=\"\" width=\"180\" height=\"175\" srcset=\"https:\/\/blogsaverroes.juntadeandalucia.es\/delegacioneducaciongranada\/files\/2020\/11\/magnifying-glass-97588_1280-300x293.png 300w, https:\/\/blogsaverroes.juntadeandalucia.es\/delegacioneducaciongranada\/files\/2020\/11\/magnifying-glass-97588_1280-1024x1002.png 1024w, https:\/\/blogsaverroes.juntadeandalucia.es\/delegacioneducaciongranada\/files\/2020\/11\/magnifying-glass-97588_1280-768x751.png 768w, https:\/\/blogsaverroes.juntadeandalucia.es\/delegacioneducaciongranada\/files\/2020\/11\/magnifying-glass-97588_1280-24x24.png 24w, https:\/\/blogsaverroes.juntadeandalucia.es\/delegacioneducaciongranada\/files\/2020\/11\/magnifying-glass-97588_1280-36x36.png 36w, https:\/\/blogsaverroes.juntadeandalucia.es\/delegacioneducaciongranada\/files\/2020\/11\/magnifying-glass-97588_1280-48x48.png 48w, https:\/\/blogsaverroes.juntadeandalucia.es\/delegacioneducaciongranada\/files\/2020\/11\/magnifying-glass-97588_1280.png 1280w\" sizes=\"(max-width: 180px) 100vw, 180px\" \/><\/td>\n<td style=\"width: 50%\"><img loading=\"lazy\" decoding=\"async\" class=\" wp-image-1191 aligncenter\" src=\"https:\/\/blogsaverroes.juntadeandalucia.es\/delegacioneducaciongranada\/files\/2020\/11\/alphabet-word-images-1296212_1280-1-189x300.png\" alt=\"\" width=\"110\" height=\"175\" srcset=\"https:\/\/blogsaverroes.juntadeandalucia.es\/delegacioneducaciongranada\/files\/2020\/11\/alphabet-word-images-1296212_1280-1-189x300.png 189w, https:\/\/blogsaverroes.juntadeandalucia.es\/delegacioneducaciongranada\/files\/2020\/11\/alphabet-word-images-1296212_1280-1-15x24.png 15w, https:\/\/blogsaverroes.juntadeandalucia.es\/delegacioneducaciongranada\/files\/2020\/11\/alphabet-word-images-1296212_1280-1-23x36.png 23w, https:\/\/blogsaverroes.juntadeandalucia.es\/delegacioneducaciongranada\/files\/2020\/11\/alphabet-word-images-1296212_1280-1-30x48.png 30w, https:\/\/blogsaverroes.juntadeandalucia.es\/delegacioneducaciongranada\/files\/2020\/11\/alphabet-word-images-1296212_1280-1.png 604w\" sizes=\"(max-width: 110px) 100vw, 110px\" \/><\/td>\n<\/tr>\n<\/tbody>\n<\/table>\n","protected":false},"excerpt":{"rendered":"<p>Innicia es un Programa para la Innovaci\u00f3n Educativa con el que se pretende estimular en el alumnado la adquisici\u00f3n y desarrollo de competencias emprendedoras desde todos los \u00e1ngulos y \u00e1reas pedag\u00f3gicas, considerando el emprendimiento&#46;&#46;&#46;<\/p>\n","protected":false},"author":8180,"featured_media":0,"parent":997,"menu_order":0,"comment_status":"closed","ping_status":"closed","template":"","meta":{"ngg_post_thumbnail":0,"footnotes":""},"aioseo_notices":[],"_links":{"self":[{"href":"https:\/\/blogsaverroes.juntadeandalucia.es\/delegacioneducaciongranada\/wp-json\/wp\/v2\/pages\/1059"}],"collection":[{"href":"https:\/\/blogsaverroes.juntadeandalucia.es\/delegacioneducaciongranada\/wp-json\/wp\/v2\/pages"}],"about":[{"href":"https:\/\/blogsaverroes.juntadeandalucia.es\/delegacioneducaciongranada\/wp-json\/wp\/v2\/types\/page"}],"author":[{"embeddable":true,"href":"https:\/\/blogsaverroes.juntadeandalucia.es\/delegacioneducaciongranada\/wp-json\/wp\/v2\/users\/8180"}],"replies":[{"embeddable":true,"href":"https:\/\/blogsaverroes.juntadeandalucia.es\/delegacioneducaciongranada\/wp-json\/wp\/v2\/comments?post=1059"}],"version-history":[{"count":7,"href":"https:\/\/blogsaverroes.juntadeandalucia.es\/delegacioneducaciongranada\/wp-json\/wp\/v2\/pages\/1059\/revisions"}],"predecessor-version":[{"id":3982,"href":"https:\/\/blogsaverroes.juntadeandalucia.es\/delegacioneducaciongranada\/wp-json\/wp\/v2\/pages\/1059\/revisions\/3982"}],"up":[{"embeddable":true,"href":"https:\/\/blogsaverroes.juntadeandalucia.es\/delegacioneducaciongranada\/wp-json\/wp\/v2\/pages\/997"}],"wp:attachment":[{"href":"https:\/\/blogsaverroes.juntadeandalucia.es\/delegacioneducaciongranada\/wp-json\/wp\/v2\/media?parent=1059"}],"curies":[{"name":"wp","href":"https:\/\/api.w.org\/{rel}","templated":true}]}}

<p style="text-align: justify"><a href="https://blogsaverroes.juntadeandalucia.es/delegacioneducaciongranada/files/2020/11/unnamed.png"><img loading="lazy" decoding="async" class=" wp-image-1010 alignleft" src="https://blogsaverroes.juntadeandalucia.es/delegacioneducaciongranada/files/2020/11/unnamed.png" alt="" width="236" height="131" srcset="https://blogsaverroes.juntadeandalucia.es/delegacioneducaciongranada/files/2020/11/unnamed.png 278w, https://blogsaverroes.juntadeandalucia.es/delegacioneducaciongranada/files/2020/11/unnamed-24x13.png 24w, https://blogsaverroes.juntadeandalucia.es/delegacioneducaciongranada/files/2020/11/unnamed-36x20.png 36w, https://blogsaverroes.juntadeandalucia.es/delegacioneducaciongranada/files/2020/11/unnamed-48x27.png 48w" sizes="(max-width: 236px) 100vw, 236px" /></a>Innicia es un Programa para la Innovación Educativa con el que se pretende estimular en el alumnado la adquisición y desarrollo de competencias emprendedoras desde todos los ángulos y áreas pedagógicas, considerando el emprendimiento como una estrategia fundamental en la formación de las personas a lo largo de la vida.</p>
<p style="text-align: justify">El emprendimiento educativo va más allá de su dimensión productiva, mediante la simulación de experiencias empresariales, e incorpora de manera integrada las dimensiones personal y social que le son inherentes.</p>
<p><strong>Datos de contacto:</strong></p>
<p>&nbsp;</p>
<p>Tfno: 958029129 Corp.: 129129.</p>
<p>&nbsp;</p>
<p><strong>Enlaces:</strong></p>
<p>PORTAL</p>
<p><u><a href="https://colaboraeducacion30.juntadeandalucia.es/educacion/colabora/web/innicia" target="_blank" rel="noopener noreferrer">https://www.juntadeandalucia.es/educacion/portals/web/innicia/innicia</a></u></p>
<p><u><a href="https://colaboraeducacion30.juntadeandalucia.es/educacion/colabora/web/innicia" target="_blank" rel="noopener noreferrer">https://colaboraeducacion30.juntadeandalucia.es/educacion/colabora/web/innicia</a></u></p>
<p>MOODLE</p>
<p><u><a href="https://educacionadistancia.juntadeandalucia.es/profesorado/course/view.php?id=7525" target="_blank" rel="noopener noreferrer">https://educacionadistancia.juntadeandalucia.es/profesorado/course/view.php?id=7525</a></u></p>
<table style="border-collapse: collapse;width: 100%">
<tbody>
<tr>
<td style="width: 50%;text-align: center;border-color: #0d7312;background-color: #0a7014"><span style="color: #ffffff;font-family: helvetica, arial, sans-serif"><strong>ACTUALIDAD</strong></span></td>
<td style="width: 50%;text-align: center;border-color: #0d7312;background-color: #0a7014"><span style="color: #ffffff;font-family: helvetica, arial, sans-serif"><strong>EXPERIENCIAS DE CENTROS</strong></span></td>
</tr>
<tr>
<td style="width: 50%"><img loading="lazy" decoding="async" class="wp-image-1188 aligncenter" src="https://blogsaverroes.juntadeandalucia.es/delegacioneducaciongranada/files/2020/11/magnifying-glass-97588_1280-300x293.png" alt="" width="180" height="175" srcset="https://blogsaverroes.juntadeandalucia.es/delegacioneducaciongranada/files/2020/11/magnifying-glass-97588_1280-300x293.png 300w, https://blogsaverroes.juntadeandalucia.es/delegacioneducaciongranada/files/2020/11/magnifying-glass-97588_1280-1024x1002.png 1024w, https://blogsaverroes.juntadeandalucia.es/delegacioneducaciongranada/files/2020/11/magnifying-glass-97588_1280-768x751.png 768w, https://blogsaverroes.juntadeandalucia.es/delegacioneducaciongranada/files/2020/11/magnifying-glass-97588_1280-24x24.png 24w, https://blogsaverroes.juntadeandalucia.es/delegacioneducaciongranada/files/2020/11/magnifying-glass-97588_1280-36x36.png 36w, https://blogsaverroes.juntadeandalucia.es/delegacioneducaciongranada/files/2020/11/magnifying-glass-97588_1280-48x48.png 48w, https://blogsaverroes.juntadeandalucia.es/delegacioneducaciongranada/files/2020/11/magnifying-glass-97588_1280.png 1280w" sizes="(max-width: 180px) 100vw, 180px" /></td>
<td style="width: 50%"><img loading="lazy" decoding="async" class=" wp-image-1191 aligncenter" src="https://blogsaverroes.juntadeandalucia.es/delegacioneducaciongranada/files/2020/11/alphabet-word-images-1296212_1280-1-189x300.png" alt="" width="110" height="175" srcset="https://blogsaverroes.juntadeandalucia.es/delegacioneducaciongranada/files/2020/11/alphabet-word-images-1296212_1280-1-189x300.png 189w, https://blogsaverroes.juntadeandalucia.es/delegacioneducaciongranada/files/2020/11/alphabet-word-images-1296212_1280-1-15x24.png 15w, https://blogsaverroes.juntadeandalucia.es/delegacioneducaciongranada/files/2020/11/alphabet-word-images-1296212_1280-1-23x36.png 23w, https://blogsaverroes.juntadeandalucia.es/delegacioneducaciongranada/files/2020/11/alphabet-word-images-1296212_1280-1-30x48.png 30w, https://blogsaverroes.juntadeandalucia.es/delegacioneducaciongranada/files/2020/11/alphabet-word-images-1296212_1280-1.png 604w" sizes="(max-width: 110px) 100vw, 110px" /></td>
</tr>
</tbody>
</table>

<p>Innicia es un Programa para la Innovación Educativa con el que se pretende estimular en el alumnado la adquisición y desarrollo de competencias emprendedoras desde todos los ángulos y áreas pedagógicas, considerando el emprendimiento&#46;&#46;&#46;</p>
