{"id":1063,"date":"2020-11-24T11:56:33","date_gmt":"2020-11-24T10:56:33","guid":{"rendered":"https:\/\/blogsaverroes.juntadeandalucia.es\/delegacioneducaciongranada\/?page_id=1063"},"modified":"2024-09-16T11:14:42","modified_gmt":"2024-09-16T09:14:42","slug":"convivencia-escolar","status":"publish","type":"page","link":"https:\/\/blogsaverroes.juntadeandalucia.es\/delegacioneducaciongranada\/planes-y-programas\/convivencia-escolar\/","title":{"rendered":"Convivencia Escolar"},"content":{"rendered":"<p style=\"text-align: justify\"><a href=\"https:\/\/blogsaverroes.juntadeandalucia.es\/delegacioneducaciongranada\/files\/2020\/11\/unnamed-7.png\"><img loading=\"lazy\" decoding=\"async\" class=\"size-full wp-image-1012 alignleft\" src=\"https:\/\/blogsaverroes.juntadeandalucia.es\/delegacioneducaciongranada\/files\/2020\/11\/unnamed-7.png\" alt=\"\" width=\"280\" height=\"82\" srcset=\"https:\/\/blogsaverroes.juntadeandalucia.es\/delegacioneducaciongranada\/files\/2020\/11\/unnamed-7.png 280w, https:\/\/blogsaverroes.juntadeandalucia.es\/delegacioneducaciongranada\/files\/2020\/11\/unnamed-7-24x7.png 24w, https:\/\/blogsaverroes.juntadeandalucia.es\/delegacioneducaciongranada\/files\/2020\/11\/unnamed-7-36x11.png 36w, https:\/\/blogsaverroes.juntadeandalucia.es\/delegacioneducaciongranada\/files\/2020\/11\/unnamed-7-48x14.png 48w\" sizes=\"(max-width: 280px) 100vw, 280px\" \/><\/a>El Plan de Convivencia Escolar pretende divulgar los valores universales de la Cultura de Paz y contribuir, de manera especial, impulsar el trabajo en los centros andaluces en el \u00e1mbito de la convivencia. Este espacio pretende ser una plataforma de divulgaci\u00f3n de las experiencias educativas m\u00e1s significativas en materia de convivencia y en el punto de encuentro de toda la de Granada. Queremos&nbsp;poner a disposici\u00f3n del profesorado y de las familias experiencias de \u00e9xito, enlaces a publicaciones disponibles, citas y normativas, y en definitiva todos aquellos recursos de referencia obligada en el \u00e1mbito de la Cultura de Paz, la convivencia y la participaci\u00f3n.<\/p>\n<p><strong>Datos de contacto<\/strong><\/p>\n<p>Nombre<\/p>\n<p>Tfno. 958029153 \/ Corp 129153<u><\/u><\/p>\n<p>&nbsp;<\/p>\n<p>Email<\/p>\n<p>Tfno. 958029089 \/ Corp. 129089<\/p>\n<p>&nbsp;<\/p>\n<p><strong>Enlaces<\/strong><\/p>\n<p>PORTAL<\/p>\n<p><a href=\"https:\/\/www.juntadeandalucia.es\/educacion\/portals\/web\/convivencia-escolar\" target=\"_blank\" rel=\"noopener noreferrer\">https:\/\/www.juntadeandalucia.es\/educacion\/portals\/web\/convivencia-escolar<\/a><\/p>\n<table style=\"border-collapse: collapse;width: 100%\">\n<tbody>\n<tr>\n<td style=\"width: 50%;text-align: center;border-color: #0d7312;background-color: #0a7014\"><span style=\"color: #ffffff;font-family: helvetica, arial, sans-serif\"><strong>ACTUALIDAD<\/strong><\/span><\/td>\n<td style=\"width: 50%;text-align: center;border-color: #0d7312;background-color: #0a7014\"><span style=\"color: #ffffff;font-family: helvetica, arial, sans-serif\"><strong>EXPERIENCIAS DE CENTROS<\/strong><\/span><\/td>\n<\/tr>\n<tr>\n<td style=\"width: 50%\"><img loading=\"lazy\" decoding=\"async\" class=\"wp-image-1188 aligncenter\" src=\"https:\/\/blogsaverroes.juntadeandalucia.es\/delegacioneducaciongranada\/files\/2020\/11\/magnifying-glass-97588_1280-300x293.png\" alt=\"\" width=\"180\" height=\"175\" srcset=\"https:\/\/blogsaverroes.juntadeandalucia.es\/delegacioneducaciongranada\/files\/2020\/11\/magnifying-glass-97588_1280-300x293.png 300w, https:\/\/blogsaverroes.juntadeandalucia.es\/delegacioneducaciongranada\/files\/2020\/11\/magnifying-glass-97588_1280-1024x1002.png 1024w, https:\/\/blogsaverroes.juntadeandalucia.es\/delegacioneducaciongranada\/files\/2020\/11\/magnifying-glass-97588_1280-768x751.png 768w, https:\/\/blogsaverroes.juntadeandalucia.es\/delegacioneducaciongranada\/files\/2020\/11\/magnifying-glass-97588_1280-24x24.png 24w, https:\/\/blogsaverroes.juntadeandalucia.es\/delegacioneducaciongranada\/files\/2020\/11\/magnifying-glass-97588_1280-36x36.png 36w, https:\/\/blogsaverroes.juntadeandalucia.es\/delegacioneducaciongranada\/files\/2020\/11\/magnifying-glass-97588_1280-48x48.png 48w, https:\/\/blogsaverroes.juntadeandalucia.es\/delegacioneducaciongranada\/files\/2020\/11\/magnifying-glass-97588_1280.png 1280w\" sizes=\"(max-width: 180px) 100vw, 180px\" \/><\/td>\n<td style=\"width: 50%\"><img loading=\"lazy\" decoding=\"async\" class=\" wp-image-1191 aligncenter\" src=\"https:\/\/blogsaverroes.juntadeandalucia.es\/delegacioneducaciongranada\/files\/2020\/11\/alphabet-word-images-1296212_1280-1-189x300.png\" alt=\"\" width=\"110\" height=\"175\" srcset=\"https:\/\/blogsaverroes.juntadeandalucia.es\/delegacioneducaciongranada\/files\/2020\/11\/alphabet-word-images-1296212_1280-1-189x300.png 189w, https:\/\/blogsaverroes.juntadeandalucia.es\/delegacioneducaciongranada\/files\/2020\/11\/alphabet-word-images-1296212_1280-1-15x24.png 15w, https:\/\/blogsaverroes.juntadeandalucia.es\/delegacioneducaciongranada\/files\/2020\/11\/alphabet-word-images-1296212_1280-1-23x36.png 23w, https:\/\/blogsaverroes.juntadeandalucia.es\/delegacioneducaciongranada\/files\/2020\/11\/alphabet-word-images-1296212_1280-1-30x48.png 30w, https:\/\/blogsaverroes.juntadeandalucia.es\/delegacioneducaciongranada\/files\/2020\/11\/alphabet-word-images-1296212_1280-1.png 604w\" sizes=\"(max-width: 110px) 100vw, 110px\" \/><\/td>\n<\/tr>\n<\/tbody>\n<\/table>\n","protected":false},"excerpt":{"rendered":"<p>El Plan de Convivencia Escolar pretende divulgar los valores universales de la Cultura de Paz y contribuir, de manera especial, impulsar el trabajo en los centros andaluces en el \u00e1mbito de la convivencia. Este&#46;&#46;&#46;<\/p>\n","protected":false},"author":8180,"featured_media":0,"parent":997,"menu_order":0,"comment_status":"closed","ping_status":"closed","template":"","meta":{"ngg_post_thumbnail":0,"footnotes":""},"aioseo_notices":[],"_links":{"self":[{"href":"https:\/\/blogsaverroes.juntadeandalucia.es\/delegacioneducaciongranada\/wp-json\/wp\/v2\/pages\/1063"}],"collection":[{"href":"https:\/\/blogsaverroes.juntadeandalucia.es\/delegacioneducaciongranada\/wp-json\/wp\/v2\/pages"}],"about":[{"href":"https:\/\/blogsaverroes.juntadeandalucia.es\/delegacioneducaciongranada\/wp-json\/wp\/v2\/types\/page"}],"author":[{"embeddable":true,"href":"https:\/\/blogsaverroes.juntadeandalucia.es\/delegacioneducaciongranada\/wp-json\/wp\/v2\/users\/8180"}],"replies":[{"embeddable":true,"href":"https:\/\/blogsaverroes.juntadeandalucia.es\/delegacioneducaciongranada\/wp-json\/wp\/v2\/comments?post=1063"}],"version-history":[{"count":8,"href":"https:\/\/blogsaverroes.juntadeandalucia.es\/delegacioneducaciongranada\/wp-json\/wp\/v2\/pages\/1063\/revisions"}],"predecessor-version":[{"id":3980,"href":"https:\/\/blogsaverroes.juntadeandalucia.es\/delegacioneducaciongranada\/wp-json\/wp\/v2\/pages\/1063\/revisions\/3980"}],"up":[{"embeddable":true,"href":"https:\/\/blogsaverroes.juntadeandalucia.es\/delegacioneducaciongranada\/wp-json\/wp\/v2\/pages\/997"}],"wp:attachment":[{"href":"https:\/\/blogsaverroes.juntadeandalucia.es\/delegacioneducaciongranada\/wp-json\/wp\/v2\/media?parent=1063"}],"curies":[{"name":"wp","href":"https:\/\/api.w.org\/{rel}","templated":true}]}}

<p style="text-align: justify"><a href="https://blogsaverroes.juntadeandalucia.es/delegacioneducaciongranada/files/2020/11/unnamed-7.png"><img loading="lazy" decoding="async" class="size-full wp-image-1012 alignleft" src="https://blogsaverroes.juntadeandalucia.es/delegacioneducaciongranada/files/2020/11/unnamed-7.png" alt="" width="280" height="82" srcset="https://blogsaverroes.juntadeandalucia.es/delegacioneducaciongranada/files/2020/11/unnamed-7.png 280w, https://blogsaverroes.juntadeandalucia.es/delegacioneducaciongranada/files/2020/11/unnamed-7-24x7.png 24w, https://blogsaverroes.juntadeandalucia.es/delegacioneducaciongranada/files/2020/11/unnamed-7-36x11.png 36w, https://blogsaverroes.juntadeandalucia.es/delegacioneducaciongranada/files/2020/11/unnamed-7-48x14.png 48w" sizes="(max-width: 280px) 100vw, 280px" /></a>El Plan de Convivencia Escolar pretende divulgar los valores universales de la Cultura de Paz y contribuir, de manera especial, impulsar el trabajo en los centros andaluces en el ámbito de la convivencia. Este espacio pretende ser una plataforma de divulgación de las experiencias educativas más significativas en materia de convivencia y en el punto de encuentro de toda la de Granada. Queremos&nbsp;poner a disposición del profesorado y de las familias experiencias de éxito, enlaces a publicaciones disponibles, citas y normativas, y en definitiva todos aquellos recursos de referencia obligada en el ámbito de la Cultura de Paz, la convivencia y la participación.</p>
<p><strong>Datos de contacto</strong></p>
<p>Nombre</p>
<p>Tfno. 958029153 / Corp 129153<u></u></p>
<p>&nbsp;</p>
<p>Email</p>
<p>Tfno. 958029089 / Corp. 129089</p>
<p>&nbsp;</p>
<p><strong>Enlaces</strong></p>
<p>PORTAL</p>
<p><a href="https://www.juntadeandalucia.es/educacion/portals/web/convivencia-escolar" target="_blank" rel="noopener noreferrer">https://www.juntadeandalucia.es/educacion/portals/web/convivencia-escolar</a></p>
<table style="border-collapse: collapse;width: 100%">
<tbody>
<tr>
<td style="width: 50%;text-align: center;border-color: #0d7312;background-color: #0a7014"><span style="color: #ffffff;font-family: helvetica, arial, sans-serif"><strong>ACTUALIDAD</strong></span></td>
<td style="width: 50%;text-align: center;border-color: #0d7312;background-color: #0a7014"><span style="color: #ffffff;font-family: helvetica, arial, sans-serif"><strong>EXPERIENCIAS DE CENTROS</strong></span></td>
</tr>
<tr>
<td style="width: 50%"><img loading="lazy" decoding="async" class="wp-image-1188 aligncenter" src="https://blogsaverroes.juntadeandalucia.es/delegacioneducaciongranada/files/2020/11/magnifying-glass-97588_1280-300x293.png" alt="" width="180" height="175" srcset="https://blogsaverroes.juntadeandalucia.es/delegacioneducaciongranada/files/2020/11/magnifying-glass-97588_1280-300x293.png 300w, https://blogsaverroes.juntadeandalucia.es/delegacioneducaciongranada/files/2020/11/magnifying-glass-97588_1280-1024x1002.png 1024w, https://blogsaverroes.juntadeandalucia.es/delegacioneducaciongranada/files/2020/11/magnifying-glass-97588_1280-768x751.png 768w, https://blogsaverroes.juntadeandalucia.es/delegacioneducaciongranada/files/2020/11/magnifying-glass-97588_1280-24x24.png 24w, https://blogsaverroes.juntadeandalucia.es/delegacioneducaciongranada/files/2020/11/magnifying-glass-97588_1280-36x36.png 36w, https://blogsaverroes.juntadeandalucia.es/delegacioneducaciongranada/files/2020/11/magnifying-glass-97588_1280-48x48.png 48w, https://blogsaverroes.juntadeandalucia.es/delegacioneducaciongranada/files/2020/11/magnifying-glass-97588_1280.png 1280w" sizes="(max-width: 180px) 100vw, 180px" /></td>
<td style="width: 50%"><img loading="lazy" decoding="async" class=" wp-image-1191 aligncenter" src="https://blogsaverroes.juntadeandalucia.es/delegacioneducaciongranada/files/2020/11/alphabet-word-images-1296212_1280-1-189x300.png" alt="" width="110" height="175" srcset="https://blogsaverroes.juntadeandalucia.es/delegacioneducaciongranada/files/2020/11/alphabet-word-images-1296212_1280-1-189x300.png 189w, https://blogsaverroes.juntadeandalucia.es/delegacioneducaciongranada/files/2020/11/alphabet-word-images-1296212_1280-1-15x24.png 15w, https://blogsaverroes.juntadeandalucia.es/delegacioneducaciongranada/files/2020/11/alphabet-word-images-1296212_1280-1-23x36.png 23w, https://blogsaverroes.juntadeandalucia.es/delegacioneducaciongranada/files/2020/11/alphabet-word-images-1296212_1280-1-30x48.png 30w, https://blogsaverroes.juntadeandalucia.es/delegacioneducaciongranada/files/2020/11/alphabet-word-images-1296212_1280-1.png 604w" sizes="(max-width: 110px) 100vw, 110px" /></td>
</tr>
</tbody>
</table>

<p>El Plan de Convivencia Escolar pretende divulgar los valores universales de la Cultura de Paz y contribuir, de manera especial, impulsar el trabajo en los centros andaluces en el ámbito de la convivencia. Este&#46;&#46;&#46;</p>
