{"id":280,"date":"2020-01-12T21:44:30","date_gmt":"2020-01-12T20:44:30","guid":{"rendered":"https:\/\/blogsaverroes.juntadeandalucia.es\/delegacioneducaciongranada\/?page_id=280"},"modified":"2020-01-28T09:17:24","modified_gmt":"2020-01-28T08:17:24","slug":"gestion-economica","status":"publish","type":"page","link":"https:\/\/blogsaverroes.juntadeandalucia.es\/delegacioneducaciongranada\/pagina-ejemplo\/gestion-economica\/","title":{"rendered":"Servicio de Gesti\u00f3n Econ\u00f3mica y Retribuciones"},"content":{"rendered":"<p>El Servicio de Retribuciones est\u00e1 compuesto por tres secciones, que se ocupan de tres \u00e1reas diferenciadas dentro de la gesti\u00f3n de 11.000 perceptores aproximadamente pertenecientes a los centros p\u00fablicos y 4.000 perceptores a centros concertados por pago delegado, todos ellos dependientes de la Delegaci\u00f3n Territorial de Educaci\u00f3n en Granada.<\/p>\n<p>Estas son: la Secci\u00f3n de Retribuciones, Secci\u00f3n de Seguridad Social y Secci\u00f3n de Centros Concertados, con sus respectivos negociados.<\/p>\n<p>Las funciones que articula la <strong>Secci\u00f3n de Retribuciones<\/strong> son:<\/p>\n<ul>\n<li>Elaboraci\u00f3n, gesti\u00f3n, pago y justificaci\u00f3n de las n\u00f3minas de Personal Docente y del Personal de Administraci\u00f3n y Servicios (PAS), adscritos a esta Delegaci\u00f3n Territorial.<\/li>\n<li>Gesti\u00f3n y control de las Retenciones Judiciales y no Judiciales con incidencia en las n\u00f3minas.<\/li>\n<li>Expedici\u00f3n de Certificados de Haberes para compatibilidad de retribuciones b\u00e1sicas para Muface, jubilaciones, IRPF. etc.<\/li>\n<li>Grabaci\u00f3n del modelo 145 \u201cComunicaci\u00f3n de datos al pagador\u201d. Son datos de car\u00e1cter personal del perceptor: n\u00famero de hijos, minusval\u00eda, IRPF. etc.<\/li>\n<li>Grabaci\u00f3n de las variaciones de datos bancarios de los perceptores<\/li>\n<li>Grabaci\u00f3n de descuento personal de afiliaci\u00f3n a Organizaciones Sindicales.<\/li>\n<li>Gesti\u00f3n y control de maternidades\/paternidades personal funcionario e interino.<\/li>\n<\/ul>\n<p>Las funciones que articula la <strong>Secci\u00f3n de Gesti\u00f3n Econ\u00f3mica<\/strong> son:<\/p>\n<ul>\n<li>Gesti\u00f3n del presupuesto de la delegaci\u00f3n territorial<\/li>\n<li>Colaboraci\u00f3n con los centros educativos en su gesti\u00f3n econ\u00f3mica<\/li>\n<li>Gesti\u00f3n de los gastos generados por los distintos servicios de la delegaci\u00f3n territorial\n<ul>\n<li>Reparaciones, conservaci\u00f3n, suministros<\/li>\n<li>Indemnizaciones (dietas)<\/li>\n<\/ul>\n<\/li>\n<li>Seguimiento de la formaci\u00f3n en centros de trabajo de centros docentes<\/li>\n<li>Devoluci\u00f3n de ingresos indebidos (tasas) generados en centros docentes<\/li>\n<li>Entidades locales<\/li>\n<li>Colaboraci\u00f3n con los centros educativos en su gesti\u00f3n econ\u00f3mica<\/li>\n<li>Atenci\u00f3n permanente de consultas (tel\u00e9fono, correo electr\u00f3nico y s\u00e9neca)<\/li>\n<li>Facturaci\u00f3n y asientos en s\u00e9neca<\/li>\n<li>Grabaci\u00f3n certificaciones fondos europeos<\/li>\n<li>Contrataci\u00f3n menor<\/li>\n<li>Validaci\u00f3n de anexo xi cierre de cuentas del ejercicio econ\u00f3mico<\/li>\n<li>Inspecci\u00f3n de cuentas por Cons. Hacienda y Adm. P\u00fablica<\/li>\n<li>Tramitaci\u00f3n de la cuenta de gastos de funcionamiento<\/li>\n<li>Altas, bajas, modificaciones<\/li>\n<\/ul>\n","protected":false},"excerpt":{"rendered":"<p>El Servicio de Retribuciones est\u00e1 compuesto por tres secciones, que se ocupan de tres \u00e1reas diferenciadas dentro de la gesti\u00f3n de 11.000 perceptores aproximadamente pertenecientes a los centros p\u00fablicos y 4.000 perceptores a centros&#46;&#46;&#46;<\/p>\n","protected":false},"author":8180,"featured_media":0,"parent":2,"menu_order":0,"comment_status":"closed","ping_status":"closed","template":"","meta":{"ngg_post_thumbnail":0,"footnotes":""},"aioseo_notices":[],"_links":{"self":[{"href":"https:\/\/blogsaverroes.juntadeandalucia.es\/delegacioneducaciongranada\/wp-json\/wp\/v2\/pages\/280"}],"collection":[{"href":"https:\/\/blogsaverroes.juntadeandalucia.es\/delegacioneducaciongranada\/wp-json\/wp\/v2\/pages"}],"about":[{"href":"https:\/\/blogsaverroes.juntadeandalucia.es\/delegacioneducaciongranada\/wp-json\/wp\/v2\/types\/page"}],"author":[{"embeddable":true,"href":"https:\/\/blogsaverroes.juntadeandalucia.es\/delegacioneducaciongranada\/wp-json\/wp\/v2\/users\/8180"}],"replies":[{"embeddable":true,"href":"https:\/\/blogsaverroes.juntadeandalucia.es\/delegacioneducaciongranada\/wp-json\/wp\/v2\/comments?post=280"}],"version-history":[{"count":3,"href":"https:\/\/blogsaverroes.juntadeandalucia.es\/delegacioneducaciongranada\/wp-json\/wp\/v2\/pages\/280\/revisions"}],"predecessor-version":[{"id":448,"href":"https:\/\/blogsaverroes.juntadeandalucia.es\/delegacioneducaciongranada\/wp-json\/wp\/v2\/pages\/280\/revisions\/448"}],"up":[{"embeddable":true,"href":"https:\/\/blogsaverroes.juntadeandalucia.es\/delegacioneducaciongranada\/wp-json\/wp\/v2\/pages\/2"}],"wp:attachment":[{"href":"https:\/\/blogsaverroes.juntadeandalucia.es\/delegacioneducaciongranada\/wp-json\/wp\/v2\/media?parent=280"}],"curies":[{"name":"wp","href":"https:\/\/api.w.org\/{rel}","templated":true}]}}