{"id":284,"date":"2020-01-12T21:45:34","date_gmt":"2020-01-12T20:45:34","guid":{"rendered":"https:\/\/blogsaverroes.juntadeandalucia.es\/delegacioneducaciongranada\/?page_id=284"},"modified":"2020-01-28T13:00:16","modified_gmt":"2020-01-28T12:00:16","slug":"servicio-de-inspeccion","status":"publish","type":"page","link":"https:\/\/blogsaverroes.juntadeandalucia.es\/delegacioneducaciongranada\/pagina-ejemplo\/servicio-de-inspeccion\/","title":{"rendered":"Servicio de Inspecci\u00f3n Educativa"},"content":{"rendered":"<p>Corresponde a la Inspecci\u00f3n Educativa, la supervisi\u00f3n, evaluaci\u00f3n y asesoramiento normativo del sistema educativo no universitario. Todo ello de acuerdo con lo regulado en la legislaci\u00f3n vigente:<\/p>\n<ol>\n<li>La potestad de inspeccionar el sistema educativo est\u00e1 establecida en el art\u00edculo 27.8. de la <strong>Constituci\u00f3n Espa\u00f1ola<\/strong>:\n<p><em>\u00abLos poderes p\u00fablicos <\/em><em>inspeccionar\u00e1n y homologar\u00e1n el sistema educativo para garantizar el cumplimiento de las leyes.\u00bb<\/em><\/li>\n<li>El art\u00edculo 52.1 del Estatuto de Autonom\u00eda para Andaluc\u00eda &nbsp;&#8211;<strong>Ley Org\u00e1nica&nbsp;<\/strong><strong>2\/2007 de 19 de marzo de reforma del Estatuto de Autonom\u00eda para &nbsp;&nbsp;&nbsp; &nbsp;&nbsp;&nbsp; &nbsp;&nbsp;&nbsp; &nbsp;&nbsp;&nbsp; &nbsp;&nbsp;&nbsp; &nbsp;&nbsp;&nbsp; &nbsp;&nbsp;&nbsp; &nbsp;&nbsp;&nbsp; Andaluc\u00eda<\/strong>-, establece que:\n<p><em>\u00abCorresponde a la Comunidad Aut\u00f3noma en materia de <\/em><em>ense\u00f1anza no universitaria, en relaci\u00f3n con las ense\u00f1anzas obligatorias y no obligatorias que conducen a la obtenci\u00f3n de un t\u00edtulo acad\u00e9mico o profesional con validez en todo el Estado, incluidas las ense\u00f1anzas de educaci\u00f3n infantil, la competencia exclusiva, que incluye la programaci\u00f3n y creaci\u00f3n de centros p\u00fablicos, su organizaci\u00f3n, r\u00e9gimen e inspecci\u00f3n.\u00bb<\/em><\/li>\n<li>La Inspecci\u00f3n Educativa, seg\u00fan el art\u00edculo 140 de la <strong>Ley Org\u00e1nica de Educaci\u00f3n <\/strong>(L.O.E.):\n<p>\u00abse realizar\u00e1 sobre todos los elementos y aspectos del sistema educativo, a fin de asegurar el cumplimiento de las leyes, la garant\u00eda de los derechos y la observancia de los deberes de cuantos participan en los procesos de ense\u00f1anza y aprendizaje, la mejora del sistema educativo y la calidad y equidad de la ense\u00f1anza.\u00bb<\/li>\n<li>De acuerdo con el art\u00edculo 145 de la&nbsp;<strong>Ley de Educaci\u00f3n de Andaluc\u00eda<\/strong>&nbsp;(L.E.A):<\/li>\n<\/ol>\n<p style=\"padding-left: 40px\"><em>\u00abLa Administraci\u00f3n educativa ejerce la inspecci\u00f3n sobre todos los centros docentes p\u00fablicos, concertados y privados, servicios educativos, programas y actividades del sistema educativo de Andaluc\u00eda, a excepci\u00f3n del universitario, mediante los funcionarios p\u00fablicos del cuerpo de inspectores de educaci\u00f3n.\u00bb<\/em><\/p>\n<p>Respecto del&nbsp;<u>organigrama<\/u> del Servicio, se podr\u00eda indicar que hay una organizaci\u00f3n especializada por \u00e1reas estructurales de trabajo, que son las siguientes:<\/p>\n<p style=\"padding-left: 40px\">1.- \u00c1rea de Educaci\u00f3n Permanente y Formaci\u00f3n Profesional<\/p>\n<p style=\"padding-left: 40px\">2.-Educaci\u00f3n en Valores, Diversidad Educativa y Convivencia<\/p>\n<p style=\"padding-left: 40px\">3.-Evaluaci\u00f3n del sistema educativo<\/p>\n<p style=\"padding-left: 40px\">4.- Ordenaci\u00f3n Educativa y Organizaci\u00f3n Escolar<i><\/i><em><br \/>\n<\/em><\/p>\n<p style=\"padding-left: 40px\">5.-Ense\u00f1anzas Art\u00edsticas, de idiomas y Deportivas<\/p>\n<p style=\"padding-left: 40px\">6.-R\u00e9gimen Jur\u00eddico y Administrativo<\/p>\n<p>Y una organizaci\u00f3n territorial por zonas de inspecci\u00f3n, que son las siguientes:<\/p>\n<p style=\"padding-left: 40px\">-Equipo de Inspecci\u00f3n de Zona I: \u201cBAZA-HU\u00c9SCAR, CON ALBOLOTE, MARACENA Y GRANADA CENTRO\u201d<\/p>\n<p style=\"padding-left: 40px\">-Equipo de Inspecci\u00f3n de Zona II: \u201cGUADIX MONTES ORIENTALES, ALFACAR\u2013PELIGROS, CARTUJA- ALBAYZ\u00cdN\u201d<\/p>\n<p style=\"padding-left: 40px\">-Equipo de Inspecci\u00f3n de Zona III: \u201cALHAMALOJA-MONTES OCCIDENTALES, VEGA DE GRANADA, CHANA\u201d<\/p>\n<p style=\"padding-left: 40px\">-Equipo de Inspecci\u00f3n de Zona IV: \u201cCOSTA, CON GRANADA SUR\u201d<\/p>\n<p style=\"padding-left: 40px\">-Equipo de Inspecci\u00f3n de Zona V: \u201cALPUJARRA-VALLE DE LECR\u00cdN, SIERRA NEVADA, BOLA DE ORO\u201d<\/p>\n","protected":false},"excerpt":{"rendered":"<p>Corresponde a la Inspecci\u00f3n Educativa, la supervisi\u00f3n, evaluaci\u00f3n y asesoramiento normativo del sistema educativo no universitario. Todo ello de acuerdo con lo regulado en la legislaci\u00f3n vigente: La potestad de inspeccionar el sistema educativo&#46;&#46;&#46;<\/p>\n","protected":false},"author":8180,"featured_media":0,"parent":2,"menu_order":0,"comment_status":"closed","ping_status":"closed","template":"","meta":{"ngg_post_thumbnail":0,"footnotes":""},"aioseo_notices":[],"_links":{"self":[{"href":"https:\/\/blogsaverroes.juntadeandalucia.es\/delegacioneducaciongranada\/wp-json\/wp\/v2\/pages\/284"}],"collection":[{"href":"https:\/\/blogsaverroes.juntadeandalucia.es\/delegacioneducaciongranada\/wp-json\/wp\/v2\/pages"}],"about":[{"href":"https:\/\/blogsaverroes.juntadeandalucia.es\/delegacioneducaciongranada\/wp-json\/wp\/v2\/types\/page"}],"author":[{"embeddable":true,"href":"https:\/\/blogsaverroes.juntadeandalucia.es\/delegacioneducaciongranada\/wp-json\/wp\/v2\/users\/8180"}],"replies":[{"embeddable":true,"href":"https:\/\/blogsaverroes.juntadeandalucia.es\/delegacioneducaciongranada\/wp-json\/wp\/v2\/comments?post=284"}],"version-history":[{"count":11,"href":"https:\/\/blogsaverroes.juntadeandalucia.es\/delegacioneducaciongranada\/wp-json\/wp\/v2\/pages\/284\/revisions"}],"predecessor-version":[{"id":463,"href":"https:\/\/blogsaverroes.juntadeandalucia.es\/delegacioneducaciongranada\/wp-json\/wp\/v2\/pages\/284\/revisions\/463"}],"up":[{"embeddable":true,"href":"https:\/\/blogsaverroes.juntadeandalucia.es\/delegacioneducaciongranada\/wp-json\/wp\/v2\/pages\/2"}],"wp:attachment":[{"href":"https:\/\/blogsaverroes.juntadeandalucia.es\/delegacioneducaciongranada\/wp-json\/wp\/v2\/media?parent=284"}],"curies":[{"name":"wp","href":"https:\/\/api.w.org\/{rel}","templated":true}]}}

Servicio de Inspección Educativa

<p>Corresponde a la Inspección Educativa, la supervisión, evaluación y asesoramiento normativo del sistema educativo no universitario. Todo ello de acuerdo con lo regulado en la legislación vigente:</p>
<ol>
<li>La potestad de inspeccionar el sistema educativo está establecida en el artículo 27.8. de la <strong>Constitución Española</strong>:
<p><em>«Los poderes públicos </em><em>inspeccionarán y homologarán el sistema educativo para garantizar el cumplimiento de las leyes.»</em></li>
<li>El artículo 52.1 del Estatuto de Autonomía para Andalucía &nbsp;&#8211;<strong>Ley Orgánica&nbsp;</strong><strong>2/2007 de 19 de marzo de reforma del Estatuto de Autonomía para &nbsp;&nbsp;&nbsp; &nbsp;&nbsp;&nbsp; &nbsp;&nbsp;&nbsp; &nbsp;&nbsp;&nbsp; &nbsp;&nbsp;&nbsp; &nbsp;&nbsp;&nbsp; &nbsp;&nbsp;&nbsp; &nbsp;&nbsp;&nbsp; Andalucía</strong>-, establece que:
<p><em>«Corresponde a la Comunidad Autónoma en materia de </em><em>enseñanza no universitaria, en relación con las enseñanzas obligatorias y no obligatorias que conducen a la obtención de un título académico o profesional con validez en todo el Estado, incluidas las enseñanzas de educación infantil, la competencia exclusiva, que incluye la programación y creación de centros públicos, su organización, régimen e inspección.»</em></li>
<li>La Inspección Educativa, según el artículo 140 de la <strong>Ley Orgánica de Educación </strong>(L.O.E.):
<p>«se realizará sobre todos los elementos y aspectos del sistema educativo, a fin de asegurar el cumplimiento de las leyes, la garantía de los derechos y la observancia de los deberes de cuantos participan en los procesos de enseñanza y aprendizaje, la mejora del sistema educativo y la calidad y equidad de la enseñanza.»</li>
<li>De acuerdo con el artículo 145 de la&nbsp;<strong>Ley de Educación de Andalucía</strong>&nbsp;(L.E.A):</li>
</ol>
<p style="padding-left: 40px"><em>«La Administración educativa ejerce la inspección sobre todos los centros docentes públicos, concertados y privados, servicios educativos, programas y actividades del sistema educativo de Andalucía, a excepción del universitario, mediante los funcionarios públicos del cuerpo de inspectores de educación.»</em></p>
<p>Respecto del&nbsp;<u>organigrama</u> del Servicio, se podría indicar que hay una organización especializada por áreas estructurales de trabajo, que son las siguientes:</p>
<p style="padding-left: 40px">1.- Área de Educación Permanente y Formación Profesional</p>
<p style="padding-left: 40px">2.-Educación en Valores, Diversidad Educativa y Convivencia</p>
<p style="padding-left: 40px">3.-Evaluación del sistema educativo</p>
<p style="padding-left: 40px">4.- Ordenación Educativa y Organización Escolar<i></i><em><br />
</em></p>
<p style="padding-left: 40px">5.-Enseñanzas Artísticas, de idiomas y Deportivas</p>
<p style="padding-left: 40px">6.-Régimen Jurídico y Administrativo</p>
<p>Y una organización territorial por zonas de inspección, que son las siguientes:</p>
<p style="padding-left: 40px">-Equipo de Inspección de Zona I: “BAZA-HUÉSCAR, CON ALBOLOTE, MARACENA Y GRANADA CENTRO”</p>
<p style="padding-left: 40px">-Equipo de Inspección de Zona II: “GUADIX MONTES ORIENTALES, ALFACAR–PELIGROS, CARTUJA- ALBAYZÍN”</p>
<p style="padding-left: 40px">-Equipo de Inspección de Zona III: “ALHAMALOJA-MONTES OCCIDENTALES, VEGA DE GRANADA, CHANA”</p>
<p style="padding-left: 40px">-Equipo de Inspección de Zona IV: “COSTA, CON GRANADA SUR”</p>
<p style="padding-left: 40px">-Equipo de Inspección de Zona V: “ALPUJARRA-VALLE DE LECRÍN, SIERRA NEVADA, BOLA DE ORO”</p>

<p>Corresponde a la Inspección Educativa, la supervisión, evaluación y asesoramiento normativo del sistema educativo no universitario. Todo ello de acuerdo con lo regulado en la legislación vigente: La potestad de inspeccionar el sistema educativo&#46;&#46;&#46;</p>
