{"id":294,"date":"2020-01-12T21:54:12","date_gmt":"2020-01-12T20:54:12","guid":{"rendered":"https:\/\/blogsaverroes.juntadeandalucia.es\/delegacioneducaciongranada\/?page_id=294"},"modified":"2020-04-07T12:37:10","modified_gmt":"2020-04-07T10:37:10","slug":"documentos-para-descargar","status":"publish","type":"page","link":"https:\/\/blogsaverroes.juntadeandalucia.es\/delegacioneducaciongranada\/recursos\/documentos-para-descargar\/","title":{"rendered":"Recursos: Documentos para Descargar"},"content":{"rendered":"<p><a href=\"https:\/\/blogsaverroes.juntadeandalucia.es\/delegacioneducaciongranada\/iniciativas-de-la-delegacion\/documentos-tecnicos-para-descargar\/download-1174808_640\/\" rel=\"attachment wp-att-521\"><img loading=\"lazy\" decoding=\"async\" class=\"wp-image-521 alignright\" src=\"https:\/\/blogsaverroes.juntadeandalucia.es\/delegacioneducaciongranada\/files\/2020\/03\/download-1174808_640-264x300.png\" alt=\"\" width=\"82\" height=\"94\" srcset=\"https:\/\/blogsaverroes.juntadeandalucia.es\/delegacioneducaciongranada\/files\/2020\/03\/download-1174808_640-264x300.png 264w, https:\/\/blogsaverroes.juntadeandalucia.es\/delegacioneducaciongranada\/files\/2020\/03\/download-1174808_640-21x24.png 21w, https:\/\/blogsaverroes.juntadeandalucia.es\/delegacioneducaciongranada\/files\/2020\/03\/download-1174808_640-32x36.png 32w, https:\/\/blogsaverroes.juntadeandalucia.es\/delegacioneducaciongranada\/files\/2020\/03\/download-1174808_640-42x48.png 42w, https:\/\/blogsaverroes.juntadeandalucia.es\/delegacioneducaciongranada\/files\/2020\/03\/download-1174808_640.png 563w\" sizes=\"(max-width: 82px) 100vw, 82px\" \/><\/a>En esta p\u00e1gina vamos a recopilar todos los documentos que hemos producido &nbsp;para que pod\u00e1is descargarlos de forma m\u00e1s directa y r\u00e1pida.<\/p>\n<p><a href=\"https:\/\/equipotecnicoorientaciongranada.files.wordpress.com\/2019\/05\/tutorial-escolarizacic3b3n-neae-19-20-centros-1.pdf\" target=\"_blank\" rel=\"noopener noreferrer\">TUTORIAL ESCOLARIZACI\u00d3N NEAE 2019-2020 PARA DIRECTORES Y DIRECTORAS<\/a><\/p>\n<p><strong>TUTORIALES PARA DOCUMENTOS DE MEDIDAS ESPEC\u00cdFICAS EN S\u00c9NECA:<\/strong><\/p>\n<ul>\n<li><a href=\"https:\/\/equipotecnicoorientaciongranada.files.wordpress.com\/2018\/10\/tutorial-cumplimentacic3b3n-acaci.pdf\" target=\"_blank\" rel=\"noopener noreferrer\">Tutorial para la cumplimentaci\u00f3n de programas de adaptaci\u00f3n curricular para alumnado de altas capacidades.<\/a><\/li>\n<li><a href=\"https:\/\/equipotecnicoorientaciongranada.files.wordpress.com\/2018\/10\/tutorial-cumplimentacic3b3n-acs.pdf\" target=\"_blank\" rel=\"noopener noreferrer\">Tutorial para la cumplimentaci\u00f3n de programas de adaptaci\u00f3n curricular significativa.<\/a><\/li>\n<li><a href=\"https:\/\/equipotecnicoorientaciongranada.files.wordpress.com\/2018\/10\/tutorial-cumplimentacic3b3n-pe.pdf\" target=\"_blank\" rel=\"noopener noreferrer\">Tutorial para la cumplimentaci\u00f3n de programas espec\u00edficos.<\/a><\/li>\n<li><a href=\"https:\/\/equipotecnicoorientaciongranada.files.wordpress.com\/2018\/10\/avances-y-novedades-mgo-sevilla-etpoep-25_9_18.pdf\" target=\"_blank\" rel=\"noopener noreferrer\">Presentaci\u00f3n con las novedades del M\u00f3dulo de Gesti\u00f3n de la Orientaci\u00f3n.<\/a><\/li>\n<\/ul>\n<p><strong>DOCUMENTOS PARA EOE:<\/strong><\/p>\n<ul>\n<li><a href=\"https:\/\/equipotecnicoorientaciongranada.files.wordpress.com\/2019\/09\/organizacic3b3n-y-funcionamiento-19-20.pdf\" target=\"_blank\" rel=\"noopener noreferrer\">Organizaci\u00f3n y Funcionamiento del EOE 2019-2020<\/a><\/li>\n<li><a href=\"https:\/\/equipotecnicoorientaciongranada.files.wordpress.com\/2019\/09\/documentos-para-la-organizacic3b3n-y-funcionamiento-de-los-eoe-1920.doc\" target=\"_blank\" rel=\"noopener noreferrer\">Documentos de organizaci\u00f3n y funcionamiento para los EOE 2019-2020 en doc.<\/a><\/li>\n<li><a href=\"https:\/\/equipotecnicoorientaciongranada.files.wordpress.com\/2019\/09\/guc3ada-para-elaborar-plan-de-trabajo-eoe-2019-20.doc\" target=\"_blank\" rel=\"noopener noreferrer\">Gu\u00eda para la elaboraci\u00f3n del Plan Anual de Trabajo del EOE 2019-2020 en doc.<\/a><\/li>\n<li><a href=\"https:\/\/equipotecnicoorientaciongranada.files.wordpress.com\/2019\/09\/guc3ada-para-elaborar-memoria-2019-20.doc\" target=\"_blank\" rel=\"noopener noreferrer\">Gu\u00eda para la elaboraci\u00f3n de la Memoria Final del EOE 2019-2020 en doc.<\/a><\/li>\n<\/ul>\n<p><strong>DOCUMENTOS PARA LA ORIENTACI\u00d3N<\/strong><\/p>\n<ul>\n<li><a href=\"https:\/\/equipotecnicoorientaciongranada.files.wordpress.com\/2019\/12\/lineas-de-actuacic3b3n-prioritarias-2019-2020.pdf\" target=\"_blank\" rel=\"noopener noreferrer\">Lineas de actuaci\u00f3n prioritaria provinciales para la orientaci\u00f3n educativa y profesional 2019-2020<\/a><\/li>\n<\/ul>\n<p><strong>DOCUMENTOS PARA LOS DOCENTES EN GENERAL<\/strong><\/p>\n<ul>\n<li><a title=\"guia profesorado no te en_redes-4\" href=\"https:\/\/equipotecnicoorientaciongranada.files.wordpress.com\/2018\/01\/guia-profesorado-no-te-en_redes-4.pdf\">Gu\u00eda profesorado no te en_redes (acoso escolar y riesgos de internet)<\/a><\/li>\n<li><a title=\"pidele-peras-al-olmo\" href=\"https:\/\/equipotecnicoorientaciongranada.files.wordpress.com\/2016\/11\/pc3addele-peras-al-olmo.pdf\">P\u00eddele-peras-al-olmo (para mejorar problemas de convivencia)<\/a><\/li>\n<li><a href=\"https:\/\/equipotecnicoorientaciongranada.files.wordpress.com\/2019\/04\/guc3ada-de-orientacic3b3n-granada-19-20-1.pdf\">Gu\u00eda orientaci\u00f3n acad\u00e9mica y profesional de Granada 19-20<\/a><\/li>\n<li><a title=\"toctocinstrucciones\" href=\"https:\/\/equipotecnicoorientaciongranada.files.wordpress.com\/2016\/04\/toctocinstrucciones.pdf\">Toctocinstrucciones (prevenci\u00f3n violencia de g\u00e9nero)<\/a><\/li>\n<li><a title=\"toctocinfografiadefinitiva\" href=\"https:\/\/equipotecnicoorientaciongranada.files.wordpress.com\/2016\/04\/toctocinfografiadefinitiva2.pdf\">Toctocinfografiadefinitiva&nbsp;<\/a><a title=\"toctocinstrucciones\" href=\"https:\/\/equipotecnicoorientaciongranada.files.wordpress.com\/2016\/04\/toctocinstrucciones.pdf\">(prevenci\u00f3n violencia de g\u00e9nero)<\/a><\/li>\n<li><a title=\"hacerposiblelocontrario\" href=\"https:\/\/equipotecnicoorientaciongranada.files.wordpress.com\/2014\/11\/hacerposiblelocontrario.pdf\">Hacerposiblelocontrario (manual de metodolog\u00edas inclusivas)<\/a><\/li>\n<li><a href=\"https:\/\/equipotecnicoorientaciongranada.files.wordpress.com\/2019\/12\/instrucciones-progresa-olimpicamente.pdf\">Instrucciones Progresa Ol\u00edmpicamente<\/a><\/li>\n<\/ul>\n<p><strong>DOCUMENTOS PARA ZONAS EDUCATIVAS<\/strong><\/p>\n<ul>\n<li><a title=\"ZONAS EDUCATIVAS-2\" href=\"https:\/\/equipotecnicoorientaciongranada.files.wordpress.com\/2017\/08\/zonas-educativas-2.pdf\">ZONAS EDUCATIVAS-L\u00ednea prioritaria: Plan de Convivencia (acoso y ciberacoso)<\/a><\/li>\n<li><a href=\"https:\/\/equipotecnicoorientaciongranada.files.wordpress.com\/2019\/12\/orientaciones-transito-0-3-a-3-6_3.0-.pdf\" target=\"_blank\" rel=\"noopener noreferrer\">Del Colegio a la Escuela<\/a><\/li>\n<li><a href=\"https:\/\/drive.google.com\/file\/d\/1lNZ2GfZSesFuiPI3pc8KvHaH8fh7-F8C\/view\" target=\"_blank\" rel=\"noopener noreferrer\">De Infantil a Primaria<\/a><\/li>\n<li><a href=\"https:\/\/equipotecnicoorientaciongranada.files.wordpress.com\/2019\/06\/de-primaria-a-secundaria-2.0.pdf\" target=\"_blank\" rel=\"noopener noreferrer\">De Primaria a Secundaria<\/a><\/li>\n<\/ul>\n<div class=\"page\" title=\"Page 2\">\n<div class=\"layoutArea\">\n<div class=\"column\">&nbsp;<\/div>\n<\/div>\n<\/div>\n","protected":false},"excerpt":{"rendered":"<p>En esta p\u00e1gina vamos a recopilar todos los documentos que hemos producido &nbsp;para que pod\u00e1is descargarlos de forma m\u00e1s directa y r\u00e1pida. TUTORIAL ESCOLARIZACI\u00d3N NEAE 2019-2020 PARA DIRECTORES Y DIRECTORAS TUTORIALES PARA DOCUMENTOS DE&#46;&#46;&#46;<\/p>\n","protected":false},"author":8180,"featured_media":0,"parent":292,"menu_order":0,"comment_status":"closed","ping_status":"closed","template":"","meta":{"ngg_post_thumbnail":0,"footnotes":""},"aioseo_notices":[],"_links":{"self":[{"href":"https:\/\/blogsaverroes.juntadeandalucia.es\/delegacioneducaciongranada\/wp-json\/wp\/v2\/pages\/294"}],"collection":[{"href":"https:\/\/blogsaverroes.juntadeandalucia.es\/delegacioneducaciongranada\/wp-json\/wp\/v2\/pages"}],"about":[{"href":"https:\/\/blogsaverroes.juntadeandalucia.es\/delegacioneducaciongranada\/wp-json\/wp\/v2\/types\/page"}],"author":[{"embeddable":true,"href":"https:\/\/blogsaverroes.juntadeandalucia.es\/delegacioneducaciongranada\/wp-json\/wp\/v2\/users\/8180"}],"replies":[{"embeddable":true,"href":"https:\/\/blogsaverroes.juntadeandalucia.es\/delegacioneducaciongranada\/wp-json\/wp\/v2\/comments?post=294"}],"version-history":[{"count":8,"href":"https:\/\/blogsaverroes.juntadeandalucia.es\/delegacioneducaciongranada\/wp-json\/wp\/v2\/pages\/294\/revisions"}],"predecessor-version":[{"id":557,"href":"https:\/\/blogsaverroes.juntadeandalucia.es\/delegacioneducaciongranada\/wp-json\/wp\/v2\/pages\/294\/revisions\/557"}],"up":[{"embeddable":true,"href":"https:\/\/blogsaverroes.juntadeandalucia.es\/delegacioneducaciongranada\/wp-json\/wp\/v2\/pages\/292"}],"wp:attachment":[{"href":"https:\/\/blogsaverroes.juntadeandalucia.es\/delegacioneducaciongranada\/wp-json\/wp\/v2\/media?parent=294"}],"curies":[{"name":"wp","href":"https:\/\/api.w.org\/{rel}","templated":true}]}}