{"id":70,"date":"2025-09-29T20:56:16","date_gmt":"2025-09-29T18:56:16","guid":{"rendered":"https:\/\/blogsaverroes.juntadeandalucia.es\/deorientacioniesfernando3\/?page_id=70"},"modified":"2025-10-13T20:45:12","modified_gmt":"2025-10-13T18:45:12","slug":"acceso-desde-fp-grado-superio","status":"publish","type":"page","link":"https:\/\/blogsaverroes.juntadeandalucia.es\/deorientacioniesfernando3\/acceso-desde-fp-grado-superio\/","title":{"rendered":"Acceso desde FP Grado superior"},"content":{"rendered":"<p><b>\u00a0S<\/b>i has realizado un ciclo formativo de grado superior y tu pr\u00f3ximo destino grado<\/p>\n<p>universitario, \u00e9sta es tu informaci\u00f3n.<\/p>\n<div>\n<div><iframe loading=\"lazy\" src=\"https:\/\/view.genial.ly\/65df0c3dad7ee4001488a194\" width=\"600px\" height=\"475px\" frameborder=\"0\" scrolling=\"yes\"><\/iframe><\/div>\n<\/div>\n<p>(Presentaci\u00f3n de Noem\u00ed S\u00e1nchez Delgado)<\/p>\n<div>\n<div><iframe loading=\"lazy\" src=\"https:\/\/view.genial.ly\/6037d08e2e75ae0d0934b571\" width=\"600\" height=\"475\" frameborder=\"0\" scrolling=\"yes\"><\/iframe><\/div>\n<div>(Presentaci\u00f3n de Noem\u00ed S\u00e1nchez Delgado)<\/div>\n<\/div>\n","protected":false},"excerpt":{"rendered":"<p>\u00a0Si has realizado un ciclo formativo de grado superior y tu pr\u00f3ximo destino grado universitario, \u00e9sta es tu informaci\u00f3n. (Presentaci\u00f3n de Noem\u00ed S\u00e1nchez Delgado) (Presentaci\u00f3n de Noem\u00ed S\u00e1nchez Delgado)<\/p>\n","protected":false},"author":15677,"featured_media":0,"parent":0,"menu_order":0,"comment_status":"closed","ping_status":"closed","template":"","meta":{"footnotes":""},"aioseo_notices":[],"_links":{"self":[{"href":"https:\/\/blogsaverroes.juntadeandalucia.es\/deorientacioniesfernando3\/wp-json\/wp\/v2\/pages\/70"}],"collection":[{"href":"https:\/\/blogsaverroes.juntadeandalucia.es\/deorientacioniesfernando3\/wp-json\/wp\/v2\/pages"}],"about":[{"href":"https:\/\/blogsaverroes.juntadeandalucia.es\/deorientacioniesfernando3\/wp-json\/wp\/v2\/types\/page"}],"author":[{"embeddable":true,"href":"https:\/\/blogsaverroes.juntadeandalucia.es\/deorientacioniesfernando3\/wp-json\/wp\/v2\/users\/15677"}],"replies":[{"embeddable":true,"href":"https:\/\/blogsaverroes.juntadeandalucia.es\/deorientacioniesfernando3\/wp-json\/wp\/v2\/comments?post=70"}],"version-history":[{"count":5,"href":"https:\/\/blogsaverroes.juntadeandalucia.es\/deorientacioniesfernando3\/wp-json\/wp\/v2\/pages\/70\/revisions"}],"predecessor-version":[{"id":355,"href":"https:\/\/blogsaverroes.juntadeandalucia.es\/deorientacioniesfernando3\/wp-json\/wp\/v2\/pages\/70\/revisions\/355"}],"wp:attachment":[{"href":"https:\/\/blogsaverroes.juntadeandalucia.es\/deorientacioniesfernando3\/wp-json\/wp\/v2\/media?parent=70"}],"curies":[{"name":"wp","href":"https:\/\/api.w.org\/{rel}","templated":true}]}}