{"id":160,"date":"2017-07-09T15:33:27","date_gmt":"2017-07-09T15:33:27","guid":{"rendered":"https:\/\/blogsaverroes.juntadeandalucia.es\/depaelca\/?page_id=160"},"modified":"2025-05-05T16:44:17","modified_gmt":"2025-05-05T16:44:17","slug":"proyectos","status":"publish","type":"page","link":"https:\/\/blogsaverroes.juntadeandalucia.es\/depaelca\/proyectos\/","title":{"rendered":"PROYECTOS"},"content":{"rendered":"<p style=\"text-align: justify\"><span style=\"font-size: 14pt\"><strong>Los alumnos y alumnas de los Ciclos Formativos de Grado Superior complementan su formaci\u00f3n realizando diferentes trabajos y proyectos a lo largo del curso acad\u00e9mico. Dichos proyectos tratan de integrar los conocimientos adquiridos en los diferentes m\u00f3dulos profesionales impartidos en el Ciclo Formativo.<\/strong><\/span><\/p>\n<p style=\"text-align: justify\"><span style=\"font-size: 14pt\"><strong>Aqu\u00ed presentamos algunos de los proyectos realizados por&nbsp;los alumnos de 2\u00ba Curso del C.F.G.S. de Automatizaci\u00f3n y Rob\u00f3tica Industrial.<\/strong><\/span><\/p>\n<p><span style=\"font-size: 14pt\"><strong>PROYECTO:<\/strong> <span style=\"color: #993300\"><strong>Control Maqueta did\u00e1ctica con S7-1200 y Win CC.<\/strong><\/span><\/span><\/p>\n<div class=\"embed-container\"><iframe loading=\"lazy\" title=\"CONTROL MAQUETA DID\u00c1CTICA CON WIN CC\" width=\"1036\" height=\"583\" src=\"https:\/\/www.youtube.com\/embed\/sCflyuJGLPA?feature=oembed\" frameborder=\"0\" allow=\"accelerometer; autoplay; clipboard-write; encrypted-media; gyroscope; picture-in-picture; web-share\" referrerpolicy=\"strict-origin-when-cross-origin\" allowfullscreen><\/iframe><\/div>\n<p style=\"text-align: justify\"><span style=\"font-size: 14pt\"><strong>PROYECTO:<\/strong> <span style=\"color: #993300\"><strong>Control PID de un Motor de CC con Arduino UNO y Supervisi\u00f3n con LabVIEW.<\/strong><\/span><\/span><\/p>\n<div class=\"embed-container\"><iframe loading=\"lazy\" title=\"Contol PID de motor DC con LDR\" width=\"1036\" height=\"583\" src=\"https:\/\/www.youtube.com\/embed\/iS4csQ5A1W8?feature=oembed\" frameborder=\"0\" allow=\"accelerometer; autoplay; clipboard-write; encrypted-media; gyroscope; picture-in-picture; web-share\" referrerpolicy=\"strict-origin-when-cross-origin\" allowfullscreen><\/iframe><\/div>\n<hr>\n<p><span style=\"font-size: 14pt\"><strong>PROYECTO:<\/strong> <span style=\"color: #993300\"><strong>CONTROL ENSAMBLADO CON ROBOT ABB<\/strong><\/span><\/span><\/p>\n<div style=\"width: 1036px;\" class=\"wp-video\"><!--[if lt IE 9]><script>document.createElement('video');<\/script><![endif]-->\n<video class=\"wp-video-shortcode\" id=\"video-160-1\" width=\"1036\" height=\"583\" preload=\"metadata\" controls=\"controls\"><source type=\"video\/mp4\" src=\"https:\/\/blogsaverroes.juntadeandalucia.es\/depaelca\/files\/2019\/10\/Robot-ABB.mp4?_=1\" \/><a href=\"https:\/\/blogsaverroes.juntadeandalucia.es\/depaelca\/files\/2019\/10\/Robot-ABB.mp4\">https:\/\/blogsaverroes.juntadeandalucia.es\/depaelca\/files\/2019\/10\/Robot-ABB.mp4<\/a><\/video><\/div>\n<hr>\n<p style=\"text-align: justify\"><span style=\"font-size: 14pt\"><strong>PROYECTO:<\/strong> <span style=\"color: #993300\"><strong>SISTEMA DE AUTOMATIZACI\u00d3N DE UNA PLANTA DE ABONO L\u00cdQUIDO PARA RIEGOS<\/strong><\/span><\/span><\/p>\n<p style=\"text-align: justify\"><span style=\"font-size: 14pt\">El sistema permite el control de diferentes zonas de riego. En sistema es supervisado por el operario mediante una interface HMI. Tambi\u00e9n se puede realizar su gesti\u00f3n a distancia bien v\u00eda m\u00f3vil, v\u00eda internet o mediante un sistema de radioenlace por RF.&nbsp;Todo el sistema de control se alimenta con Energ\u00eda Solar.<\/span><\/p>\n<p style=\"text-align: justify\"><span style=\"font-size: 14pt\">El sistema de control re realiz\u00f3 con un aut\u00f3mata S7-1500 y una pantalla HMI KTP-600 de la marca Siemens.<\/span><\/p>\n<p style=\"text-align: justify\"><span style=\"font-size: 14pt\">Proyecto&nbsp;presentado en el 8\u00ba Concurso de Prototipos Industry Automation de Siemens. Curso 2015\/2016.<\/span><\/p>\n<div class=\"embed-container\"><iframe loading=\"lazy\" title=\"Sistema automatizado de abono l\u00edquido para regad\u00edos\" width=\"1036\" height=\"777\" src=\"https:\/\/www.youtube.com\/embed\/bWNDjN555Ew?feature=oembed\" frameborder=\"0\" allow=\"accelerometer; autoplay; clipboard-write; encrypted-media; gyroscope; picture-in-picture; web-share\" referrerpolicy=\"strict-origin-when-cross-origin\" allowfullscreen><\/iframe><\/div>\n<hr>\n<p style=\"text-align: justify\"><span style=\"font-size: 14pt\"><strong>PROYECTO: <span style=\"color: #993300\">SISTEMA DE MONTAJE AUTOMATIZADO DE MOSAICOS DE AZULEJOS<\/span><\/strong><\/span><\/p>\n<p style=\"text-align: justify\"><span style=\"font-size: 14pt\">El sistema realiza&nbsp;de forma autom\u00e1tica un mosaico de 15 azulejos de 5cmx5cm de dos colores. El mosaico a construir es previamente configurado por el operario a trav\u00e9s de una pantalla HMI.<\/span><\/p>\n<p style=\"text-align: justify\"><span style=\"font-size: 14pt\">El sistema de control re realiz\u00f3 con un aut\u00f3mata S7-1214 y una pantalla HMI KTP-600 de la marca Siemens.<\/span><\/p>\n<p style=\"text-align: justify\"><span style=\"font-size: 14pt\">Algunas piezas de pl\u00e1stico necesarias para el proyecto fueron realizadas mediante impresi\u00f3n 3D.<\/span><\/p>\n<p style=\"text-align: justify\"><span style=\"font-size: 14pt\">Proyecto&nbsp;presentado en el 9\u00ba Concurso de Prototipos Industry Automation de Siemens. Curso 2016\/2017.<\/span><\/p>\n<div class=\"embed-container\"><iframe loading=\"lazy\" title=\"2 ARI - MOSAICO AZULEJOS PERSONALIZABLE\" width=\"1036\" height=\"583\" src=\"https:\/\/www.youtube.com\/embed\/2WQ7y3b6N8E?feature=oembed\" frameborder=\"0\" allow=\"accelerometer; autoplay; clipboard-write; encrypted-media; gyroscope; picture-in-picture; web-share\" referrerpolicy=\"strict-origin-when-cross-origin\" allowfullscreen><\/iframe><\/div>\n<hr>\n<p style=\"text-align: left\"><span style=\"font-size: 14pt\"><strong>PROYECTO:<span style=\"color: #993300\"> SISTEMA AUTOMATIZADO DE TRASVASE DE L\u00cdQUIDOS ENTRE DEP\u00d3SITOS&nbsp;<\/span><\/strong>&nbsp;<\/span><\/p>\n<p style=\"text-align: justify\"><span style=\"font-size: 14pt\">El sistema permite que el usuario determine el nivel de l\u00edquido que debe trasvasarse de un dep\u00f3sito a otro a trav\u00e9s de una pantalla de operador HMI KTP 600. Una vez establecidos los par\u00e1metros, el sistema activa el trasvase de l\u00edquidos. El nivel de los dep\u00f3sitos se comprueba continuamente mediante dos sensores de ultrasonidos asociados a las entradas anal\u00f3gicas de un aut\u00f3mata S7-1200, quien supervisa y controla todo el sistema.<\/span><\/p>\n<p style=\"text-align: justify\"><span style=\"font-size: 14pt\">Algunas piezas de pl\u00e1stico necesarias para el proyecto fueron realizadas mediante impresi\u00f3n 3D.<\/span><\/p>\n<div class=\"embed-container\"><iframe loading=\"lazy\" title=\"2 ARI - TRASVASE DE L\u00cdQUIDOS\" width=\"1036\" height=\"583\" src=\"https:\/\/www.youtube.com\/embed\/RpiuI5vQXj0?feature=oembed\" frameborder=\"0\" allow=\"accelerometer; autoplay; clipboard-write; encrypted-media; gyroscope; picture-in-picture; web-share\" referrerpolicy=\"strict-origin-when-cross-origin\" allowfullscreen><\/iframe><\/div>\n<hr>\n<p style=\"text-align: left\"><span style=\"font-size: 14pt\"><strong>PROYECTO: <span style=\"color: #993300\">SISTEMA DE SELECCI\u00d3N, ENSAMBLADO Y ALMACENAMIENTO DE PIEZAS<\/span><\/strong><\/span><\/p>\n<p style=\"text-align: justify\"><span style=\"font-size: 14pt\">Utilizamos 4 maquetas did\u00e1cticas FMS-400 de la empresa SMC para realizar el control de un proceso de ensamblaje y almacenamiento de piezas procesadas. La estaci\u00f3n n\u00ba1 alimenta y suministra piezas al sistema, al mismo tiempo que discrimina las piezas mal colocadas, no v\u00e1lidas o defectuosas. Las piezas correctas se sit\u00faan sobre una base para su traslado mediante una cinta transportadora a la siguiente estaci\u00f3n. La estaci\u00f3n n\u00ba 2 selecciona y coloca un rodamiento en la pieza. La estaci\u00f3n n\u00ba 3 coloca 4 tornillos a la pieza, y por \u00faltimo, la estaci\u00f3n n\u00ba 4 sirve de almac\u00e9n de las piezas tratadas.<\/span><\/p>\n<p style=\"text-align: justify\"><span style=\"font-size: 14pt\">Las maquetas y las cintas de transporte son supervisadas y controladas mediante 4 aut\u00f3matas S7-300 de la marca Siemens. La comunicaci\u00f3n entre los aut\u00f3matas y los dispositivos que controlan las cintas de transporte se realiza mediante la conexi\u00f3n en red Profibus.<\/span><\/p>\n<div class=\"embed-container\"><iframe loading=\"lazy\" title=\"Control maquetas SMC con S7-300 y Profibus\" width=\"1036\" height=\"777\" src=\"https:\/\/www.youtube.com\/embed\/iFyT20Eb-lg?feature=oembed\" frameborder=\"0\" allow=\"accelerometer; autoplay; clipboard-write; encrypted-media; gyroscope; picture-in-picture; web-share\" referrerpolicy=\"strict-origin-when-cross-origin\" allowfullscreen><\/iframe><\/div>\n<hr>\n<p style=\"text-align: left\"><span style=\"font-size: 14pt\"><strong>PROYECTO: &nbsp;<span style=\"color: #993300\">SISTEMA LINEAL DE SELECCI\u00d3N DE PIEZAS<\/span><\/strong><\/span><\/p>\n<p style=\"text-align: justify\"><span style=\"font-size: 14pt\">El sistema dispone de un dispensador de piezas que han de ser supervisadas y seleccionadas en funci\u00f3n de su posici\u00f3n, color y tipo de material empleado (metal o pl\u00e1stico). El sistema est\u00e1 realizado sobre una de las maquetas de la marca Cristiani disponibles en el aula. El control y la supervisi\u00f3n del sistema se realiza mediante un aut\u00f3mata S7-1200 y una pantalla HMI KTP-600 de la marca Siemens.<\/span><\/p>\n<div class=\"embed-container\"><iframe loading=\"lazy\" title=\"Sistema lineal de selecci\u00f3n de piezas\" width=\"1036\" height=\"777\" src=\"https:\/\/www.youtube.com\/embed\/OcmMEjPySR4?feature=oembed\" frameborder=\"0\" allow=\"accelerometer; autoplay; clipboard-write; encrypted-media; gyroscope; picture-in-picture; web-share\" referrerpolicy=\"strict-origin-when-cross-origin\" allowfullscreen><\/iframe><\/div>\n<hr>\n<p style=\"text-align: left\"><span style=\"font-size: 14pt\"><strong>PROYECTO: <span style=\"color: #993300\">PARKING AUTOMATIZADO<\/span><\/strong><\/span><\/p>\n<p style=\"text-align: justify\"><span style=\"font-size: 14pt\">Utilizamos un S7-1200 y una pantalla HMI KTP-600 para supervisar y controlar el funcionamiento de un parking de veh\u00edculos. Algunas piezas de pl\u00e1stico necesarias fueron realizadas con impresora 3D.<\/span><\/p>\n<div class=\"embed-container\"><iframe loading=\"lazy\" title=\"2 ARI - PARKING\" width=\"1036\" height=\"583\" src=\"https:\/\/www.youtube.com\/embed\/1W912IqRu6c?feature=oembed\" frameborder=\"0\" allow=\"accelerometer; autoplay; clipboard-write; encrypted-media; gyroscope; picture-in-picture; web-share\" referrerpolicy=\"strict-origin-when-cross-origin\" allowfullscreen><\/iframe><\/div>\n<hr>\n<p style=\"text-align: left\"><span style=\"font-size: 14pt\"><strong>PROYECTO: <span style=\"color: #993300\">SISTEMA DE PRENSADO O ESTAMPACI\u00d3N<\/span><\/strong><\/span><\/p>\n<p style=\"text-align: justify\"><span style=\"font-size: 14pt\">El sistema utiliza dos maquetas did\u00e1cticas de la marca Cristiani para simular el proceso de estampaci\u00f3n o prensado de piezas. El control se realiza con un PLC S7-1214 y una pantalla HMI KTP600 de la marca Siemens.<\/span><\/p>\n<div class=\"embed-container\"><iframe loading=\"lazy\" title=\"Sistema de prensado o estampaci\u00f3n con S7 1200 y HMI KTP 600\" width=\"1036\" height=\"777\" src=\"https:\/\/www.youtube.com\/embed\/54CGrBT-0EQ?feature=oembed\" frameborder=\"0\" allow=\"accelerometer; autoplay; clipboard-write; encrypted-media; gyroscope; picture-in-picture; web-share\" referrerpolicy=\"strict-origin-when-cross-origin\" allowfullscreen><\/iframe><\/div>\n<hr>\n<p style=\"text-align: left\"><span style=\"font-size: 14pt\"><strong>PROYECTO: <span style=\"color: #993300\">CONTROLADOR DE NIVEL<\/span><\/strong><\/span><\/p>\n<p style=\"text-align: justify\"><span style=\"font-size: 14pt\">Se trata de un sistema que trata de situar una bola que se desplaza sobre un carril hasta que quede en una posici\u00f3n predeterminada. Es sistema se realiza mediante un control PID donde los ajustes correctos de las constantes Proporcional, Derivativa e Integral consiguen estabilizar la bola.<\/span><\/p>\n<p style=\"text-align: justify\"><span style=\"font-size: 14pt\">El sistema utiliza un aut\u00f3mata S7-1200 y una placa Arduino para el control de un servomotor.<\/span><\/p>\n<div class=\"embed-container\"><iframe loading=\"lazy\" title=\"2 ARI - CONTROLADOR PID  DE NIVEL\" width=\"1036\" height=\"583\" src=\"https:\/\/www.youtube.com\/embed\/vwcR5EIDkLc?feature=oembed\" frameborder=\"0\" allow=\"accelerometer; autoplay; clipboard-write; encrypted-media; gyroscope; picture-in-picture; web-share\" referrerpolicy=\"strict-origin-when-cross-origin\" allowfullscreen><\/iframe><\/div>\n<hr>\n<p style=\"text-align: justify\"><span style=\"font-size: 14pt\"><strong>PROYECTO: <span style=\"color: #993300\">CADENA DE ENSAMBLAJE Y ALMACENAMIENTO<\/span><\/strong><\/span><\/p>\n<p style=\"text-align: justify\"><span style=\"font-size: 14pt\">ESTE PROCESO ES EL PRIMERO DE CUATRO, NECESARIO PARA EL ENSAMBLAJE DE UNA PIEZA CON CUATRO TORNILLOS &nbsp;Y UN &nbsp;RODAMIENTO, QUE FINALMENTE SE ALMACENA AUTOM\u00c1TICAMENTE.<\/span><\/p>\n<div class=\"embed-container\"><iframe loading=\"lazy\" title=\"2 ARI - SUMINISTROS DE PIEZAS BASE- CADENA ENSAMBLAJE Y ALMACENAMIENTO.\" width=\"1036\" height=\"583\" src=\"https:\/\/www.youtube.com\/embed\/NqIJd6Bu32Q?feature=oembed\" frameborder=\"0\" allow=\"accelerometer; autoplay; clipboard-write; encrypted-media; gyroscope; picture-in-picture; web-share\" referrerpolicy=\"strict-origin-when-cross-origin\" allowfullscreen><\/iframe><\/div>\n<p style=\"text-align: center\">&nbsp;<\/p>\n<p style=\"text-align: center\">&nbsp;<\/p>\n<p style=\"text-align: center\">&nbsp;<\/p>\n<p style=\"text-align: center\">&nbsp;<\/p>\n<p style=\"text-align: center\">&nbsp;<\/p>\n<p style=\"text-align: center\">&nbsp;<\/p>\n<p style=\"text-align: center\">&nbsp;<\/p>\n<p style=\"text-align: center\">&nbsp;<\/p>\n<p style=\"text-align: center\">&nbsp;<\/p>\n<p style=\"text-align: center\">&nbsp;<\/p>\n<p style=\"text-align: center\">&nbsp;<\/p>\n<p style=\"text-align: center\">&nbsp;<\/p>\n<p style=\"text-align: center\">&nbsp;<\/p>\n<p style=\"text-align: center\">&nbsp;<\/p>\n<p style=\"text-align: center\">&nbsp;<\/p>\n<p style=\"text-align: center\">&nbsp;<\/p>\n<p style=\"text-align: center\">&nbsp;<\/p>\n<p style=\"text-align: center\">&nbsp;<\/p>\n<p style=\"text-align: center\">&nbsp;<\/p>\n<p style=\"text-align: center\">&nbsp;<\/p>\n<p style=\"text-align: center\">&nbsp;<\/p>\n","protected":false},"excerpt":{"rendered":"<p>Los alumnos y alumnas de los Ciclos Formativos de Grado Superior complementan su formaci\u00f3n realizando diferentes trabajos y proyectos a lo largo del curso acad\u00e9mico. Dichos proyectos tratan de integrar los conocimientos adquiridos en los diferentes m\u00f3dulos profesionales impartidos en el Ciclo Formativo. Aqu\u00ed presentamos algunos de los proyectos realizados por&nbsp;los alumnos de 2\u00ba Curso &hellip; <\/p>\n<p><a class=\"more-link btn\" href=\"https:\/\/blogsaverroes.juntadeandalucia.es\/depaelca\/proyectos\/\">Seguir leyendo<\/a><\/p>\n","protected":false},"author":5100,"featured_media":0,"parent":0,"menu_order":0,"comment_status":"closed","ping_status":"closed","template":"","meta":{"ngg_post_thumbnail":0,"footnotes":""},"aioseo_notices":[],"_links":{"self":[{"href":"https:\/\/blogsaverroes.juntadeandalucia.es\/depaelca\/wp-json\/wp\/v2\/pages\/160"}],"collection":[{"href":"https:\/\/blogsaverroes.juntadeandalucia.es\/depaelca\/wp-json\/wp\/v2\/pages"}],"about":[{"href":"https:\/\/blogsaverroes.juntadeandalucia.es\/depaelca\/wp-json\/wp\/v2\/types\/page"}],"author":[{"embeddable":true,"href":"https:\/\/blogsaverroes.juntadeandalucia.es\/depaelca\/wp-json\/wp\/v2\/users\/5100"}],"replies":[{"embeddable":true,"href":"https:\/\/blogsaverroes.juntadeandalucia.es\/depaelca\/wp-json\/wp\/v2\/comments?post=160"}],"version-history":[{"count":34,"href":"https:\/\/blogsaverroes.juntadeandalucia.es\/depaelca\/wp-json\/wp\/v2\/pages\/160\/revisions"}],"predecessor-version":[{"id":1267,"href":"https:\/\/blogsaverroes.juntadeandalucia.es\/depaelca\/wp-json\/wp\/v2\/pages\/160\/revisions\/1267"}],"wp:attachment":[{"href":"https:\/\/blogsaverroes.juntadeandalucia.es\/depaelca\/wp-json\/wp\/v2\/media?parent=160"}],"curies":[{"name":"wp","href":"https:\/\/api.w.org\/{rel}","templated":true}]}}