{"id":502,"date":"2017-07-20T09:17:52","date_gmt":"2017-07-20T09:17:52","guid":{"rendered":"https:\/\/blogsaverroes.juntadeandalucia.es\/depaelca\/?page_id=502"},"modified":"2020-04-05T10:38:13","modified_gmt":"2020-04-05T10:38:13","slug":"sistemas-de-medida-y-regulacion","status":"publish","type":"page","link":"https:\/\/blogsaverroes.juntadeandalucia.es\/depaelca\/automatizacion-y-robotica-industrial\/sistemas-de-medida-y-regulacion\/","title":{"rendered":"Sistemas de Medida y Regulaci\u00f3n"},"content":{"rendered":"<p style=\"text-align: center\"><strong><span style=\"font-size: 18pt;color: #339966\">COVID_19 &#8211; FORMATE EN CASA.\u00a0 (F<span style=\"font-size: 24pt\">^<\/span>).<\/span><\/strong><\/p>\n<p>&nbsp;<\/p>\n<table style=\"width: 820px\">\n<tbody>\n<tr>\n<td style=\"width: 307px\">\n<p style=\"text-align: center\"><span style=\"color: #000080\"><strong>ACTIVIDADES PARA 2\u00aa\u00a0 EVALUACI\u00d3N.<\/strong><\/span><\/p>\n<p style=\"text-align: center\"><strong><span style=\"color: #008000\">UNIDAD 4 &#8211; EN DESARROLLO ACTUAL<\/span><\/strong><\/p>\n<p style=\"text-align: center\"><strong><span style=\"color: #008000\">EJERCICIOS 1-11<\/span><\/strong><\/p>\n<p style=\"text-align: center\"><strong><span style=\"color: #008000\">EJERCICIOS ADICIONALES 12-15<\/span><\/strong><\/p>\n<\/td>\n<td style=\"width: 471px;text-align: center\"><span style=\"font-size: 14pt\"><strong><span style=\"color: #003366\"><a style=\"color: #003366\" href=\"https:\/\/blogsaverroes.juntadeandalucia.es\/depaelca\/files\/2020\/04\/00-CALENDARIO-SEGUIMIENTO-1-ARI-2020.pdf\">00 CALENDARIO SEGUIMIENTO 1 ARI 2020<\/a><\/span><\/strong><\/span><\/p>\n<p><span style=\"color: #008000\"><strong><span style=\"font-size: 14pt\"><a style=\"color: #008000\" href=\"https:\/\/blogsaverroes.juntadeandalucia.es\/depaelca\/files\/2020\/04\/PROBLEMAS-PROPUESTOS.pdf\">PROBLEMAS PROPUESTOS<\/a><\/span><\/strong><\/span><\/td>\n<\/tr>\n<\/tbody>\n<\/table>\n<p>&nbsp;<\/p>\n<p style=\"text-align: center\"><span style=\"font-size: 22pt\"><strong><span style=\"color: #ff0000\">SISTEMAS DE MEDIDA Y REGULACI\u00d3N<\/span><\/strong><\/span><\/p>\n<table width=\"680\">\n<tbody>\n<tr>\n<td width=\"180\"><span style=\"color: #ff0000\"><strong>DE<\/strong><strong>PARTAMENTO:<\/strong><\/span><\/td>\n<td colspan=\"4\" width=\"501\"><strong>ELECTRICIDA<\/strong><strong>D Y ELECTR\u00d3NICA<\/strong><\/td>\n<\/tr>\n<tr>\n<td width=\"180\"><span style=\"color: #ff0000\"><strong>CICLO FORMATIVO:<\/strong><\/span><\/td>\n<td colspan=\"2\" width=\"340\"><strong>AUTOMATIZACI\u00d3N Y ROB\u00d3TICA INDUST.<\/strong><\/td>\n<td width=\"94\"><span style=\"color: #ff0000\"><strong>C\u00d3DIGO:<\/strong><\/span><\/td>\n<td width=\"66\"><strong>0961<\/strong><\/td>\n<\/tr>\n<tr>\n<td width=\"180\"><span style=\"color: #ff0000\"><strong>NIVEL:<\/strong><\/span><\/td>\n<td colspan=\"2\" width=\"340\"><strong>GRADO SUPERIOR<\/strong><\/td>\n<td width=\"94\"><span style=\"color: #ff0000\"><strong>CURSO:<\/strong><\/span><\/td>\n<td width=\"66\"><strong>1\u00ba<\/strong><\/td>\n<\/tr>\n<tr>\n<td width=\"180\"><span style=\"color: #ff0000\"><strong>DURACI\u00d3N:<\/strong><\/span><\/td>\n<td width=\"283\"><strong>160\u00a0 Horas<\/strong><\/td>\n<td colspan=\"2\" width=\"151\"><strong><span style=\"color: #ff0000\">Horas semanales:<\/span><\/strong><\/td>\n<td width=\"66\"><strong>5<\/strong><\/td>\n<\/tr>\n<tr>\n<td width=\"180\"><span style=\"color: #ff0000\"><strong>UNID. COMPETENCIA:<\/strong><\/span><\/td>\n<td colspan=\"4\" width=\"501\"><strong>\u00a0<\/strong>\u00a0<strong>UC1569_3: Desarrollar proyectos de sistemas de medida y regulaci\u00f3n en sistemas de automatizaci\u00f3n industrial.<\/strong><\/td>\n<\/tr>\n<\/tbody>\n<\/table>\n<p>&nbsp;<\/p>\n<p><strong><span style=\"font-size: 24pt;color: #008000\">TEMARIO:<\/span><\/strong><\/p>\n<p><strong>UNIDAD \u00a0DID\u00c1CTICA \u00a01: \u00a0INTRODUCCI\u00d3N \u00a0A \u00a0LOS \u00a0SISTEMAS DE <\/strong><strong>MEDIDA Y REGULACI\u00d3N (30 Horas).<\/strong><\/p>\n<p><b>UNIDAD DID\u00c1CTICA 2: AN\u00c1LISIS\u00a0DE LOS SISTEMAS DE AUTOMATIZACI\u00d3N ( 30 horas).<\/b><\/p>\n<p><strong>UNIDAD DID\u00c1CTICA 3: REGULACI\u00d3N AUTOM\u00c1TICA (30 horas).<\/strong><\/p>\n<p><img loading=\"lazy\" decoding=\"async\" class=\" wp-image-909 aligncenter\" src=\"https:\/\/blogsaverroes.juntadeandalucia.es\/depaelca\/files\/2019\/12\/SALIDAS-REGULADORES-212x300.jpg\" alt=\"\" width=\"421\" height=\"595\" srcset=\"https:\/\/blogsaverroes.juntadeandalucia.es\/depaelca\/files\/2019\/12\/SALIDAS-REGULADORES-212x300.jpg 212w, https:\/\/blogsaverroes.juntadeandalucia.es\/depaelca\/files\/2019\/12\/SALIDAS-REGULADORES-768x1086.jpg 768w, https:\/\/blogsaverroes.juntadeandalucia.es\/depaelca\/files\/2019\/12\/SALIDAS-REGULADORES-724x1024.jpg 724w, https:\/\/blogsaverroes.juntadeandalucia.es\/depaelca\/files\/2019\/12\/SALIDAS-REGULADORES-17x24.jpg 17w, https:\/\/blogsaverroes.juntadeandalucia.es\/depaelca\/files\/2019\/12\/SALIDAS-REGULADORES-25x36.jpg 25w, https:\/\/blogsaverroes.juntadeandalucia.es\/depaelca\/files\/2019\/12\/SALIDAS-REGULADORES-34x48.jpg 34w, https:\/\/blogsaverroes.juntadeandalucia.es\/depaelca\/files\/2019\/12\/SALIDAS-REGULADORES.jpg 1131w\" sizes=\"(max-width: 421px) 100vw, 421px\" \/><\/p>\n<p><strong>UNIDAD DID\u00c1CTICA 4:\u00a0 ACONDICIONAMIENTO DE SE\u00d1AL (30 horas).<\/strong><\/p>\n<p><strong>UNIDAD DID\u00c1CTICA 5: ELEMENTOS DE MEDIDA (30 \u00a0horas).<\/strong><\/p>\n<p>&nbsp;<\/p>\n","protected":false},"excerpt":{"rendered":"<p>COVID_19 &#8211; FORMATE EN CASA.\u00a0 (F^). &nbsp; ACTIVIDADES PARA 2\u00aa\u00a0 EVALUACI\u00d3N. UNIDAD 4 &#8211; EN DESARROLLO ACTUAL EJERCICIOS 1-11 EJERCICIOS ADICIONALES 12-15 00 CALENDARIO SEGUIMIENTO 1 ARI 2020 PROBLEMAS PROPUESTOS &nbsp; SISTEMAS DE MEDIDA Y REGULACI\u00d3N DEPARTAMENTO: ELECTRICIDAD Y ELECTR\u00d3NICA CICLO FORMATIVO: AUTOMATIZACI\u00d3N Y ROB\u00d3TICA INDUST. C\u00d3DIGO: 0961 NIVEL: GRADO SUPERIOR CURSO: 1\u00ba DURACI\u00d3N: 160\u00a0 &hellip; <\/p>\n<p><a class=\"more-link btn\" href=\"https:\/\/blogsaverroes.juntadeandalucia.es\/depaelca\/automatizacion-y-robotica-industrial\/sistemas-de-medida-y-regulacion\/\">Seguir leyendo<\/a><\/p>\n","protected":false},"author":5100,"featured_media":0,"parent":108,"menu_order":0,"comment_status":"closed","ping_status":"closed","template":"page-sc.php","meta":{"ngg_post_thumbnail":0,"footnotes":""},"aioseo_notices":[],"_links":{"self":[{"href":"https:\/\/blogsaverroes.juntadeandalucia.es\/depaelca\/wp-json\/wp\/v2\/pages\/502"}],"collection":[{"href":"https:\/\/blogsaverroes.juntadeandalucia.es\/depaelca\/wp-json\/wp\/v2\/pages"}],"about":[{"href":"https:\/\/blogsaverroes.juntadeandalucia.es\/depaelca\/wp-json\/wp\/v2\/types\/page"}],"author":[{"embeddable":true,"href":"https:\/\/blogsaverroes.juntadeandalucia.es\/depaelca\/wp-json\/wp\/v2\/users\/5100"}],"replies":[{"embeddable":true,"href":"https:\/\/blogsaverroes.juntadeandalucia.es\/depaelca\/wp-json\/wp\/v2\/comments?post=502"}],"version-history":[{"count":6,"href":"https:\/\/blogsaverroes.juntadeandalucia.es\/depaelca\/wp-json\/wp\/v2\/pages\/502\/revisions"}],"predecessor-version":[{"id":1047,"href":"https:\/\/blogsaverroes.juntadeandalucia.es\/depaelca\/wp-json\/wp\/v2\/pages\/502\/revisions\/1047"}],"up":[{"embeddable":true,"href":"https:\/\/blogsaverroes.juntadeandalucia.es\/depaelca\/wp-json\/wp\/v2\/pages\/108"}],"wp:attachment":[{"href":"https:\/\/blogsaverroes.juntadeandalucia.es\/depaelca\/wp-json\/wp\/v2\/media?parent=502"}],"curies":[{"name":"wp","href":"https:\/\/api.w.org\/{rel}","templated":true}]}}