{"id":189,"date":"2025-06-03T10:12:37","date_gmt":"2025-06-03T08:12:37","guid":{"rendered":"https:\/\/blogsaverroes.juntadeandalucia.es\/departamentodedibujogongora\/?page_id=189"},"modified":"2025-06-08T13:38:23","modified_gmt":"2025-06-08T11:38:23","slug":"proyectos-artisticos","status":"publish","type":"page","link":"https:\/\/blogsaverroes.juntadeandalucia.es\/departamentodedibujogongora\/proyectos-artisticos\/","title":{"rendered":"Proyectos Art\u00edsticos"},"content":{"rendered":"<p><span style=\"font-weight: 400;color: #993366\"><strong>Materia de modalidad de 1\u00ba de bachillerato<\/strong> donde se trabajan aspectos como la generaci\u00f3n de ideas, planificar, proyectar individual y colectivamente, investigar y buscar informaci\u00f3n, y compartir las distintas fases de proyectos relacionados con cualquier disciplina, \u00e9poca o estilo art\u00edstico.<\/span><\/p>\n<p><img loading=\"lazy\" decoding=\"async\" class=\"alignnone size-medium wp-image-335\" src=\"https:\/\/blogsaverroes.juntadeandalucia.es\/departamentodedibujogongora\/files\/2025\/06\/Captura-de-pantalla-de-2025-06-06-09-27-56-229x300.png\" alt=\"\" width=\"229\" height=\"300\" srcset=\"https:\/\/blogsaverroes.juntadeandalucia.es\/departamentodedibujogongora\/files\/2025\/06\/Captura-de-pantalla-de-2025-06-06-09-27-56-229x300.png 229w, https:\/\/blogsaverroes.juntadeandalucia.es\/departamentodedibujogongora\/files\/2025\/06\/Captura-de-pantalla-de-2025-06-06-09-27-56.png 572w\" sizes=\"(max-width: 229px) 100vw, 229px\" \/> <img loading=\"lazy\" decoding=\"async\" class=\"alignnone size-medium wp-image-384\" src=\"https:\/\/blogsaverroes.juntadeandalucia.es\/departamentodedibujogongora\/files\/2025\/06\/Screenshot_20250608_131108_Instagram-264x300.jpg\" alt=\"\" width=\"264\" height=\"300\" srcset=\"https:\/\/blogsaverroes.juntadeandalucia.es\/departamentodedibujogongora\/files\/2025\/06\/Screenshot_20250608_131108_Instagram-264x300.jpg 264w, https:\/\/blogsaverroes.juntadeandalucia.es\/departamentodedibujogongora\/files\/2025\/06\/Screenshot_20250608_131108_Instagram-902x1024.jpg 902w, https:\/\/blogsaverroes.juntadeandalucia.es\/departamentodedibujogongora\/files\/2025\/06\/Screenshot_20250608_131108_Instagram-768x872.jpg 768w, https:\/\/blogsaverroes.juntadeandalucia.es\/departamentodedibujogongora\/files\/2025\/06\/Screenshot_20250608_131108_Instagram.jpg 951w\" sizes=\"(max-width: 264px) 100vw, 264px\" \/>\u00a0<img loading=\"lazy\" decoding=\"async\" class=\"alignnone size-medium wp-image-381\" src=\"https:\/\/blogsaverroes.juntadeandalucia.es\/departamentodedibujogongora\/files\/2025\/06\/Screenshot_20250608_131041_Instagram-267x300.jpg\" alt=\"\" width=\"267\" height=\"300\" srcset=\"https:\/\/blogsaverroes.juntadeandalucia.es\/departamentodedibujogongora\/files\/2025\/06\/Screenshot_20250608_131041_Instagram-267x300.jpg 267w, https:\/\/blogsaverroes.juntadeandalucia.es\/departamentodedibujogongora\/files\/2025\/06\/Screenshot_20250608_131041_Instagram-912x1024.jpg 912w, https:\/\/blogsaverroes.juntadeandalucia.es\/departamentodedibujogongora\/files\/2025\/06\/Screenshot_20250608_131041_Instagram-768x862.jpg 768w, https:\/\/blogsaverroes.juntadeandalucia.es\/departamentodedibujogongora\/files\/2025\/06\/Screenshot_20250608_131041_Instagram.jpg 949w\" sizes=\"(max-width: 267px) 100vw, 267px\" \/> <img loading=\"lazy\" decoding=\"async\" class=\"alignnone size-medium wp-image-385\" src=\"https:\/\/blogsaverroes.juntadeandalucia.es\/departamentodedibujogongora\/files\/2025\/06\/Screenshot_20250608_131056_Instagram-253x300.jpg\" alt=\"\" width=\"253\" height=\"300\" srcset=\"https:\/\/blogsaverroes.juntadeandalucia.es\/departamentodedibujogongora\/files\/2025\/06\/Screenshot_20250608_131056_Instagram-253x300.jpg 253w, https:\/\/blogsaverroes.juntadeandalucia.es\/departamentodedibujogongora\/files\/2025\/06\/Screenshot_20250608_131056_Instagram-865x1024.jpg 865w, https:\/\/blogsaverroes.juntadeandalucia.es\/departamentodedibujogongora\/files\/2025\/06\/Screenshot_20250608_131056_Instagram-768x910.jpg 768w, https:\/\/blogsaverroes.juntadeandalucia.es\/departamentodedibujogongora\/files\/2025\/06\/Screenshot_20250608_131056_Instagram.jpg 922w\" sizes=\"(max-width: 253px) 100vw, 253px\" \/><img loading=\"lazy\" decoding=\"async\" class=\"alignnone wp-image-394\" src=\"https:\/\/blogsaverroes.juntadeandalucia.es\/departamentodedibujogongora\/files\/2025\/06\/Captura-de-pantalla-216-300x229.png\" alt=\"\" width=\"390\" height=\"298\" srcset=\"https:\/\/blogsaverroes.juntadeandalucia.es\/departamentodedibujogongora\/files\/2025\/06\/Captura-de-pantalla-216-300x229.png 300w, https:\/\/blogsaverroes.juntadeandalucia.es\/departamentodedibujogongora\/files\/2025\/06\/Captura-de-pantalla-216-1024x781.png 1024w, https:\/\/blogsaverroes.juntadeandalucia.es\/departamentodedibujogongora\/files\/2025\/06\/Captura-de-pantalla-216-768x586.png 768w, https:\/\/blogsaverroes.juntadeandalucia.es\/departamentodedibujogongora\/files\/2025\/06\/Captura-de-pantalla-216.png 1416w\" sizes=\"(max-width: 390px) 100vw, 390px\" \/> <img loading=\"lazy\" decoding=\"async\" class=\"alignnone wp-image-395\" src=\"https:\/\/blogsaverroes.juntadeandalucia.es\/departamentodedibujogongora\/files\/2025\/06\/Captura-de-pantalla-217-300x229.png\" alt=\"\" width=\"392\" height=\"299\" srcset=\"https:\/\/blogsaverroes.juntadeandalucia.es\/departamentodedibujogongora\/files\/2025\/06\/Captura-de-pantalla-217-300x229.png 300w, https:\/\/blogsaverroes.juntadeandalucia.es\/departamentodedibujogongora\/files\/2025\/06\/Captura-de-pantalla-217-1024x781.png 1024w, https:\/\/blogsaverroes.juntadeandalucia.es\/departamentodedibujogongora\/files\/2025\/06\/Captura-de-pantalla-217-768x586.png 768w, https:\/\/blogsaverroes.juntadeandalucia.es\/departamentodedibujogongora\/files\/2025\/06\/Captura-de-pantalla-217.png 1416w\" sizes=\"(max-width: 392px) 100vw, 392px\" \/><\/p>\n","protected":false},"excerpt":{"rendered":"<p>Materia de modalidad de 1\u00ba de bachillerato donde se trabajan aspectos como la generaci\u00f3n de ideas, planificar, proyectar individual y colectivamente, investigar y buscar informaci\u00f3n, y compartir las distintas fases de proyectos relacionados con&#46;&#46;&#46;<\/p>\n","protected":false},"author":20386,"featured_media":335,"parent":0,"menu_order":0,"comment_status":"closed","ping_status":"closed","template":"","meta":{"footnotes":""},"aioseo_notices":[],"_links":{"self":[{"href":"https:\/\/blogsaverroes.juntadeandalucia.es\/departamentodedibujogongora\/wp-json\/wp\/v2\/pages\/189"}],"collection":[{"href":"https:\/\/blogsaverroes.juntadeandalucia.es\/departamentodedibujogongora\/wp-json\/wp\/v2\/pages"}],"about":[{"href":"https:\/\/blogsaverroes.juntadeandalucia.es\/departamentodedibujogongora\/wp-json\/wp\/v2\/types\/page"}],"author":[{"embeddable":true,"href":"https:\/\/blogsaverroes.juntadeandalucia.es\/departamentodedibujogongora\/wp-json\/wp\/v2\/users\/20386"}],"replies":[{"embeddable":true,"href":"https:\/\/blogsaverroes.juntadeandalucia.es\/departamentodedibujogongora\/wp-json\/wp\/v2\/comments?post=189"}],"version-history":[{"count":7,"href":"https:\/\/blogsaverroes.juntadeandalucia.es\/departamentodedibujogongora\/wp-json\/wp\/v2\/pages\/189\/revisions"}],"predecessor-version":[{"id":397,"href":"https:\/\/blogsaverroes.juntadeandalucia.es\/departamentodedibujogongora\/wp-json\/wp\/v2\/pages\/189\/revisions\/397"}],"wp:featuredmedia":[{"embeddable":true,"href":"https:\/\/blogsaverroes.juntadeandalucia.es\/departamentodedibujogongora\/wp-json\/wp\/v2\/media\/335"}],"wp:attachment":[{"href":"https:\/\/blogsaverroes.juntadeandalucia.es\/departamentodedibujogongora\/wp-json\/wp\/v2\/media?parent=189"}],"curies":[{"name":"wp","href":"https:\/\/api.w.org\/{rel}","templated":true}]}}