{"id":24,"date":"2024-11-22T14:40:42","date_gmt":"2024-11-22T13:40:42","guid":{"rendered":"https:\/\/blogsaverroes.juntadeandalucia.es\/departamentodedibujogongora\/about-us-2\/"},"modified":"2025-06-08T22:50:15","modified_gmt":"2025-06-08T20:50:15","slug":"about-us-2","status":"publish","type":"page","link":"https:\/\/blogsaverroes.juntadeandalucia.es\/departamentodedibujogongora\/","title":{"rendered":"Inicio"},"content":{"rendered":"<p><a href=\"https:\/\/www.instagram.com\/dibujogongora?utm_source=ig_web_button_share_sheet&amp;igsh=ZDNlZDc0MzIxNw==\"><img loading=\"lazy\" decoding=\"async\" class=\"aligncenter\" style=\"margin: 5px\" src=\"https:\/\/upload.wikimedia.org\/wikipedia\/commons\/thumb\/a\/a5\/Instagram_icon.png\/1200px-Instagram_icon.png\" alt=\"Instagram\" width=\"30\" height=\"30\" \/><\/a><\/p>\n<div style=\"width: 1080px;\" class=\"wp-video\"><!--[if lt IE 9]><script>document.createElement('video');<\/script><![endif]-->\n<video class=\"wp-video-shortcode\" id=\"video-24-1\" width=\"1080\" height=\"1080\" preload=\"metadata\" controls=\"controls\"><source type=\"video\/mp4\" src=\"https:\/\/blogsaverroes.juntadeandalucia.es\/departamentodedibujogongora\/files\/2025\/06\/lv_0_20240629170203.mp4?_=1\" \/><a href=\"https:\/\/blogsaverroes.juntadeandalucia.es\/departamentodedibujogongora\/files\/2025\/06\/lv_0_20240629170203.mp4\">https:\/\/blogsaverroes.juntadeandalucia.es\/departamentodedibujogongora\/files\/2025\/06\/lv_0_20240629170203.mp4<\/a><\/video><\/div>\n<p>&nbsp;<\/p>\n<p><span style=\"color: #993366\">Dentro de la oferta educativa de nuestro centro, el I.E.S. Luis de G\u00f3ngora se incluye la modalidad de de <strong>Bachillerato de Artes Pl\u00e1sticas, Imagen y Dise\u00f1o.<\/strong><\/span><\/p>\n<p><span style=\"color: #993366\">Esta modalidad est\u00e1 dirigida a estudiantes con inquietudes por las artes pl\u00e1sticas y audiovisuales: pintura, escultura, fotograf\u00eda, Historia del Arte, cine, el dise\u00f1o gr\u00e1fico o industrial. Para ello se desarrollan <strong>competencias<\/strong> clave como la comunicaci\u00f3n ling\u00fc\u00edstica, la digital, la matem\u00e1tica, y la social y ciudadana, entre otras. Las competencias espec\u00edficas se enfocan en la creatividad, la apreciaci\u00f3n art\u00edstica, la capacidad de observaci\u00f3n y an\u00e1lisis y la expresi\u00f3n art\u00edstica.<\/span><\/p>\n<p><span style=\"color: #993366\">Encamina a dichos estudiantes, principalmente, hacia estudios relacionados con el \u00e1mbito art\u00edstico como grados en Bellas Artes, Escenograf\u00eda, Comunicaci\u00f3n Audiovisual, Dise\u00f1o Gr\u00e1fico, Historia del Arte o ciclos de grado superior como Ilustraci\u00f3n, Fotograf\u00eda, Animaci\u00f3n, o Cer\u00e1mica.<\/span><\/p>\n<p><img loading=\"lazy\" decoding=\"async\" class=\" wp-image-256 aligncenter\" src=\"https:\/\/blogsaverroes.juntadeandalucia.es\/departamentodedibujogongora\/files\/2025\/06\/20250604_111552-218x300.jpg\" alt=\"\" width=\"409\" height=\"562\" srcset=\"https:\/\/blogsaverroes.juntadeandalucia.es\/departamentodedibujogongora\/files\/2025\/06\/20250604_111552-218x300.jpg 218w, https:\/\/blogsaverroes.juntadeandalucia.es\/departamentodedibujogongora\/files\/2025\/06\/20250604_111552-768x1058.jpg 768w, https:\/\/blogsaverroes.juntadeandalucia.es\/departamentodedibujogongora\/files\/2025\/06\/20250604_111552-1115x1536.jpg 1115w, https:\/\/blogsaverroes.juntadeandalucia.es\/departamentodedibujogongora\/files\/2025\/06\/20250604_111552-1487x2048.jpg 1487w, https:\/\/blogsaverroes.juntadeandalucia.es\/departamentodedibujogongora\/files\/2025\/06\/20250604_111552.jpg 1822w\" sizes=\"(max-width: 409px) 100vw, 409px\" \/><\/p>\n","protected":false},"excerpt":{"rendered":"<p>&nbsp; Dentro de la oferta educativa de nuestro centro, el I.E.S. Luis de G\u00f3ngora se incluye la modalidad de de Bachillerato de Artes Pl\u00e1sticas, Imagen y Dise\u00f1o. Esta modalidad est\u00e1 dirigida a estudiantes con&#46;&#46;&#46;<\/p>\n","protected":false},"author":1,"featured_media":0,"parent":0,"menu_order":0,"comment_status":"closed","ping_status":"closed","template":"","meta":{"footnotes":""},"aioseo_notices":[],"_links":{"self":[{"href":"https:\/\/blogsaverroes.juntadeandalucia.es\/departamentodedibujogongora\/wp-json\/wp\/v2\/pages\/24"}],"collection":[{"href":"https:\/\/blogsaverroes.juntadeandalucia.es\/departamentodedibujogongora\/wp-json\/wp\/v2\/pages"}],"about":[{"href":"https:\/\/blogsaverroes.juntadeandalucia.es\/departamentodedibujogongora\/wp-json\/wp\/v2\/types\/page"}],"author":[{"embeddable":true,"href":"https:\/\/blogsaverroes.juntadeandalucia.es\/departamentodedibujogongora\/wp-json\/wp\/v2\/users\/1"}],"replies":[{"embeddable":true,"href":"https:\/\/blogsaverroes.juntadeandalucia.es\/departamentodedibujogongora\/wp-json\/wp\/v2\/comments?post=24"}],"version-history":[{"count":29,"href":"https:\/\/blogsaverroes.juntadeandalucia.es\/departamentodedibujogongora\/wp-json\/wp\/v2\/pages\/24\/revisions"}],"predecessor-version":[{"id":434,"href":"https:\/\/blogsaverroes.juntadeandalucia.es\/departamentodedibujogongora\/wp-json\/wp\/v2\/pages\/24\/revisions\/434"}],"wp:attachment":[{"href":"https:\/\/blogsaverroes.juntadeandalucia.es\/departamentodedibujogongora\/wp-json\/wp\/v2\/media?parent=24"}],"curies":[{"name":"wp","href":"https:\/\/api.w.org\/{rel}","templated":true}]}}