{"id":347,"date":"2025-06-06T10:22:08","date_gmt":"2025-06-06T08:22:08","guid":{"rendered":"https:\/\/blogsaverroes.juntadeandalucia.es\/departamentodedibujogongora\/?page_id=347"},"modified":"2025-06-09T10:15:26","modified_gmt":"2025-06-09T08:15:26","slug":"sobre-nosotros","status":"publish","type":"page","link":"https:\/\/blogsaverroes.juntadeandalucia.es\/departamentodedibujogongora\/sobre-nosotros\/","title":{"rendered":"Sobre nosotros"},"content":{"rendered":"<p><span style=\"color: #3939bf\">El departamento de Dibujo y M\u00fasica del I.E.S. Luis de G\u00f3ngora en el presente curso est\u00e1 formado por:<\/span><\/p>\n<p><span style=\"color: #3939bf\">Dibujo<\/span><\/p>\n<ul>\n<li><span style=\"color: #3939bf\">\u00c1lvarez Molina, \u00c1ngela.<\/span><\/li>\n<li><span style=\"color: #3939bf\">B\u00e1ez N\u00fa\u00f1ez, Jes\u00fas Daniel (Jefe de Departamento).<\/span><\/li>\n<li><span style=\"color: #3939bf\">Dom\u00ednguez V\u00e1zquez, Jos\u00e9 Mar\u00eda.<\/span><\/li>\n<li><span style=\"color: #3939bf\">L\u00f3pez Rey, Carmen.<\/span><\/li>\n<li><span style=\"color: #3939bf\">Mahedero Castellano, Pilar.<\/span><\/li>\n<\/ul>\n<p><span style=\"color: #3939bf\">M\u00fasica<\/span><\/p>\n<ul>\n<li><span style=\"color: #3939bf\">Ben\u00edtez Martos, Juan Antonio.<\/span><\/li>\n<\/ul>\n<p>&nbsp;<\/p>\n<p><img loading=\"lazy\" decoding=\"async\" class=\"alignnone wp-image-351\" src=\"https:\/\/blogsaverroes.juntadeandalucia.es\/departamentodedibujogongora\/files\/2025\/06\/IMG_7538-scaled-1-225x300.jpg\" alt=\"\" width=\"556\" height=\"742\" srcset=\"https:\/\/blogsaverroes.juntadeandalucia.es\/departamentodedibujogongora\/files\/2025\/06\/IMG_7538-scaled-1-225x300.jpg 225w, https:\/\/blogsaverroes.juntadeandalucia.es\/departamentodedibujogongora\/files\/2025\/06\/IMG_7538-scaled-1-768x1024.jpg 768w, https:\/\/blogsaverroes.juntadeandalucia.es\/departamentodedibujogongora\/files\/2025\/06\/IMG_7538-scaled-1-1152x1536.jpg 1152w, https:\/\/blogsaverroes.juntadeandalucia.es\/departamentodedibujogongora\/files\/2025\/06\/IMG_7538-scaled-1-1536x2048.jpg 1536w, https:\/\/blogsaverroes.juntadeandalucia.es\/departamentodedibujogongora\/files\/2025\/06\/IMG_7538-scaled-1.jpg 1920w\" sizes=\"(max-width: 556px) 100vw, 556px\" \/><\/p>\n","protected":false},"excerpt":{"rendered":"<p>El departamento de Dibujo y M\u00fasica del I.E.S. Luis de G\u00f3ngora en el presente curso est\u00e1 formado por: Dibujo \u00c1lvarez Molina, \u00c1ngela. B\u00e1ez N\u00fa\u00f1ez, Jes\u00fas Daniel (Jefe de Departamento). Dom\u00ednguez V\u00e1zquez, Jos\u00e9 Mar\u00eda. L\u00f3pez&#46;&#46;&#46;<\/p>\n","protected":false},"author":20386,"featured_media":0,"parent":0,"menu_order":0,"comment_status":"closed","ping_status":"closed","template":"","meta":{"footnotes":""},"aioseo_notices":[],"_links":{"self":[{"href":"https:\/\/blogsaverroes.juntadeandalucia.es\/departamentodedibujogongora\/wp-json\/wp\/v2\/pages\/347"}],"collection":[{"href":"https:\/\/blogsaverroes.juntadeandalucia.es\/departamentodedibujogongora\/wp-json\/wp\/v2\/pages"}],"about":[{"href":"https:\/\/blogsaverroes.juntadeandalucia.es\/departamentodedibujogongora\/wp-json\/wp\/v2\/types\/page"}],"author":[{"embeddable":true,"href":"https:\/\/blogsaverroes.juntadeandalucia.es\/departamentodedibujogongora\/wp-json\/wp\/v2\/users\/20386"}],"replies":[{"embeddable":true,"href":"https:\/\/blogsaverroes.juntadeandalucia.es\/departamentodedibujogongora\/wp-json\/wp\/v2\/comments?post=347"}],"version-history":[{"count":7,"href":"https:\/\/blogsaverroes.juntadeandalucia.es\/departamentodedibujogongora\/wp-json\/wp\/v2\/pages\/347\/revisions"}],"predecessor-version":[{"id":444,"href":"https:\/\/blogsaverroes.juntadeandalucia.es\/departamentodedibujogongora\/wp-json\/wp\/v2\/pages\/347\/revisions\/444"}],"wp:attachment":[{"href":"https:\/\/blogsaverroes.juntadeandalucia.es\/departamentodedibujogongora\/wp-json\/wp\/v2\/media?parent=347"}],"curies":[{"name":"wp","href":"https:\/\/api.w.org\/{rel}","templated":true}]}}

<p><span style="color: #3939bf">El departamento de Dibujo y Música del I.E.S. Luis de Góngora en el presente curso está formado por:</span></p>
<p><span style="color: #3939bf">Dibujo</span></p>
<ul>
<li><span style="color: #3939bf">Álvarez Molina, Ángela.</span></li>
<li><span style="color: #3939bf">Báez Núñez, Jesús Daniel (Jefe de Departamento).</span></li>
<li><span style="color: #3939bf">Domínguez Vázquez, José María.</span></li>
<li><span style="color: #3939bf">López Rey, Carmen.</span></li>
<li><span style="color: #3939bf">Mahedero Castellano, Pilar.</span></li>
</ul>
<p><span style="color: #3939bf">Música</span></p>
<ul>
<li><span style="color: #3939bf">Benítez Martos, Juan Antonio.</span></li>
</ul>
<p>&nbsp;</p>
<p><img loading="lazy" decoding="async" class="alignnone wp-image-351" src="https://blogsaverroes.juntadeandalucia.es/departamentodedibujogongora/files/2025/06/IMG_7538-scaled-1-225x300.jpg" alt="" width="556" height="742" srcset="https://blogsaverroes.juntadeandalucia.es/departamentodedibujogongora/files/2025/06/IMG_7538-scaled-1-225x300.jpg 225w, https://blogsaverroes.juntadeandalucia.es/departamentodedibujogongora/files/2025/06/IMG_7538-scaled-1-768x1024.jpg 768w, https://blogsaverroes.juntadeandalucia.es/departamentodedibujogongora/files/2025/06/IMG_7538-scaled-1-1152x1536.jpg 1152w, https://blogsaverroes.juntadeandalucia.es/departamentodedibujogongora/files/2025/06/IMG_7538-scaled-1-1536x2048.jpg 1536w, https://blogsaverroes.juntadeandalucia.es/departamentodedibujogongora/files/2025/06/IMG_7538-scaled-1.jpg 1920w" sizes="(max-width: 556px) 100vw, 556px" /></p>

<p>El departamento de Dibujo y Música del I.E.S. Luis de Góngora en el presente curso está formado por: Dibujo Álvarez Molina, Ángela. Báez Núñez, Jesús Daniel (Jefe de Departamento). Domínguez Vázquez, José María. López&#46;&#46;&#46;</p>
