{"id":133,"date":"2021-12-27T07:30:26","date_gmt":"2021-12-27T07:30:26","guid":{"rendered":"https:\/\/blogsaverroes.juntadeandalucia.es\/derochedeletras\/?page_id=133"},"modified":"2021-12-27T07:30:26","modified_gmt":"2021-12-27T07:30:26","slug":"efemerides","status":"publish","type":"page","link":"https:\/\/blogsaverroes.juntadeandalucia.es\/derochedeletras\/efemerides\/","title":{"rendered":"Efem\u00e9rides"},"content":{"rendered":"<p>En este espacio, recordaremos las fechas se\u00f1aladas, tanto para su celebraci\u00f3n como para su recuerdo o conocimiento, siempre relacionadas con las Letras, los Libros y la Literatura. Nos servir\u00e1n, en muchos casos, para llevar a cabo alguna actividad en el Centro.<\/p>\n","protected":false},"excerpt":{"rendered":"<p>En este espacio, recordaremos las fechas se\u00f1aladas, tanto para su celebraci\u00f3n como para su recuerdo o conocimiento, siempre relacionadas con las Letras, los Libros y la Literatura. Nos servir\u00e1n, en muchos casos, para llevar&#46;&#46;&#46;<\/p>\n","protected":false},"author":11622,"featured_media":0,"parent":0,"menu_order":0,"comment_status":"closed","ping_status":"closed","template":"","meta":{"ngg_post_thumbnail":0,"footnotes":""},"aioseo_notices":[],"_links":{"self":[{"href":"https:\/\/blogsaverroes.juntadeandalucia.es\/derochedeletras\/wp-json\/wp\/v2\/pages\/133"}],"collection":[{"href":"https:\/\/blogsaverroes.juntadeandalucia.es\/derochedeletras\/wp-json\/wp\/v2\/pages"}],"about":[{"href":"https:\/\/blogsaverroes.juntadeandalucia.es\/derochedeletras\/wp-json\/wp\/v2\/types\/page"}],"author":[{"embeddable":true,"href":"https:\/\/blogsaverroes.juntadeandalucia.es\/derochedeletras\/wp-json\/wp\/v2\/users\/11622"}],"replies":[{"embeddable":true,"href":"https:\/\/blogsaverroes.juntadeandalucia.es\/derochedeletras\/wp-json\/wp\/v2\/comments?post=133"}],"version-history":[{"count":1,"href":"https:\/\/blogsaverroes.juntadeandalucia.es\/derochedeletras\/wp-json\/wp\/v2\/pages\/133\/revisions"}],"predecessor-version":[{"id":134,"href":"https:\/\/blogsaverroes.juntadeandalucia.es\/derochedeletras\/wp-json\/wp\/v2\/pages\/133\/revisions\/134"}],"wp:attachment":[{"href":"https:\/\/blogsaverroes.juntadeandalucia.es\/derochedeletras\/wp-json\/wp\/v2\/media?parent=133"}],"curies":[{"name":"wp","href":"https:\/\/api.w.org\/{rel}","templated":true}]}}