{"id":109,"date":"2022-03-22T09:01:22","date_gmt":"2022-03-22T09:01:22","guid":{"rendered":"https:\/\/blogsaverroes.juntadeandalucia.es\/diacordoba\/?page_id=109"},"modified":"2022-11-30T10:23:09","modified_gmt":"2022-11-30T10:23:09","slug":"bienvenidos-2","status":"publish","type":"page","link":"https:\/\/blogsaverroes.juntadeandalucia.es\/diacordoba\/","title":{"rendered":"\u00a1BIENVENIDOS!"},"content":{"rendered":"<p>Mi nombre es Pilar Laso y desde hace unos a\u00f1os ocupo el puesto de orientadora en el \u00e1rea de Dificultades de Aprendizaje dentro del Equipo de Orientaci\u00f3n Educativa Especializado de C\u00f3rdoba.<\/p>\n<p>Os doy la bienvenida a este blog sobre dificultades de aprendizaje. Un sitio web que pretende contener informaci\u00f3n, art\u00edculos, comentarios, gu\u00edas, recursos\u2026 relevantes, \u00fatiles y, en la medida de lo posible, basados en la evidencia para facilitar la labor de los profesionales de la orientaci\u00f3n.<br \/>\nSi te suscribes, no te perder\u00e1s ninguna entrada.&nbsp;<br \/>\nTus comentarios siempre ser\u00e1n \u00fatiles, as\u00ed que no dudes en aportar lo que consideres.<br \/>\n\u00a1Gracias por consultarme!<\/p>\n","protected":false},"excerpt":{"rendered":"<p>Mi nombre es Pilar Laso y desde hace unos a\u00f1os ocupo el puesto de orientadora en el \u00e1rea de Dificultades de Aprendizaje dentro del Equipo de Orientaci\u00f3n Educativa Especializado de C\u00f3rdoba. Os doy la bienvenida a este blog sobre dificultades de aprendizaje. Un sitio web que pretende contener informaci\u00f3n, art\u00edculos, comentarios, gu\u00edas, recursos\u2026 relevantes, \u00fatiles &hellip; <a href=\"https:\/\/blogsaverroes.juntadeandalucia.es\/diacordoba\/\" class=\"more-link\">Sigue leyendo <span class=\"screen-reader-text\">\u00a1BIENVENIDOS!<\/span><\/a><\/p>\n","protected":false},"author":14319,"featured_media":0,"parent":0,"menu_order":0,"comment_status":"closed","ping_status":"closed","template":"","meta":{"ngg_post_thumbnail":0,"footnotes":""},"aioseo_notices":[],"post_mailing_queue_ids":[],"_links":{"self":[{"href":"https:\/\/blogsaverroes.juntadeandalucia.es\/diacordoba\/wp-json\/wp\/v2\/pages\/109"}],"collection":[{"href":"https:\/\/blogsaverroes.juntadeandalucia.es\/diacordoba\/wp-json\/wp\/v2\/pages"}],"about":[{"href":"https:\/\/blogsaverroes.juntadeandalucia.es\/diacordoba\/wp-json\/wp\/v2\/types\/page"}],"author":[{"embeddable":true,"href":"https:\/\/blogsaverroes.juntadeandalucia.es\/diacordoba\/wp-json\/wp\/v2\/users\/14319"}],"replies":[{"embeddable":true,"href":"https:\/\/blogsaverroes.juntadeandalucia.es\/diacordoba\/wp-json\/wp\/v2\/comments?post=109"}],"version-history":[{"count":6,"href":"https:\/\/blogsaverroes.juntadeandalucia.es\/diacordoba\/wp-json\/wp\/v2\/pages\/109\/revisions"}],"predecessor-version":[{"id":307,"href":"https:\/\/blogsaverroes.juntadeandalucia.es\/diacordoba\/wp-json\/wp\/v2\/pages\/109\/revisions\/307"}],"wp:attachment":[{"href":"https:\/\/blogsaverroes.juntadeandalucia.es\/diacordoba\/wp-json\/wp\/v2\/media?parent=109"}],"curies":[{"name":"wp","href":"https:\/\/api.w.org\/{rel}","templated":true}]}}