{"id":41,"date":"2020-01-09T12:45:03","date_gmt":"2020-01-09T11:45:03","guid":{"rendered":"http:\/\/blogsaverroes.juntadeandalucia.es\/pre\/nuevoceip2v2\/?page_id=41"},"modified":"2025-02-05T14:24:39","modified_gmt":"2025-02-05T13:24:39","slug":"ensenanzas","status":"publish","type":"page","link":"https:\/\/blogsaverroes.juntadeandalucia.es\/diamantino\/ensenanzas\/","title":{"rendered":"Ense\u00f1anzas"},"content":{"rendered":"<p><span style=\"font-family: verdana, geneva, sans-serif;font-size: 18pt\">El CEPER &#8220;Diamantino Garc\u00eda Acosta&#8221; es un Centro de Educaci\u00f3n Permanente de Alcal\u00e1 de Guada\u00edra y con presencia en Torreblanca en el que impartimos actualmente las siguientes ense\u00f1anzas:<\/span><\/p>\n<p>&nbsp;<\/p>\n<ul>\n<li>Tutor\u00edas de Apoyo al Estudio (TAE) en la Ense\u00f1anza Secundaria para Personas Adultas (ESPA), para la obtenci\u00f3n del t\u00edtulo de Graduado en Educaci\u00f3n Secundaria.<\/li>\n<li>Preparaci\u00f3n para la prueba libre para la obtenci\u00f3n del t\u00edtulo de Graduado en Educaci\u00f3n Secundaria.<\/li>\n<li>Formaci\u00f3n B\u00e1sica para personas adultas.<\/li>\n<li>Patrimonio Cultural Andaluz y Medio Ambiente.<\/li>\n<li>Adquisici\u00f3n de H\u00e1bitos de Vida Saludable.<\/li>\n<li>Interculturalidad y Lengua Espa\u00f1ola.<\/li>\n<li>Uso b\u00e1sico del idioma extranjero (Ingl\u00e9s).<\/li>\n<li>Uso b\u00e1sico de las TIC.<\/li>\n<li>Cursos de Capacitaci\u00f3n Digital con los fondos Next Generation.<\/li>\n<\/ul>\n<p>En pr\u00f3ximos cursos, siempre que exista suficiente demanda, estamos abiertos a impartir otras ense\u00f1anzas como:<\/p>\n<ul>\n<li>Acceso a la Universidad para mayores de 25 a\u00f1os.<\/li>\n<li style=\"text-align: left\">Preparaci\u00f3n para las pruebas libres de determinados grados formativos de Formaci\u00f3n Profesional (grados medios).<\/li>\n<\/ul>\n<p><img loading=\"lazy\" decoding=\"async\" class=\"alignleft wp-image-734\" src=\"https:\/\/blogsaverroes.juntadeandalucia.es\/diamantino\/files\/2025\/01\/IMG_20250121_205952-826x1024.jpg\" alt=\"\" width=\"378\" height=\"469\"><img loading=\"lazy\" decoding=\"async\" class=\"alignleft wp-image-737\" src=\"https:\/\/blogsaverroes.juntadeandalucia.es\/diamantino\/files\/2025\/01\/IMG_20250122_160057-719x1024.jpg\" alt=\"\" width=\"378\" height=\"538\">&nbsp;<img loading=\"lazy\" decoding=\"async\" class=\"alignleft wp-image-736\" src=\"https:\/\/blogsaverroes.juntadeandalucia.es\/diamantino\/files\/2025\/01\/IMG_20250122_160003-231x300.jpg\" alt=\"\" width=\"378\" height=\"490\"> <img loading=\"lazy\" decoding=\"async\" class=\"wp-image-735 alignleft\" src=\"https:\/\/blogsaverroes.juntadeandalucia.es\/diamantino\/files\/2025\/01\/IMG_20250122_153948-248x300.jpg\" alt=\"\" width=\"378\" height=\"456\"><\/p>\n<p>&nbsp;<\/p>\n<p>&nbsp;<\/p>\n<p>&nbsp;<\/p>\n<p>&nbsp;<\/p>\n<p>&nbsp;<\/p>\n<p>&nbsp;<\/p>\n<p>&nbsp;<\/p>\n<p>&nbsp;<\/p>\n<p>&nbsp;<\/p>\n<p>&nbsp;<\/p>\n<p style=\"text-align: center\"><a href=\"https:\/\/blogsaverroes.juntadeandalucia.es\/diamantino\/\">Clic aqu\u00ed para volver a la p\u00e1gina de inicio<\/a><\/p>\n<p>&nbsp;<\/p>\n","protected":false},"excerpt":{"rendered":"<p>El CEPER &#8220;Diamantino Garc\u00eda Acosta&#8221; es un Centro de Educaci\u00f3n Permanente de Alcal\u00e1 de Guada\u00edra y con presencia en Torreblanca en el que impartimos actualmente las siguientes ense\u00f1anzas: &nbsp; Tutor\u00edas de Apoyo al Estudio (TAE) en la Ense\u00f1anza Secundaria para Personas Adultas (ESPA), para la obtenci\u00f3n del t\u00edtulo de Graduado en Educaci\u00f3n Secundaria. Preparaci\u00f3n para [&hellip;]<\/p>\n","protected":false},"author":7051,"featured_media":0,"parent":0,"menu_order":0,"comment_status":"closed","ping_status":"closed","template":"","meta":{"_et_pb_use_builder":"off","_et_pb_old_content":"","_et_gb_content_width":"","ngg_post_thumbnail":0,"footnotes":""},"aioseo_notices":[],"_links":{"self":[{"href":"https:\/\/blogsaverroes.juntadeandalucia.es\/diamantino\/wp-json\/wp\/v2\/pages\/41"}],"collection":[{"href":"https:\/\/blogsaverroes.juntadeandalucia.es\/diamantino\/wp-json\/wp\/v2\/pages"}],"about":[{"href":"https:\/\/blogsaverroes.juntadeandalucia.es\/diamantino\/wp-json\/wp\/v2\/types\/page"}],"author":[{"embeddable":true,"href":"https:\/\/blogsaverroes.juntadeandalucia.es\/diamantino\/wp-json\/wp\/v2\/users\/7051"}],"replies":[{"embeddable":true,"href":"https:\/\/blogsaverroes.juntadeandalucia.es\/diamantino\/wp-json\/wp\/v2\/comments?post=41"}],"version-history":[{"count":20,"href":"https:\/\/blogsaverroes.juntadeandalucia.es\/diamantino\/wp-json\/wp\/v2\/pages\/41\/revisions"}],"predecessor-version":[{"id":807,"href":"https:\/\/blogsaverroes.juntadeandalucia.es\/diamantino\/wp-json\/wp\/v2\/pages\/41\/revisions\/807"}],"wp:attachment":[{"href":"https:\/\/blogsaverroes.juntadeandalucia.es\/diamantino\/wp-json\/wp\/v2\/media?parent=41"}],"curies":[{"name":"wp","href":"https:\/\/api.w.org\/{rel}","templated":true}]}}