{"id":23,"date":"2015-10-19T12:39:13","date_gmt":"2015-10-19T12:39:13","guid":{"rendered":"http:\/\/blogsaverroes.juntadeandalucia.es\/diaprendo\/?page_id=23"},"modified":"2016-03-14T14:53:03","modified_gmt":"2016-03-14T13:53:03","slug":"escritura","status":"publish","type":"page","link":"https:\/\/blogsaverroes.juntadeandalucia.es\/diaprendo\/escritura\/","title":{"rendered":"ESCRITURA EI &#8211; EP"},"content":{"rendered":"<p>En esta p\u00e1gina se incluyen art\u00edculos, programas, experiencias de trabajo y recursos relacionados con el aprendizaje de la escritura.<\/p>\n<p><strong>&#8211; Experiencias que se realizan en el CEIP Clara Campoamor en escritura.<\/strong><\/p>\n<p>Desde los tres a\u00f1os el alumnado se inicia escribiendo de forma individual y en parejas, cada uno \u00aba su manera.<\/p>\n<p>El reforzar cada intento con una mirada, una sonrisa un \u00a1\u00a1muy bien!! ha hecho que \u00a0no les entre miedo a escribir, que sepan que pueden hacerlo, siempre \u00aba su manera\u00bb, pero con ayuda, modelo y sugerencias del profe y sus mismos compa\u00f1eros\/as para \u00a0mejorar.<\/p>\n<p>Comenzan escribiendo en parejas desde el primer d\u00eda de clase, d\u00e1ndoles tan solo una goma, un l\u00e1piz y un folio. \u00a0Al principio se pelean, o no se pelean pero es uno el que hace todo, no saben c\u00f3mo enfrentarse a esa situaci\u00f3n&#8230; pero trabajando con tres parejas a la vez, en peque\u00f1o grupo, vas gui\u00e1ndoles, sugeri\u00e9ndoles, y proponiendoles formas de trabajar en pareja.<\/p>\n<p>Para leer m\u00e1s.<\/p>\n<p><a href=\"http:\/\/aprenderhablando.blogspot.com.es\/2013\/01\/escritura-en-parejas.html\">http:\/\/aprenderhablando.blogspot.com.es\/2013\/01\/escritura-en-parejas.html<\/a><\/p>\n<p>&nbsp;<\/p>\n<p><strong>&#8211; Trazo de letras. Escritura de las vocales<\/strong><\/p>\n<p>Aqu\u00ed se presentan una colecci\u00f3n de <em>fichas de escritura de vocales para descargar<\/em> e imprimir, listas para usar por los ni\u00f1os. En esta ocasi\u00f3n, las fichas que os presentamos est\u00e1n dedicadas a las vocales A, E. Est\u00e1n escritas de forma punteada para que puedan repasarla y de esta forma, aprender a seguir el trazo. Las fichas de vocales est\u00e1n preparadas para repasar con puntitos.<\/p>\n<p>Como pod\u00e9is comprobar las fichas trabajan cada una de las vocales, primero en may\u00fasculas y m\u00e1s adelante en min\u00fascula. Para facilitar el aprendizaje, los ni\u00f1os tienen que escribir las letras siguiendo la gu\u00eda de los puntitos. En la tabla que encontr\u00e1is a continuaci\u00f3n pod\u00e9is descargar las fichas de escritura de vocales.<\/p>\n<p><a href=\"http:\/\/familiaycole.com\/2014\/08\/24\/fichas-de-escritura-de-vocales-para-descargar\/\">http:\/\/familiaycole.com\/2014\/08\/24\/fichas-de-escritura-de-vocales-para-descargar\/<\/a><\/p>\n<p>&nbsp;<\/p>\n","protected":false},"excerpt":{"rendered":"<p>En esta p\u00e1gina se incluyen art\u00edculos, programas, experiencias de trabajo y recursos relacionados con el aprendizaje de la escritura. &#8211; Experiencias que se realizan en el CEIP Clara Campoamor en escritura. Desde los tres&#46;&#46;&#46;<\/p>\n","protected":false},"author":2018,"featured_media":0,"parent":0,"menu_order":0,"comment_status":"open","ping_status":"open","template":"","meta":{"ngg_post_thumbnail":0,"footnotes":""},"aioseo_notices":[],"_links":{"self":[{"href":"https:\/\/blogsaverroes.juntadeandalucia.es\/diaprendo\/wp-json\/wp\/v2\/pages\/23"}],"collection":[{"href":"https:\/\/blogsaverroes.juntadeandalucia.es\/diaprendo\/wp-json\/wp\/v2\/pages"}],"about":[{"href":"https:\/\/blogsaverroes.juntadeandalucia.es\/diaprendo\/wp-json\/wp\/v2\/types\/page"}],"author":[{"embeddable":true,"href":"https:\/\/blogsaverroes.juntadeandalucia.es\/diaprendo\/wp-json\/wp\/v2\/users\/2018"}],"replies":[{"embeddable":true,"href":"https:\/\/blogsaverroes.juntadeandalucia.es\/diaprendo\/wp-json\/wp\/v2\/comments?post=23"}],"version-history":[{"count":9,"href":"https:\/\/blogsaverroes.juntadeandalucia.es\/diaprendo\/wp-json\/wp\/v2\/pages\/23\/revisions"}],"predecessor-version":[{"id":388,"href":"https:\/\/blogsaverroes.juntadeandalucia.es\/diaprendo\/wp-json\/wp\/v2\/pages\/23\/revisions\/388"}],"wp:attachment":[{"href":"https:\/\/blogsaverroes.juntadeandalucia.es\/diaprendo\/wp-json\/wp\/v2\/media?parent=23"}],"curies":[{"name":"wp","href":"https:\/\/api.w.org\/{rel}","templated":true}]}}