{"id":92,"date":"2022-04-01T06:39:08","date_gmt":"2022-04-01T06:39:08","guid":{"rendered":"http:\/\/blogsaverroes.juntadeandalucia.es\/pre\/diccionario\/?page_id=9"},"modified":"2024-04-23T15:44:32","modified_gmt":"2024-04-23T15:44:32","slug":"inicio","status":"publish","type":"page","link":"https:\/\/blogsaverroes.juntadeandalucia.es\/diccionario\/","title":{"rendered":"Inicio"},"content":{"rendered":"<p>[et_pb_section fb_built=\u00bb1&#8243; _builder_version=\u00bb4.16&#8243; _module_preset=\u00bbdefault\u00bb global_colors_info=\u00bb{}\u00bb][et_pb_row _builder_version=\u00bb4.16&#8243; _module_preset=\u00bbdefault\u00bb width=\u00bb96%\u00bb max_width=\u00bb2560px\u00bb custom_padding=\u00bb0px||0px||false|false\u00bb global_colors_info=\u00bb{}\u00bb][et_pb_column type=\u00bb4_4&#8243; _builder_version=\u00bb4.16&#8243; _module_preset=\u00bbdefault\u00bb global_colors_info=\u00bb{}\u00bb][et_pb_code _builder_version=\u00bb4.24.2&#8243; _module_preset=\u00bbdefault\u00bb hover_enabled=\u00bb0&#8243; global_colors_info=\u00bb{}\u00bb sticky_enabled=\u00bb0&#8243;]<\/p>\n<div class=\"rea_principal_cabecera\"><!-- [et_pb_line_break_holder] -->\t<\/p>\n<div class=\"ea_pag_sd_cabecera_img\"><!-- [et_pb_line_break_holder] -->    <a href=\"https:\/\/blogsaverroes.juntadeandalucia.es\/diccionario\/\"><!-- [et_pb_line_break_holder] -->  \t<img decoding=\"async\" title=\"Diccionario de Espa\u00f1ol\" alt=\"Diccionario de Espa\u00f1ol\" src=\"https:\/\/blogsaverroes.juntadeandalucia.es\/diccionario\/files\/2022\/04\/imagen_diccionario_espa\u00f1ol_v6.png\" \/><!-- [et_pb_line_break_holder] -->      <\/a><!-- [et_pb_line_break_holder] -->  <\/div>\n<p><!-- [et_pb_line_break_holder] -->\t<\/p>\n<div class=\"ea_pag_sd_cabecera_txt\"><!-- [et_pb_line_break_holder] -->  \t<\/p>\n<h1>Diccionario de Espa\u00f1ol<\/h1>\n<p><!-- [et_pb_line_break_holder] -->    <pee>Banco de definiciones de t\u00e9rminos en espa\u00f1ol para la elaboraci\u00f3n de Recursos Educativos Abiertos. Las definiciones se complementan con una versi\u00f3n en lectura facilitada, ejemplo e im\u00e1genes.<\/pee><!-- [et_pb_line_break_holder] -->\t<\/div>\n<p><!-- [et_pb_line_break_holder] --><\/div>\n<p>[\/et_pb_code][\/et_pb_column][\/et_pb_row][et_pb_row _builder_version=\u00bb4.16&#8243; _module_preset=\u00bbdefault\u00bb width=\u00bb96%\u00bb max_width=\u00bb2560px\u00bb global_colors_info=\u00bb{}\u00bb][et_pb_column type=\u00bb4_4&#8243; _builder_version=\u00bb4.16&#8243; _module_preset=\u00bbdefault\u00bb global_colors_info=\u00bb{}\u00bb][et_pb_code _builder_version=\u00bb4.16&#8243; _module_preset=\u00bbdefault\u00bb global_colors_info=\u00bb{}\u00bb]\n    <form id=\"ba_dlc_buscar_palabra_form\" class=\"form-horizontal\" role=\"form\" method=\"POST\" accept-charset=\"UTF-8\">\n        <input type=\"hidden\" name=\"__nonce_palabra\" value=\"1cc95a5784\" \/>\n        <div class=\"ba_dlc_buscar_palabra_contenedor\">\n            <div class=\"ba_dlc_buscar_palabra_input\">\n\t\t\t    <input title=\"Buscar palabra en el diccionario\" type=\"text\" class=\"form-control placeholder\" value=\"\" name=\"ba_dlc_buscador_palabra\" id=\"ba_dlc_buscador_palabra\" placeholder=\"Escribe la palabra que quieras buscar...\">\n            <\/div>\n            <div class=\"ba_dlc_buscar_palabra_btn_subtmit\">\n                <button type=\"submit\" formmethod=\"post\" form=\"ba_dlc_buscar_palabra_form\" name=\"ba_dlc_buscar_palabra_submit\">Buscar<\/button>\n            <\/div>\n        <\/div>\n        <div class=\"ba_dlc_buscador_letras_contenedor\">\n    \n            <div class=\"ba_dlc_buscador_letra\">\n                <a href=\"https:\/\/blogsaverroes.juntadeandalucia.es\/diccionario\/?letra=a\">A<\/a>\n            <\/div>\n        \n            <div class=\"ba_dlc_buscador_letra\">\n                <a href=\"https:\/\/blogsaverroes.juntadeandalucia.es\/diccionario\/?letra=b\">B<\/a>\n            <\/div>\n        \n            <div class=\"ba_dlc_buscador_letra\">\n                <a href=\"https:\/\/blogsaverroes.juntadeandalucia.es\/diccionario\/?letra=c\">C<\/a>\n            <\/div>\n        \n            <div class=\"ba_dlc_buscador_letra\">\n                <a href=\"https:\/\/blogsaverroes.juntadeandalucia.es\/diccionario\/?letra=d\">D<\/a>\n            <\/div>\n        \n            <div class=\"ba_dlc_buscador_letra\">\n                <a href=\"https:\/\/blogsaverroes.juntadeandalucia.es\/diccionario\/?letra=e\">E<\/a>\n            <\/div>\n        \n            <div class=\"ba_dlc_buscador_letra\">\n                <a href=\"https:\/\/blogsaverroes.juntadeandalucia.es\/diccionario\/?letra=f\">F<\/a>\n            <\/div>\n        \n            <div class=\"ba_dlc_buscador_letra\">\n                <a href=\"https:\/\/blogsaverroes.juntadeandalucia.es\/diccionario\/?letra=g\">G<\/a>\n            <\/div>\n        \n            <div class=\"ba_dlc_buscador_letra\">\n                <a href=\"https:\/\/blogsaverroes.juntadeandalucia.es\/diccionario\/?letra=h\">H<\/a>\n            <\/div>\n        \n            <div class=\"ba_dlc_buscador_letra\">\n                <a href=\"https:\/\/blogsaverroes.juntadeandalucia.es\/diccionario\/?letra=i\">I<\/a>\n            <\/div>\n        \n            <div class=\"ba_dlc_buscador_letra\">\n                <a href=\"https:\/\/blogsaverroes.juntadeandalucia.es\/diccionario\/?letra=j\">J<\/a>\n            <\/div>\n        \n            <div class=\"ba_dlc_buscador_letra\">\n                <a href=\"https:\/\/blogsaverroes.juntadeandalucia.es\/diccionario\/?letra=k\">K<\/a>\n            <\/div>\n        \n            <div class=\"ba_dlc_buscador_letra\">\n                <a href=\"https:\/\/blogsaverroes.juntadeandalucia.es\/diccionario\/?letra=l\">L<\/a>\n            <\/div>\n        \n            <div class=\"ba_dlc_buscador_letra\">\n                <a href=\"https:\/\/blogsaverroes.juntadeandalucia.es\/diccionario\/?letra=m\">M<\/a>\n            <\/div>\n        \n            <div class=\"ba_dlc_buscador_letra\">\n                <a href=\"https:\/\/blogsaverroes.juntadeandalucia.es\/diccionario\/?letra=n\">N<\/a>\n            <\/div>\n        \n            <div class=\"ba_dlc_buscador_letra\">\n                <a href=\"https:\/\/blogsaverroes.juntadeandalucia.es\/diccionario\/?letra=\u00d1\">\u00d1<\/a>\n            <\/div>\n        \n            <div class=\"ba_dlc_buscador_letra\">\n                <a href=\"https:\/\/blogsaverroes.juntadeandalucia.es\/diccionario\/?letra=o\">O<\/a>\n            <\/div>\n        \n            <div class=\"ba_dlc_buscador_letra\">\n                <a href=\"https:\/\/blogsaverroes.juntadeandalucia.es\/diccionario\/?letra=p\">P<\/a>\n            <\/div>\n        \n            <div class=\"ba_dlc_buscador_letra\">\n                <a href=\"https:\/\/blogsaverroes.juntadeandalucia.es\/diccionario\/?letra=q\">Q<\/a>\n            <\/div>\n        \n            <div class=\"ba_dlc_buscador_letra\">\n                <a href=\"https:\/\/blogsaverroes.juntadeandalucia.es\/diccionario\/?letra=r\">R<\/a>\n            <\/div>\n        \n            <div class=\"ba_dlc_buscador_letra\">\n                <a href=\"https:\/\/blogsaverroes.juntadeandalucia.es\/diccionario\/?letra=s\">S<\/a>\n            <\/div>\n        \n            <div class=\"ba_dlc_buscador_letra\">\n                <a href=\"https:\/\/blogsaverroes.juntadeandalucia.es\/diccionario\/?letra=t\">T<\/a>\n            <\/div>\n        \n            <div class=\"ba_dlc_buscador_letra\">\n                <a href=\"https:\/\/blogsaverroes.juntadeandalucia.es\/diccionario\/?letra=u\">U<\/a>\n            <\/div>\n        \n            <div class=\"ba_dlc_buscador_letra\">\n                <a href=\"https:\/\/blogsaverroes.juntadeandalucia.es\/diccionario\/?letra=v\">V<\/a>\n            <\/div>\n        \n            <div class=\"ba_dlc_buscador_letra\">\n                <a href=\"https:\/\/blogsaverroes.juntadeandalucia.es\/diccionario\/?letra=w\">W<\/a>\n            <\/div>\n        \n            <div class=\"ba_dlc_buscador_letra\">\n                <a href=\"https:\/\/blogsaverroes.juntadeandalucia.es\/diccionario\/?letra=x\">X<\/a>\n            <\/div>\n        \n            <div class=\"ba_dlc_buscador_letra\">\n                <a href=\"https:\/\/blogsaverroes.juntadeandalucia.es\/diccionario\/?letra=y\">Y<\/a>\n            <\/div>\n        \n            <div class=\"ba_dlc_buscador_letra\">\n                <a href=\"https:\/\/blogsaverroes.juntadeandalucia.es\/diccionario\/?letra=z\">Z<\/a>\n            <\/div>\n                    \n        <\/div>\n    <\/form>\n    [\/et_pb_code][\/et_pb_column][\/et_pb_row][\/et_pb_section]<\/p>\n","protected":false},"excerpt":{"rendered":"\n    <form id=\"ba_dlc_buscar_palabra_form\" class=\"form-horizontal\" role=\"form\" method=\"POST\" accept-charset=\"UTF-8\">\n        <input type=\"hidden\" name=\"__nonce_palabra\" value=\"1cc95a5784\" \/>\n        <div class=\"ba_dlc_buscar_palabra_contenedor\">\n            <div class=\"ba_dlc_buscar_palabra_input\">\n\t\t\t    <input title=\"Buscar palabra en el diccionario\" type=\"text\" class=\"form-control placeholder\" value=\"\" name=\"ba_dlc_buscador_palabra\" id=\"ba_dlc_buscador_palabra\" placeholder=\"Escribe la palabra que quieras buscar...\">\n            <\/div>\n            <div class=\"ba_dlc_buscar_palabra_btn_subtmit\">\n                <button type=\"submit\" formmethod=\"post\" form=\"ba_dlc_buscar_palabra_form\" name=\"ba_dlc_buscar_palabra_submit\">Buscar<\/button>\n            <\/div>\n        <\/div>\n        <div class=\"ba_dlc_buscador_letras_contenedor\">\n    \n            <div class=\"ba_dlc_buscador_letra\">\n                <a href=\"https:\/\/blogsaverroes.juntadeandalucia.es\/diccionario\/?letra=a\">A<\/a>\n            <\/div>\n        \n            <div class=\"ba_dlc_buscador_letra\">\n                <a href=\"https:\/\/blogsaverroes.juntadeandalucia.es\/diccionario\/?letra=b\">B<\/a>\n            <\/div>\n        \n            <div class=\"ba_dlc_buscador_letra\">\n                <a href=\"https:\/\/blogsaverroes.juntadeandalucia.es\/diccionario\/?letra=c\">C<\/a>\n            <\/div>\n        \n            <div class=\"ba_dlc_buscador_letra\">\n                <a href=\"https:\/\/blogsaverroes.juntadeandalucia.es\/diccionario\/?letra=d\">D<\/a>\n            <\/div>\n        \n            <div class=\"ba_dlc_buscador_letra\">\n                <a href=\"https:\/\/blogsaverroes.juntadeandalucia.es\/diccionario\/?letra=e\">E<\/a>\n            <\/div>\n        \n            <div class=\"ba_dlc_buscador_letra\">\n                <a href=\"https:\/\/blogsaverroes.juntadeandalucia.es\/diccionario\/?letra=f\">F<\/a>\n            <\/div>\n        \n            <div class=\"ba_dlc_buscador_letra\">\n                <a href=\"https:\/\/blogsaverroes.juntadeandalucia.es\/diccionario\/?letra=g\">G<\/a>\n            <\/div>\n        \n            <div class=\"ba_dlc_buscador_letra\">\n                <a href=\"https:\/\/blogsaverroes.juntadeandalucia.es\/diccionario\/?letra=h\">H<\/a>\n            <\/div>\n        \n            <div class=\"ba_dlc_buscador_letra\">\n                <a href=\"https:\/\/blogsaverroes.juntadeandalucia.es\/diccionario\/?letra=i\">I<\/a>\n            <\/div>\n        \n            <div class=\"ba_dlc_buscador_letra\">\n                <a href=\"https:\/\/blogsaverroes.juntadeandalucia.es\/diccionario\/?letra=j\">J<\/a>\n            <\/div>\n        \n            <div class=\"ba_dlc_buscador_letra\">\n                <a href=\"https:\/\/blogsaverroes.juntadeandalucia.es\/diccionario\/?letra=k\">K<\/a>\n            <\/div>\n        \n            <div class=\"ba_dlc_buscador_letra\">\n                <a href=\"https:\/\/blogsaverroes.juntadeandalucia.es\/diccionario\/?letra=l\">L<\/a>\n            <\/div>\n        \n            <div class=\"ba_dlc_buscador_letra\">\n                <a href=\"https:\/\/blogsaverroes.juntadeandalucia.es\/diccionario\/?letra=m\">M<\/a>\n            <\/div>\n        \n            <div class=\"ba_dlc_buscador_letra\">\n                <a href=\"https:\/\/blogsaverroes.juntadeandalucia.es\/diccionario\/?letra=n\">N<\/a>\n            <\/div>\n        \n            <div class=\"ba_dlc_buscador_letra\">\n                <a href=\"https:\/\/blogsaverroes.juntadeandalucia.es\/diccionario\/?letra=\u00d1\">\u00d1<\/a>\n            <\/div>\n        \n            <div class=\"ba_dlc_buscador_letra\">\n                <a href=\"https:\/\/blogsaverroes.juntadeandalucia.es\/diccionario\/?letra=o\">O<\/a>\n            <\/div>\n        \n            <div class=\"ba_dlc_buscador_letra\">\n                <a href=\"https:\/\/blogsaverroes.juntadeandalucia.es\/diccionario\/?letra=p\">P<\/a>\n            <\/div>\n        \n            <div class=\"ba_dlc_buscador_letra\">\n                <a href=\"https:\/\/blogsaverroes.juntadeandalucia.es\/diccionario\/?letra=q\">Q<\/a>\n            <\/div>\n        \n            <div class=\"ba_dlc_buscador_letra\">\n                <a href=\"https:\/\/blogsaverroes.juntadeandalucia.es\/diccionario\/?letra=r\">R<\/a>\n            <\/div>\n        \n            <div class=\"ba_dlc_buscador_letra\">\n                <a href=\"https:\/\/blogsaverroes.juntadeandalucia.es\/diccionario\/?letra=s\">S<\/a>\n            <\/div>\n        \n            <div class=\"ba_dlc_buscador_letra\">\n                <a href=\"https:\/\/blogsaverroes.juntadeandalucia.es\/diccionario\/?letra=t\">T<\/a>\n            <\/div>\n        \n            <div class=\"ba_dlc_buscador_letra\">\n                <a href=\"https:\/\/blogsaverroes.juntadeandalucia.es\/diccionario\/?letra=u\">U<\/a>\n            <\/div>\n        \n            <div class=\"ba_dlc_buscador_letra\">\n                <a href=\"https:\/\/blogsaverroes.juntadeandalucia.es\/diccionario\/?letra=v\">V<\/a>\n            <\/div>\n        \n            <div class=\"ba_dlc_buscador_letra\">\n                <a href=\"https:\/\/blogsaverroes.juntadeandalucia.es\/diccionario\/?letra=w\">W<\/a>\n            <\/div>\n        \n            <div class=\"ba_dlc_buscador_letra\">\n                <a href=\"https:\/\/blogsaverroes.juntadeandalucia.es\/diccionario\/?letra=x\">X<\/a>\n            <\/div>\n        \n            <div class=\"ba_dlc_buscador_letra\">\n                <a href=\"https:\/\/blogsaverroes.juntadeandalucia.es\/diccionario\/?letra=y\">Y<\/a>\n            <\/div>\n        \n            <div class=\"ba_dlc_buscador_letra\">\n                <a href=\"https:\/\/blogsaverroes.juntadeandalucia.es\/diccionario\/?letra=z\">Z<\/a>\n            <\/div>\n                    \n        <\/div>\n    <\/form>\n    \n","protected":false},"author":7051,"featured_media":0,"parent":0,"menu_order":0,"comment_status":"closed","ping_status":"closed","template":"","meta":{"_et_pb_use_builder":"on","_et_pb_old_content":"","_et_gb_content_width":"","ngg_post_thumbnail":0,"footnotes":""},"aioseo_notices":[],"_links":{"self":[{"href":"https:\/\/blogsaverroes.juntadeandalucia.es\/diccionario\/wp-json\/wp\/v2\/pages\/92"}],"collection":[{"href":"https:\/\/blogsaverroes.juntadeandalucia.es\/diccionario\/wp-json\/wp\/v2\/pages"}],"about":[{"href":"https:\/\/blogsaverroes.juntadeandalucia.es\/diccionario\/wp-json\/wp\/v2\/types\/page"}],"author":[{"embeddable":true,"href":"https:\/\/blogsaverroes.juntadeandalucia.es\/diccionario\/wp-json\/wp\/v2\/users\/7051"}],"replies":[{"embeddable":true,"href":"https:\/\/blogsaverroes.juntadeandalucia.es\/diccionario\/wp-json\/wp\/v2\/comments?post=92"}],"version-history":[{"count":1,"href":"https:\/\/blogsaverroes.juntadeandalucia.es\/diccionario\/wp-json\/wp\/v2\/pages\/92\/revisions"}],"predecessor-version":[{"id":3659,"href":"https:\/\/blogsaverroes.juntadeandalucia.es\/diccionario\/wp-json\/wp\/v2\/pages\/92\/revisions\/3659"}],"wp:attachment":[{"href":"https:\/\/blogsaverroes.juntadeandalucia.es\/diccionario\/wp-json\/wp\/v2\/media?parent=92"}],"curies":[{"name":"wp","href":"https:\/\/api.w.org\/{rel}","templated":true}]}}