{"id":3765,"date":"2020-01-23T09:12:57","date_gmt":"2020-01-23T08:12:57","guid":{"rendered":"https:\/\/blogsaverroes.juntadeandalucia.es\/directormanuelsomoza\/?page_id=3765"},"modified":"2020-01-23T09:37:44","modified_gmt":"2020-01-23T08:37:44","slug":"programa-comunica","status":"publish","type":"page","link":"https:\/\/blogsaverroes.juntadeandalucia.es\/directormanuelsomoza\/programa-comunica\/","title":{"rendered":"PROGRAMA ComunicA"},"content":{"rendered":"<p style=\"text-align: justify\"><span style=\"font-family: 'comic sans ms', sans-serif\">Nuestro centro participa en el<em> <span style=\"font-size: 14pt;color: #ff0000\"><strong><span style=\"color: #ff0000\">Programa<\/span> <span style=\"color: #ff0000\">ComunicA<\/span><\/strong><\/span><\/em><span style=\"font-size: 14pt;color: #ff0000\"><strong>&nbsp;(P2)<\/strong><\/span> . El mismo presenta una visi\u00f3n integradora de las tipolog\u00edas textuales como manifestaci\u00f3n cultural, ling\u00fc\u00edstica, est\u00e9tica, social, \u00e9tica e individual que se vinculan con las competencias clave y las nuevas metodolog\u00edas educativas.<a href=\"https:\/\/blogsaverroes.juntadeandalucia.es\/directormanuelsomoza\/files\/2020\/01\/Captura-de-pantalla-2020-01-23-a-las-9.07.26.png\"><img loading=\"lazy\" decoding=\"async\" class=\"wp-image-3766 size-full alignright\" src=\"https:\/\/blogsaverroes.juntadeandalucia.es\/directormanuelsomoza\/files\/2020\/01\/Captura-de-pantalla-2020-01-23-a-las-9.07.26.png\" alt=\"\" width=\"455\" height=\"153\" srcset=\"https:\/\/blogsaverroes.juntadeandalucia.es\/directormanuelsomoza\/files\/2020\/01\/Captura-de-pantalla-2020-01-23-a-las-9.07.26.png 455w, https:\/\/blogsaverroes.juntadeandalucia.es\/directormanuelsomoza\/files\/2020\/01\/Captura-de-pantalla-2020-01-23-a-las-9.07.26-300x101.png 300w, https:\/\/blogsaverroes.juntadeandalucia.es\/directormanuelsomoza\/files\/2020\/01\/Captura-de-pantalla-2020-01-23-a-las-9.07.26-24x8.png 24w, https:\/\/blogsaverroes.juntadeandalucia.es\/directormanuelsomoza\/files\/2020\/01\/Captura-de-pantalla-2020-01-23-a-las-9.07.26-36x12.png 36w, https:\/\/blogsaverroes.juntadeandalucia.es\/directormanuelsomoza\/files\/2020\/01\/Captura-de-pantalla-2020-01-23-a-las-9.07.26-48x16.png 48w\" sizes=\"(max-width: 455px) 100vw, 455px\" \/><\/a><\/span><\/p>\n<p style=\"text-align: justify\"><span style=\"font-family: 'comic sans ms', sans-serif\">El programa tiene como objetivo primordial <span style=\"color: #ff0000\"><em><strong><span style=\"color: #ff0000\">ofrecer<\/span> <span style=\"color: #ff0000\">estrategias y recursos metodol\u00f3gicos que puedan complementar el curr\u00edculum escolar con medidas de apoyo para la mejora de la lectura, la escritura y la lengua oral<\/span>.<\/strong><\/em><\/span><\/span><\/p>\n<p style=\"text-align: justify\"><span style=\"font-family: 'comic sans ms', sans-serif\">Para ello establece cuatro l\u00edneas de intervenci\u00f3n:<\/span><\/p>\n<ul>\n<li style=\"text-align: justify\"><span style=\"color: #ff00ff;font-family: 'comic sans ms', sans-serif\"><em><strong>Oralidad<\/strong><\/em><\/span><\/li>\n<li style=\"text-align: justify\"><span style=\"color: #ff00ff;font-family: 'comic sans ms', sans-serif\"><em><strong>Lectura &#8211; escritura funcional<\/strong><\/em><\/span><\/li>\n<li style=\"text-align: justify\"><span style=\"color: #ff00ff;font-family: 'comic sans ms', sans-serif\"><em><strong>Lectura &#8211; escritura creativa<\/strong><\/em><\/span><\/li>\n<li style=\"text-align: justify\"><span style=\"font-family: 'comic sans ms', sans-serif\"><span style=\"color: #ff00ff\"><em><strong>Alfabetizaci\u00f3n audiovisual<\/strong><\/em><\/span>.<\/span><\/li>\n<\/ul>\n<p style=\"text-align: justify\"><span style=\"font-family: 'comic sans ms', sans-serif\">Para cada una de esta l\u00edneas el programa propone una serie de actividades y sugerencias did\u00e1cticas que se pueden modificar, adaptar y contextualizar.<\/span><\/p>\n<p style=\"text-align: justify\"><span style=\"font-family: 'comic sans ms', sans-serif\">Los recursos de&nbsp;<em>ComunicA<\/em>&nbsp;han sido dise\u00f1ados principalmente para la <em><strong><span style=\"color: #ff0000\">mejora de la competencia en comunicaci\u00f3n ling\u00fc\u00edstica del alumnado y para el disfrute de la lectura en el aula<\/span><\/strong><\/em>, sin olvidar las posibilidades que ofrece para el desarrollo de otras competencias claves como la <strong><em><span style=\"color: #339966\">Competencia digital, Aprender a aprender, Competencias sociales y c\u00edvicas o Conciencia y expresiones culturales<\/span><\/em><\/strong>.<\/span><\/p>\n<p style=\"text-align: justify\"><span style=\"font-family: 'comic sans ms', sans-serif\">Tambi\u00e9n propone modelos de referencia con la intenci\u00f3n de crear un proyecto que establezca la mejora de la competencia ling\u00fc\u00edstica del alumnado atendiendo a las l\u00edneas de intervenci\u00f3n establecidas por&nbsp;<em>ComunicA<\/em>.<\/span><\/p>\n<p style=\"text-align: justify\"><span style=\"font-family: 'comic sans ms', sans-serif\">Los centros pueden construir sus proyectos utilizando y contextualizando cuantas actividades consideren oportunas de una u otra l\u00ednea o de uno u otro proyecto modelo.<\/span><\/p>\n<p style=\"text-align: justify\"><span style=\"font-family: 'comic sans ms', sans-serif\"><em>ComunicA<\/em>&nbsp;propone una metodolog\u00eda participativa, partiendo del enfoque comunicativo y el aprendizaje contextualizado, el Trabajo basado en Proyectos y\/o Problemas y en la interdisciplinaridad, y da cabida a propuestas como la clase invertida (flipped classroom), la gamificaci\u00f3n&nbsp; u otras que pueden resultar productivas.<\/span><\/p>\n<p><span style=\"color: #339966\"><strong><span style=\"color: #339966;font-size: 14pt\">Enlace <\/span><span style=\"color: #339966\"><span style=\"font-size: 14pt\"><span style=\"color: #339966\">a la<\/span> <span style=\"color: #339966\">web<\/span> <span style=\"color: #339966\">de Consejer\u00eda del Programa ComunicA<\/span><\/span><\/span>: <\/strong><\/span><\/p>\n<p style=\"text-align: center\"><a href=\"http:\/\/portal.ced.junta-andalucia.es\/educacion\/webportal\/web\/lecturas-y-bibliotecas-escolares\/comunica\" target=\"_blank\" rel=\"noopener noreferrer\">http:\/\/portal.ced.junta-andalucia.es\/educacion\/webportal\/web\/lecturas-y-bibliotecas-escolares\/comunica<\/a><\/p>\n<p><span style=\"font-family: 'comic sans ms', sans-serif\"><span style=\"text-decoration: underline;font-size: 12pt\"><strong>ACTIVIDADES DESARROLLADAS DURANTE EL CURSO 2019\/2020<\/strong><\/span>:<\/span><\/p>\n<ul>\n<li><span style=\"color: #ff0000\"><a style=\"color: #ff0000\" href=\"https:\/\/blogsaverroes.juntadeandalucia.es\/directormanuelsomoza\/intercambio-de-tarjetas-navidenas\/\" target=\"_blank\" rel=\"noopener noreferrer\"><span style=\"font-family: 'comic sans ms', sans-serif\"><strong><span style=\"color: #ff0000\">INTERCAMBIO<\/span> <span style=\"color: #ff0000\">TARJETAS NAVIDE\u00d1AS CON EL COLEGIO BRIT\u00c1NICO BRINSDOWN BILINGUAL PRIMARY SCHOOL.<\/span><\/strong><\/span><\/a><\/span><\/li>\n<\/ul>\n<p style=\"text-align: justify\">&nbsp;<\/p>\n","protected":false},"excerpt":{"rendered":"<p>Nuestro centro participa en el Programa ComunicA&nbsp;(P2) . El mismo presenta una visi\u00f3n integradora de las tipolog\u00edas textuales como manifestaci\u00f3n cultural, ling\u00fc\u00edstica, est\u00e9tica, social, \u00e9tica e individual que se vinculan con las competencias clave&#46;&#46;&#46;<\/p>\n","protected":false},"author":1958,"featured_media":3766,"parent":0,"menu_order":0,"comment_status":"closed","ping_status":"closed","template":"","meta":{"ngg_post_thumbnail":0,"footnotes":"","_mc_calendar":[]},"aioseo_notices":[],"_links":{"self":[{"href":"https:\/\/blogsaverroes.juntadeandalucia.es\/directormanuelsomoza\/wp-json\/wp\/v2\/pages\/3765"}],"collection":[{"href":"https:\/\/blogsaverroes.juntadeandalucia.es\/directormanuelsomoza\/wp-json\/wp\/v2\/pages"}],"about":[{"href":"https:\/\/blogsaverroes.juntadeandalucia.es\/directormanuelsomoza\/wp-json\/wp\/v2\/types\/page"}],"author":[{"embeddable":true,"href":"https:\/\/blogsaverroes.juntadeandalucia.es\/directormanuelsomoza\/wp-json\/wp\/v2\/users\/1958"}],"replies":[{"embeddable":true,"href":"https:\/\/blogsaverroes.juntadeandalucia.es\/directormanuelsomoza\/wp-json\/wp\/v2\/comments?post=3765"}],"version-history":[{"count":4,"href":"https:\/\/blogsaverroes.juntadeandalucia.es\/directormanuelsomoza\/wp-json\/wp\/v2\/pages\/3765\/revisions"}],"predecessor-version":[{"id":3777,"href":"https:\/\/blogsaverroes.juntadeandalucia.es\/directormanuelsomoza\/wp-json\/wp\/v2\/pages\/3765\/revisions\/3777"}],"wp:featuredmedia":[{"embeddable":true,"href":"https:\/\/blogsaverroes.juntadeandalucia.es\/directormanuelsomoza\/wp-json\/wp\/v2\/media\/3766"}],"wp:attachment":[{"href":"https:\/\/blogsaverroes.juntadeandalucia.es\/directormanuelsomoza\/wp-json\/wp\/v2\/media?parent=3765"}],"curies":[{"name":"wp","href":"https:\/\/api.w.org\/{rel}","templated":true}]}}