{"id":4147,"date":"2020-03-24T19:56:14","date_gmt":"2020-03-24T18:56:14","guid":{"rendered":"https:\/\/blogsaverroes.juntadeandalucia.es\/directormanuelsomoza\/?page_id=4147"},"modified":"2020-06-05T17:01:00","modified_gmt":"2020-06-05T16:01:00","slug":"2o-ed-primaria","status":"publish","type":"page","link":"https:\/\/blogsaverroes.juntadeandalucia.es\/directormanuelsomoza\/2o-ed-primaria\/","title":{"rendered":"2\u00ba ED. PRIMARIA"},"content":{"rendered":"<p style=\"text-align: justify\"><span style=\"font-family: 'comic sans ms', sans-serif;font-size: 14pt\">Estimadas familias y alumnado de 2\u00ba Primaria:<\/span><\/p>\n<p style=\"text-align: justify\"><span style=\"font-family: 'comic sans ms', sans-serif;font-size: 14pt\">Esta secci\u00f3n est\u00e1 habilitada con el fin de facilitar la informaci\u00f3n &#8211; de las <span style=\"color: #ff0000\">actividades y tareas propuestas semanalmente<\/span>&#8211; a todas las familias y alumnado de 2\u00ba Primaria.<\/span><\/p>\n<p style=\"text-align: justify\"><span style=\"font-family: 'comic sans ms', sans-serif;font-size: 14pt\">Todos los <span style=\"color: #ff0000\">lunes<\/span>, mientras dure esta situaci\u00f3n, se ir\u00e1n colgando el cuadrante de actividades semanales y recomendaciones opcionales y de entretenimiento para la semana. De esta situaci\u00f3n, <span style=\"color: #ff0000\">ser\u00e9is informados\/as por los tutores\/as a trav\u00e9s de iPASEN<\/span>.<\/span><\/p>\n<p style=\"text-align: justify\"><span style=\"font-family: 'comic sans ms', sans-serif;font-size: 14pt\">Hemos buscado que las tareas planteadas sean <span style=\"color: #ff0000\">\u00fatiles<\/span>, <span style=\"color: #ff0000\">asequibles en dificultad y tiempo<\/span> para la edad del alumnado, que nos permitan <span style=\"color: #ff0000\">consolidar aprendizajes<\/span> y que se <span style=\"color: #ff0000\">adapten<\/span> a esta situaci\u00f3n an\u00f3mala y nueva para todos\/as.&nbsp;<\/span><\/p>\n<p style=\"text-align: justify\"><span style=\"font-family: 'comic sans ms', sans-serif;font-size: 14pt\">Tambi\u00e9n entendemos que a veces se puede hacer complicado realizar todas las tareas debido a esta an\u00f3mala situaci\u00f3n y a que probablemente muchos ten\u00e9is circunstancias laborales y familiares que atender, pero todo lo que puedan hacer bienvenido sea.<\/span><\/p>\n<p style=\"text-align: justify\"><span style=\"font-family: 'comic sans ms', sans-serif;font-size: 14pt\">Cualquier duda al respecto de las tareas podr\u00e9is aclararlas con los tutores\/as de cada curso a trav\u00e9s del medio que us\u00e9is normalmente.<\/span><\/p>\n<p style=\"text-align: justify\"><span style=\"font-family: 'comic sans ms', sans-serif;font-size: 14pt\">Adem\u00e1s, pod\u00e9is acceder a los <strong><span style=\"color: #ff0000\">libros digitales<\/span><\/strong> que se encuentran en otra de las p\u00e1ginas que componen esta secci\u00f3n de educaci\u00f3n primaria, concretamente en <strong><span style=\"color: #ff0000\"><a style=\"color: #ff0000\" href=\"https:\/\/blogsaverroes.juntadeandalucia.es\/directormanuelsomoza\/educacion-primaria-acceso-libros-digitales\/\" target=\"_blank\" rel=\"noopener noreferrer\">EDUCACI\u00d3N PRIMARIA: ACCESO A LIBROS DIGITALES<\/a><\/span><\/strong><\/span><\/p>\n<div style=\"text-align: justify\"><span style=\"font-family: 'comic sans ms', sans-serif;font-size: 14pt\">Un saludo a todos\/as y gracias por vuestra colaboraci\u00f3n, ya que entre todos lo conseguiremos.<\/span><\/div>\n<div style=\"text-align: justify\">&nbsp;<\/div>\n<div style=\"text-align: right\"><span style=\"font-family: 'comic sans ms', sans-serif;font-size: 14pt\">Esperamos os sea de ayuda.<\/span><\/div>\n<div style=\"text-align: justify\">&nbsp;<\/div>\n<div style=\"text-align: right\"><span style=\"font-family: 'comic sans ms', sans-serif;font-size: 14pt\">El Equipo Docente de 2\u00ba del CEIP DIRECTOR MANUEL SOMOZA.<\/span><\/div>\n<div>&nbsp;<\/div>\n<div>\n<div>\n<div>\n<div>\n<div>\n<div style=\"text-align: center\"><span style=\"text-decoration: underline\"><span style=\"font-family: 'comic sans ms', sans-serif;font-size: 18pt;color: #ff0000\"><strong><span style=\"color: #ff0000;text-decoration: underline\">\u00daLTIMA SEMANA 9<\/span><span style=\"color: #ff0000;text-decoration: underline\">: 8 al 12 JUNIO 2020<\/span><\/strong><\/span><\/span><\/div>\n<div style=\"text-align: center\"><span style=\"font-family: 'comic sans ms', sans-serif;font-size: 8pt;color: #ff0000\">(PINCHAR SOBRE EL CURSO PARA DESCARGAR LA PROPUESTA DE CUADRANTE DE TRABAJO SEMANAL)<\/span><\/div>\n<\/div>\n<\/div>\n<\/div>\n<\/div>\n<\/div>\n<ul>\n<li><span style=\"font-size: 14pt;font-family: 'comic sans ms', sans-serif\"><strong><a href=\"https:\/\/blogsaverroes.juntadeandalucia.es\/directormanuelsomoza\/files\/2020\/06\/9\u00aa-SEMANA-2\u00ba-PRIMARIA.-CUADRANTE-TRABAJO-SEMANAL.pdf\" target=\"_blank\" rel=\"noopener noreferrer\">9\u00aa SEMANA 2\u00ba PRIMARIA. CUADRANTE TRABAJO SEMANAL<\/a><\/strong><\/span><\/li>\n<\/ul>\n<div>&nbsp;<\/div>\n<div>\n<div>\n<div>\n<div>\n<div style=\"text-align: center\"><span style=\"text-decoration: underline\"><span style=\"font-family: 'comic sans ms', sans-serif;font-size: 18pt;color: #ff0000\"><strong><span style=\"color: #ff0000;text-decoration: underline\">SEMANA 8<\/span><span style=\"color: #ff0000;text-decoration: underline\">: 2 al 5 JUNIO 2020<\/span><\/strong><\/span><\/span><\/div>\n<div style=\"text-align: center\"><span style=\"font-family: 'comic sans ms', sans-serif;font-size: 8pt;color: #ff0000\">(PINCHAR SOBRE EL CURSO PARA DESCARGAR LA PROPUESTA DE CUADRANTE DE TRABAJO SEMANAL)<\/span><\/div>\n<\/div>\n<div>\n<ul>\n<li><span style=\"font-size: 14pt;font-family: 'comic sans ms', sans-serif\"><strong><a href=\"https:\/\/blogsaverroes.juntadeandalucia.es\/directormanuelsomoza\/files\/2020\/05\/8\u00aa-SEMANA-2\u00ba-PRIMARIA.-CUADRANTE-TRABAJO-SEMANAL.pdf\" target=\"_blank\" rel=\"noopener noreferrer\">8\u00aa SEMANA 2\u00ba PRIMARIA. CUADRANTE TRABAJO SEMANAL<\/a><\/strong><\/span><\/li>\n<\/ul>\n<\/div>\n<\/div>\n<div>&nbsp;<\/div>\n<div style=\"text-align: center\"><span style=\"text-decoration: underline\"><span style=\"font-family: 'comic sans ms', sans-serif;font-size: 18pt;color: #ff0000\"><strong><span style=\"color: #ff0000;text-decoration: underline\">SEMANA 7<\/span><span style=\"color: #ff0000;text-decoration: underline\">: 25 al 29 MAYO 2020<\/span><\/strong><\/span><\/span><\/div>\n<div style=\"text-align: center\"><span style=\"font-family: 'comic sans ms', sans-serif;font-size: 8pt;color: #ff0000\">(PINCHAR SOBRE EL CURSO PARA DESCARGAR LA PROPUESTA DE CUADRANTE DE TRABAJO SEMANAL)<\/span><\/div>\n<\/div>\n<ul>\n<li><span style=\"font-size: 14pt;font-family: 'comic sans ms', sans-serif\"><strong><a href=\"https:\/\/blogsaverroes.juntadeandalucia.es\/directormanuelsomoza\/files\/2020\/05\/7\u00aa-SEMANA-2\u00ba-PRIMARIA-CUADRANTE-TRABAJO-SEMANAL.pdf\" target=\"_blank\" rel=\"noopener noreferrer\">7\u00aa SEMANA 2\u00ba PRIMARIA CUADRANTE TRABAJO SEMANAL<\/a><\/strong><\/span><\/li>\n<\/ul>\n<div>&nbsp;<\/div>\n<div style=\"text-align: center\"><span style=\"text-decoration: underline\"><span style=\"font-family: 'comic sans ms', sans-serif;font-size: 18pt;color: #ff0000\"><strong><span style=\"color: #ff0000;text-decoration: underline\">SEMANA 6<\/span><span style=\"color: #ff0000;text-decoration: underline\">: 18 al 22 MAYO 2020<\/span><\/strong><\/span><\/span><\/div>\n<div style=\"text-align: center\"><span style=\"font-family: 'comic sans ms', sans-serif;font-size: 8pt;color: #ff0000\">(PINCHAR SOBRE EL CURSO PARA DESCARGAR LA PROPUESTA DE CUADRANTE DE TRABAJO SEMANAL)<\/span><\/div>\n<ul>\n<li><span style=\"font-size: 14pt;font-family: 'comic sans ms', sans-serif\"><strong><a href=\"https:\/\/blogsaverroes.juntadeandalucia.es\/directormanuelsomoza\/files\/2020\/05\/6\u00aa-SEMANA-2\u00ba-PRIMARIA-CUADRANTE-TRABAJO-SEMANAL.pdf\" target=\"_blank\" rel=\"noopener noreferrer\">6\u00aa SEMANA 2\u00ba PRIMARIA CUADRANTE TRABAJO SEMANAL<\/a><\/strong><\/span><\/li>\n<\/ul>\n<\/div>\n<div>&nbsp;<\/div>\n<div>\n<div>\n<div style=\"text-align: center\"><span style=\"text-decoration: underline\"><span style=\"font-family: 'comic sans ms', sans-serif;font-size: 18pt;color: #ff0000\"><strong><span style=\"color: #ff0000;text-decoration: underline\">SEMANA 5<\/span><span style=\"color: #ff0000;text-decoration: underline\">: 11 al 15 MAYO 2020<\/span><\/strong><\/span><\/span><\/div>\n<div style=\"text-align: center\"><span style=\"font-family: 'comic sans ms', sans-serif;font-size: 8pt;color: #ff0000\">(PINCHAR SOBRE EL CURSO PARA DESCARGAR LA PROPUESTA DE CUADRANTE DE TRABAJO SEMANAL)<\/span><\/div>\n<\/div>\n<ul>\n<li><span style=\"font-size: 14pt;font-family: 'comic sans ms', sans-serif\"><strong><a href=\"https:\/\/blogsaverroes.juntadeandalucia.es\/directormanuelsomoza\/files\/2020\/05\/5\u00aa-SEMANA-2\u00ba-PRIMARIA-CUADRANTE-TRABAJO-SEMANAL.pdf\" target=\"_blank\" rel=\"noopener noreferrer\">5\u00aa SEMANA 2\u00ba PRIMARIA. CUADRANTE TRABAJO SEMANAL<\/a><\/strong><\/span><\/li>\n<\/ul>\n<div>&nbsp;<\/div>\n<div style=\"text-align: center\"><span style=\"text-decoration: underline\"><span style=\"font-family: 'comic sans ms', sans-serif;font-size: 18pt;color: #ff0000\"><strong><span style=\"color: #ff0000;text-decoration: underline\">SEMANA 4<\/span><span style=\"color: #ff0000;text-decoration: underline\">: 5 al 8 MAYO 2020<\/span><\/strong><\/span><\/span><\/div>\n<div style=\"text-align: center\"><span style=\"font-family: 'comic sans ms', sans-serif;font-size: 8pt;color: #ff0000\">(PINCHAR SOBRE EL CURSO PARA DESCARGAR LA PROPUESTA DE CUADRANTE DE TRABAJO SEMANAL)<\/span><\/div>\n<\/div>\n<ul>\n<li><span style=\"font-size: 14pt;font-family: 'comic sans ms', sans-serif\"><strong><a href=\"https:\/\/blogsaverroes.juntadeandalucia.es\/directormanuelsomoza\/files\/2020\/05\/4\u00aa-SEMANA-2\u00ba-PRIMARIA.-CUADRANTE-TRABAJO-SEMANAL.pdf\" target=\"_blank\" rel=\"noopener noreferrer\">4\u00aa SEMANA.2\u00ba PRIMARIA. CUADRANTE TRABAJO SEMANAL<\/a><\/strong><\/span><\/li>\n<\/ul>\n<div>\n<div>&nbsp;<\/div>\n<div style=\"text-align: center\"><span style=\"text-decoration: underline\"><span style=\"font-family: 'comic sans ms', sans-serif;font-size: 18pt;color: #ff0000\"><strong><span style=\"color: #ff0000;text-decoration: underline\">SEMANA 3<\/span><span style=\"color: #ff0000;text-decoration: underline\">: 27 al 30 ABRIL 2020<\/span><\/strong><\/span><\/span><\/div>\n<div style=\"text-align: center\"><span style=\"font-family: 'comic sans ms', sans-serif;font-size: 8pt;color: #ff0000\">(PINCHAR SOBRE EL CURSO PARA DESCARGAR LA PROPUESTA DE CUADRANTE DE TRABAJO SEMANAL)<\/span><\/div>\n<\/div>\n<ul>\n<li><span style=\"font-family: 'comic sans ms', sans-serif\"><strong><span style=\"font-size: 14pt\"><a href=\"https:\/\/blogsaverroes.juntadeandalucia.es\/directormanuelsomoza\/files\/2020\/04\/3\u00aa-SEMANA.-2\u00ba-PRIMARIA.-CUADRANTE-TRABAJO-SEMANAL.pdf\" target=\"_blank\" rel=\"noopener noreferrer\">3\u00aa SEMANA. 2\u00ba PRIMARIA. CUADRANTE TRABAJO SEMANAL<\/a><\/span><\/strong><\/span><\/li>\n<\/ul>\n<div>\n<div style=\"text-align: center\">\n<div>\n<div style=\"text-align: center\"><span style=\"text-decoration: underline\"><span style=\"font-family: 'comic sans ms', sans-serif;font-size: 18pt;color: #ff0000\"><strong><span style=\"color: #ff0000;text-decoration: underline\">SEMANA 2<\/span><span style=\"color: #ff0000;text-decoration: underline\">: 20 al 24 ABRIL 2020<\/span><\/strong><\/span><\/span><\/div>\n<div style=\"text-align: center\"><span style=\"font-family: 'comic sans ms', sans-serif;font-size: 8pt;color: #ff0000\">(PINCHAR SOBRE EL CURSO PARA DESCARGAR LA PROPUESTA DE CUADRANTE DE TRABAJO SEMANAL)<\/span><\/div>\n<\/div>\n<\/div>\n<ul>\n<li><span style=\"font-family: 'comic sans ms', sans-serif\"><strong><span style=\"font-size: 14pt\"><a href=\"https:\/\/blogsaverroes.juntadeandalucia.es\/directormanuelsomoza\/files\/2020\/04\/2\u00ba-PRIMARIA.-CUADRANTE-TRABAJO-SEMANAL.pdf\" target=\"_blank\" rel=\"noopener noreferrer\">2\u00aa SEMANA. 2\u00ba PRIMARIA. CUADRANTE TRABAJO SEMANAL<\/a><\/span><\/strong><\/span><\/li>\n<\/ul>\n<\/div>\n<div style=\"text-align: center\">\n<div>\n<div style=\"text-align: center\"><span style=\"text-decoration: underline\"><span style=\"font-family: 'comic sans ms', sans-serif;font-size: 18pt;color: #ff0000\"><strong><span style=\"color: #ff0000;text-decoration: underline\">SEMANA 1<\/span><span style=\"color: #ff0000;text-decoration: underline\">: 13 al 17 ABRIL 2020<\/span><\/strong><\/span><\/span><\/div>\n<div style=\"text-align: center\"><span style=\"font-family: 'comic sans ms', sans-serif;font-size: 8pt;color: #ff0000\">(PINCHAR SOBRE EL CURSO PARA DESCARGAR LA PROPUESTA DE CUADRANTE DE TRABAJO SEMANAL)<\/span><\/div>\n<ul>\n<li style=\"text-align: justify\"><span style=\"font-family: 'comic sans ms', sans-serif\"><strong><span style=\"font-size: 14pt\"><a href=\"https:\/\/blogsaverroes.juntadeandalucia.es\/directormanuelsomoza\/files\/2020\/04\/2\u00ba-PRIMARIA-CUADRANTE-TRABAJO-SEMANAL.pdf\" target=\"_blank\" rel=\"noopener noreferrer\">1\u00aa SEMANA. 2\u00ba PRIMARIA CUADRANTE TRABAJO SEMANAL<\/a><\/span><\/strong><\/span><\/li>\n<\/ul>\n<\/div>\n<\/div>\n<div>&nbsp;<\/div>\n<div>&nbsp;<\/div>\n<div>&nbsp;<\/div>\n<div style=\"text-align: center\">\n<div>\n<p style=\"text-align: center\"><span style=\"font-size: 14pt\"><strong><span style=\"font-family: 'comic sans ms', sans-serif;color: #0000ff\">TUTORIAL PARA ACCEDER A LOS RECURSOS NECESARIOS PARA LA REALIZACI\u00d3N DE LAS TAREAS<\/span><\/strong><\/span><\/p>\n<\/div>\n<div>\n<p><iframe loading=\"lazy\" title=\"TUTORIAL CONSULTA TAREAS Y ACCESO A RECURSOS\" width=\"500\" height=\"375\" src=\"https:\/\/www.youtube.com\/embed\/ZnUk3nTplgk?feature=oembed&#038;wmode=opaque\" frameborder=\"0\" allow=\"accelerometer; autoplay; clipboard-write; encrypted-media; gyroscope; picture-in-picture; web-share\" referrerpolicy=\"strict-origin-when-cross-origin\" allowfullscreen><\/iframe><\/p>\n<\/div>\n<\/div>\n<div>&nbsp;<\/div>\n<div>&nbsp;<\/div>\n","protected":false},"excerpt":{"rendered":"<p>Estimadas familias y alumnado de 2\u00ba Primaria: Esta secci\u00f3n est\u00e1 habilitada con el fin de facilitar la informaci\u00f3n &#8211; de las actividades y tareas propuestas semanalmente&#8211; a todas las familias y alumnado de 2\u00ba&#46;&#46;&#46;<\/p>\n","protected":false},"author":1958,"featured_media":4140,"parent":0,"menu_order":0,"comment_status":"closed","ping_status":"closed","template":"","meta":{"ngg_post_thumbnail":0,"footnotes":"","_mc_calendar":[]},"aioseo_notices":[],"_links":{"self":[{"href":"https:\/\/blogsaverroes.juntadeandalucia.es\/directormanuelsomoza\/wp-json\/wp\/v2\/pages\/4147"}],"collection":[{"href":"https:\/\/blogsaverroes.juntadeandalucia.es\/directormanuelsomoza\/wp-json\/wp\/v2\/pages"}],"about":[{"href":"https:\/\/blogsaverroes.juntadeandalucia.es\/directormanuelsomoza\/wp-json\/wp\/v2\/types\/page"}],"author":[{"embeddable":true,"href":"https:\/\/blogsaverroes.juntadeandalucia.es\/directormanuelsomoza\/wp-json\/wp\/v2\/users\/1958"}],"replies":[{"embeddable":true,"href":"https:\/\/blogsaverroes.juntadeandalucia.es\/directormanuelsomoza\/wp-json\/wp\/v2\/comments?post=4147"}],"version-history":[{"count":14,"href":"https:\/\/blogsaverroes.juntadeandalucia.es\/directormanuelsomoza\/wp-json\/wp\/v2\/pages\/4147\/revisions"}],"predecessor-version":[{"id":4448,"href":"https:\/\/blogsaverroes.juntadeandalucia.es\/directormanuelsomoza\/wp-json\/wp\/v2\/pages\/4147\/revisions\/4448"}],"wp:featuredmedia":[{"embeddable":true,"href":"https:\/\/blogsaverroes.juntadeandalucia.es\/directormanuelsomoza\/wp-json\/wp\/v2\/media\/4140"}],"wp:attachment":[{"href":"https:\/\/blogsaverroes.juntadeandalucia.es\/directormanuelsomoza\/wp-json\/wp\/v2\/media?parent=4147"}],"curies":[{"name":"wp","href":"https:\/\/api.w.org\/{rel}","templated":true}]}}