{"id":432,"date":"2015-03-20T07:07:25","date_gmt":"2015-03-20T06:07:25","guid":{"rendered":"http:\/\/blogsaverroes.juntadeandalucia.es\/pre\/ceip\/?page_id=432"},"modified":"2016-11-21T17:15:02","modified_gmt":"2016-11-21T16:15:02","slug":"ed-primaria-2o-ciclo","status":"publish","type":"page","link":"https:\/\/blogsaverroes.juntadeandalucia.es\/directormanuelsomoza\/ed-primaria-2o-ciclo\/","title":{"rendered":"Ed. Primaria. 2\u00ba CICLO"},"content":{"rendered":"<p><a href=\"http:\/\/blogsaverroes.juntadeandalucia.es\/directormanuelsomoza\/files\/2015\/03\/educacion2.jpg\"><img loading=\"lazy\" decoding=\"async\" class=\"aligncenter wp-image-1616 size-medium\" src=\"http:\/\/blogsaverroes.juntadeandalucia.es\/directormanuelsomoza\/files\/2015\/03\/educacion2-300x256.jpg\" alt=\"\" width=\"300\" height=\"256\" srcset=\"https:\/\/blogsaverroes.juntadeandalucia.es\/directormanuelsomoza\/files\/2015\/03\/educacion2-300x256.jpg 300w, https:\/\/blogsaverroes.juntadeandalucia.es\/directormanuelsomoza\/files\/2015\/03\/educacion2-332x283.jpg 332w, https:\/\/blogsaverroes.juntadeandalucia.es\/directormanuelsomoza\/files\/2015\/03\/educacion2.jpg 640w\" sizes=\"(max-width: 300px) 100vw, 300px\" \/><\/a><\/p>\n<p>En la\u00a0<a title=\"Orden 17\/03\/2015\" href=\"http:\/\/www.adideandalucia.es\/normas\/ordenes\/Orden17marzo2015CurriculoPrimaria.pdf\" target=\"_blank\">\u00a0Orden de 17 de marzo de 2015<\/a>, por la que se desarrolla el curr\u00edculo correspondiente a la educaci\u00f3n Primaria en Andaluc\u00eda podr\u00e1n encontrar el desarrollo curricular del ciclo.<\/p>\n<p>Adem\u00e1s, en la Agenda de Tutor\u00eda, entregada a principios de curso en la reuni\u00f3n general del tutor\/a con las familias, se detalla la concreci\u00f3n curricular para cada uno de los cursos del ciclo y otros aspectos de la organizaci\u00f3n y funcionamiento del Centro.<\/p>\n","protected":false},"excerpt":{"rendered":"<p>En la\u00a0\u00a0Orden de 17 de marzo de 2015, por la que se desarrolla el curr\u00edculo correspondiente a la educaci\u00f3n Primaria en Andaluc\u00eda podr\u00e1n encontrar el desarrollo curricular del ciclo. Adem\u00e1s, en la Agenda de&#46;&#46;&#46;<\/p>\n","protected":false},"author":1,"featured_media":0,"parent":0,"menu_order":0,"comment_status":"closed","ping_status":"closed","template":"","meta":{"ngg_post_thumbnail":0,"footnotes":"","_mc_calendar":[]},"aioseo_notices":[],"_links":{"self":[{"href":"https:\/\/blogsaverroes.juntadeandalucia.es\/directormanuelsomoza\/wp-json\/wp\/v2\/pages\/432"}],"collection":[{"href":"https:\/\/blogsaverroes.juntadeandalucia.es\/directormanuelsomoza\/wp-json\/wp\/v2\/pages"}],"about":[{"href":"https:\/\/blogsaverroes.juntadeandalucia.es\/directormanuelsomoza\/wp-json\/wp\/v2\/types\/page"}],"author":[{"embeddable":true,"href":"https:\/\/blogsaverroes.juntadeandalucia.es\/directormanuelsomoza\/wp-json\/wp\/v2\/users\/1"}],"replies":[{"embeddable":true,"href":"https:\/\/blogsaverroes.juntadeandalucia.es\/directormanuelsomoza\/wp-json\/wp\/v2\/comments?post=432"}],"version-history":[{"count":4,"href":"https:\/\/blogsaverroes.juntadeandalucia.es\/directormanuelsomoza\/wp-json\/wp\/v2\/pages\/432\/revisions"}],"predecessor-version":[{"id":2627,"href":"https:\/\/blogsaverroes.juntadeandalucia.es\/directormanuelsomoza\/wp-json\/wp\/v2\/pages\/432\/revisions\/2627"}],"wp:attachment":[{"href":"https:\/\/blogsaverroes.juntadeandalucia.es\/directormanuelsomoza\/wp-json\/wp\/v2\/media?parent=432"}],"curies":[{"name":"wp","href":"https:\/\/api.w.org\/{rel}","templated":true}]}}

Ed. Primaria. 2º CICLO

<p><a href="http://blogsaverroes.juntadeandalucia.es/directormanuelsomoza/files/2015/03/educacion2.jpg"><img loading="lazy" decoding="async" class="aligncenter wp-image-1616 size-medium" src="http://blogsaverroes.juntadeandalucia.es/directormanuelsomoza/files/2015/03/educacion2-300x256.jpg" alt="" width="300" height="256" srcset="https://blogsaverroes.juntadeandalucia.es/directormanuelsomoza/files/2015/03/educacion2-300x256.jpg 300w, https://blogsaverroes.juntadeandalucia.es/directormanuelsomoza/files/2015/03/educacion2-332x283.jpg 332w, https://blogsaverroes.juntadeandalucia.es/directormanuelsomoza/files/2015/03/educacion2.jpg 640w" sizes="(max-width: 300px) 100vw, 300px" /></a></p>
<p>En la <a title="Orden 17/03/2015" href="http://www.adideandalucia.es/normas/ordenes/Orden17marzo2015CurriculoPrimaria.pdf" target="_blank"> Orden de 17 de marzo de 2015</a>, por la que se desarrolla el currículo correspondiente a la educación Primaria en Andalucía podrán encontrar el desarrollo curricular del ciclo.</p>
<p>Además, en la Agenda de Tutoría, entregada a principios de curso en la reunión general del tutor/a con las familias, se detalla la concreción curricular para cada uno de los cursos del ciclo y otros aspectos de la organización y funcionamiento del Centro.</p>

<p>En la  Orden de 17 de marzo de 2015, por la que se desarrolla el currículo correspondiente a la educación Primaria en Andalucía podrán encontrar el desarrollo curricular del ciclo. Además, en la Agenda de&#46;&#46;&#46;</p>
