{"id":4471,"date":"2020-09-08T18:16:38","date_gmt":"2020-09-08T17:16:38","guid":{"rendered":"https:\/\/blogsaverroes.juntadeandalucia.es\/directormanuelsomoza\/?page_id=4471"},"modified":"2022-11-09T10:55:47","modified_gmt":"2022-11-09T09:55:47","slug":"protocolo-covid-19","status":"publish","type":"page","link":"https:\/\/blogsaverroes.juntadeandalucia.es\/directormanuelsomoza\/protocolo-covid-19\/","title":{"rendered":"PROTOCOLO COVID-19"},"content":{"rendered":"<p style=\"text-align: justify\"><span style=\"font-family: 'comic sans ms', sans-serif;font-size: 12pt\">Actualmente, el PROTOCOLO COVID-19 se reduce a un documento que incluye recomendaciones y directrices en relaci\u00f3n a las medidas de prevenci\u00f3n e higiene frente a la Covid-19 para las actividades e instalaciones del centro, para el <strong>curso 2022-23<\/strong>, las cuales han sido actualizadas a lo recogido en el <\/span><strong><em><span style=\"font-family: 'comic sans ms', sans-serif\"><span style=\"color: #ff0000\"><span style=\"color: #ff0000\">Acuerdo<\/span> de 5 de julio de 2022, del Consejo de Gobierno, por el que se toma conocimiento de las recomendaciones de prevencio\u0301n y proteccio\u0301n ante casos de COVID-19 en centros y servicios educativos docentes no universitarios de Andaluci\u0301a para el Curso 2022\/2023<\/span>.<\/span><\/em><\/strong><\/p>\n<p><span style=\"font-family: 'comic sans ms', sans-serif\">Pinchando en la imagen, puede descargarse las recomendaciones para el curso 2022\/2023 del <span style=\"font-size: 18pt;color: #008000\"><strong><span style=\"color: #008000\">PROTOCOLO<\/span> <span style=\"color: #008000\">COVID-19<\/span><\/strong><\/span> del Centro.<\/span><\/p>\n<h1 style=\"text-align: center\"><a href=\"https:\/\/blogsaverroes.juntadeandalucia.es\/directormanuelsomoza\/files\/2022\/11\/20220708-A-5-de-julio-recomendaciones-COVID-curso-2022_23-1.pdf\" target=\"_blank\" rel=\"noopener noreferrer\">41002517.-PROTOCOLO-ACTUACIO\u0301N-COVID-19 RECOMENDACIONES 2022-2023.pdf<\/a><\/h1>\n<p>&nbsp;<\/p>\n<p><img loading=\"lazy\" decoding=\"async\" class=\"aligncenter wp-image-4928 size-full\" src=\"https:\/\/blogsaverroes.juntadeandalucia.es\/directormanuelsomoza\/files\/2022\/11\/Captura-de-Pantalla-2022-11-09-a-las-10.52.58.png\" alt=\"\" width=\"443\" height=\"626\" srcset=\"https:\/\/blogsaverroes.juntadeandalucia.es\/directormanuelsomoza\/files\/2022\/11\/Captura-de-Pantalla-2022-11-09-a-las-10.52.58.png 443w, https:\/\/blogsaverroes.juntadeandalucia.es\/directormanuelsomoza\/files\/2022\/11\/Captura-de-Pantalla-2022-11-09-a-las-10.52.58-212x300.png 212w\" sizes=\"(max-width: 443px) 100vw, 443px\" \/><\/p>\n<p style=\"text-align: center\"><span style=\"font-size: 18pt;color: #008000\"><strong><span style=\"font-family: 'comic sans ms', sans-serif\">18\/01\/2021: INFORME DE ESTUDIO Y ACUERDOS SOBRE LA VENTILACI\u00d3N DE LAS AULAS&nbsp;<\/span><\/strong><\/span><\/p>\n<p style=\"text-align: justify\"><span style=\"font-family: 'comic sans ms', sans-serif;font-size: 12pt\">El 18\/01\/2021, tras una reuni\u00f3n entre Direcci\u00f3n-Jefatura de Estudios y los representantes de delegados\/as de padres y madres de nuestro Centro, adem\u00e1s de los representantes de las familias en el Consejo Escolar, se ha <\/span><span style=\"font-family: 'comic sans ms', sans-serif;font-size: 12pt\">presentado el informe con los resultados&nbsp; que ha realizado la empresa \u00abDos Urbanas\u00bb sobre la ventilaci\u00f3n de nuestras aulas.<\/span><\/p>\n<p style=\"text-align: justify\"><span style=\"font-family: 'comic sans ms', sans-serif;font-size: 12pt\">El objetivo del mismo, era poder ajustar lo mejor posible el equilibrio entre protecci\u00f3n-confort t\u00e9rmico. Para vuestro conocimiento, se adjunta la siguiente documentaci\u00f3n:<\/span><\/p>\n<p style=\"text-align: justify\"><span style=\"font-family: 'comic sans ms', sans-serif;font-size: 12pt\">\ud83d\udcd8 INFORME T\u00c9CNICO SOBRE VENTILACI\u00d3N DE NUESTRO CENTRO, ELABORADO POR LA EMPRESA \u00abDOS URBANAS\u00bb.<\/span><\/p>\n<p style=\"text-align: center\"><span style=\"font-size: 14pt\"><strong><span style=\"color: #0000ff\"><a style=\"color: #0000ff\" href=\"https:\/\/blogsaverroes.juntadeandalucia.es\/directormanuelsomoza\/files\/2021\/01\/2021.01.15-DIAGNO\u0301STICO-DE-VENTILACIO\u0301N-CEIP-DIRECTOR-MANUEL-SOMOZA-El-Campillo.pdf\" target=\"_blank\" rel=\"noopener noreferrer\">2021.01.15 INFORME CON DIAGNO\u0301STICO DE VENTILACIO\u0301N CEIP DIRECTOR MANUEL SOMOZA<\/a><\/span><\/strong><\/span><\/p>\n<p style=\"text-align: justify\"><span style=\"font-family: 'comic sans ms', sans-serif;font-size: 12pt\">\ud83d\udcd2 INFORME CON LOS ACUERDOS ADOPTADOS PARA PONER EN MARCHA EN NUESTRO CENTRO., A RA\u00cdZ DE LAS CONCLUSIONES EXPUESTAS EN EL INFORME&nbsp;<\/span><\/p>\n<p style=\"text-align: center\"><span style=\"font-size: 14pt;color: #0000ff\"><strong><a style=\"color: #0000ff\" href=\"https:\/\/blogsaverroes.juntadeandalucia.es\/directormanuelsomoza\/files\/2021\/01\/INFORME-MEDIDAS-ESTUDIO-VENTILACIO\u0301N-AULAS.pdf\" target=\"_blank\" rel=\"noopener noreferrer\">2021.01.18 MEDIDAS A ADOPTAR TRAS EL ESTUDIO T\u00c9CNICO SOBRE VENTILACIO\u0301N AULAS<\/a><\/strong><\/span><\/p>\n<p style=\"text-align: justify\"><span style=\"font-family: 'comic sans ms', sans-serif;font-size: 12pt\">Es importante conocer que, las medidas adoptadas se hacen teniendo en cuenta la situaci\u00f3n actual de fr\u00edo. Conforme vayan cambiando las condiciones meteorol\u00f3gicas, las mismas se ir\u00e1n ajustando a las mismas.<\/span><\/p>\n<p style=\"text-align: justify\"><span style=\"font-family: 'comic sans ms', sans-serif;font-size: 12pt\">\ud83d\udea8\ud83d\udea8 RECORDATORIO:<\/span><\/p>\n<p style=\"text-align: justify\"><span style=\"font-family: 'comic sans ms', sans-serif;font-size: 12pt\">Dada la situaci\u00f3n actual en la que nos encontramos en el pa\u00eds y, teniendo en cuenta las recomendaciones sanitarias a los centros escolares, se recuerda que:<\/span><\/p>\n<p style=\"text-align: justify\"><span style=\"font-family: 'comic sans ms', sans-serif;font-size: 12pt\">a) En caso de presentar el m\u00ednimo s\u00edntoma compatible con el C\u00d3VID-19 (fiebre, diarrea,&#8230;) y que se puede confundir con un resfriado, lo recomendable es quedarse en casa y llamar telef\u00f3nicamente al centro de salud para que nos indiqu\u00e9 c\u00f3mo proceder.<\/span><\/p>\n<p style=\"text-align: justify\"><span style=\"font-family: 'comic sans ms', sans-serif;font-size: 12pt\">b) Informar al Centro educativo ( tutor\/a &#8211; Direcci\u00f3n) en caso de presentar COVID o ser contacto directo con alguien y deba mantenerse confinado\/a.<\/span><\/p>\n","protected":false},"excerpt":{"rendered":"<p>Actualmente, el PROTOCOLO COVID-19 se reduce a un documento que incluye recomendaciones y directrices en relaci\u00f3n a las medidas de prevenci\u00f3n e higiene frente a la Covid-19 para las actividades e instalaciones del centro,&#46;&#46;&#46;<\/p>\n","protected":false},"author":1958,"featured_media":4472,"parent":0,"menu_order":0,"comment_status":"closed","ping_status":"closed","template":"","meta":{"ngg_post_thumbnail":0,"footnotes":"","_mc_calendar":[]},"aioseo_notices":[],"_links":{"self":[{"href":"https:\/\/blogsaverroes.juntadeandalucia.es\/directormanuelsomoza\/wp-json\/wp\/v2\/pages\/4471"}],"collection":[{"href":"https:\/\/blogsaverroes.juntadeandalucia.es\/directormanuelsomoza\/wp-json\/wp\/v2\/pages"}],"about":[{"href":"https:\/\/blogsaverroes.juntadeandalucia.es\/directormanuelsomoza\/wp-json\/wp\/v2\/types\/page"}],"author":[{"embeddable":true,"href":"https:\/\/blogsaverroes.juntadeandalucia.es\/directormanuelsomoza\/wp-json\/wp\/v2\/users\/1958"}],"replies":[{"embeddable":true,"href":"https:\/\/blogsaverroes.juntadeandalucia.es\/directormanuelsomoza\/wp-json\/wp\/v2\/comments?post=4471"}],"version-history":[{"count":18,"href":"https:\/\/blogsaverroes.juntadeandalucia.es\/directormanuelsomoza\/wp-json\/wp\/v2\/pages\/4471\/revisions"}],"predecessor-version":[{"id":4929,"href":"https:\/\/blogsaverroes.juntadeandalucia.es\/directormanuelsomoza\/wp-json\/wp\/v2\/pages\/4471\/revisions\/4929"}],"wp:featuredmedia":[{"embeddable":true,"href":"https:\/\/blogsaverroes.juntadeandalucia.es\/directormanuelsomoza\/wp-json\/wp\/v2\/media\/4472"}],"wp:attachment":[{"href":"https:\/\/blogsaverroes.juntadeandalucia.es\/directormanuelsomoza\/wp-json\/wp\/v2\/media?parent=4471"}],"curies":[{"name":"wp","href":"https:\/\/api.w.org\/{rel}","templated":true}]}}