{"id":49,"date":"2015-03-13T08:47:05","date_gmt":"2015-03-13T07:47:05","guid":{"rendered":"http:\/\/blogsaverroes.juntadeandalucia.es\/pre\/ceip\/?page_id=49"},"modified":"2026-04-06T11:08:54","modified_gmt":"2026-04-06T10:08:54","slug":"proyecto-educativo","status":"publish","type":"page","link":"https:\/\/blogsaverroes.juntadeandalucia.es\/directormanuelsomoza\/proyecto-educativo\/","title":{"rendered":"DOCUMENTOS OFICIALES: PLAN DE CENTRO \/ PLAN DE MEJORA Y P.G.A."},"content":{"rendered":"<p><img loading=\"lazy\" decoding=\"async\" class=\"size-medium wp-image-1662 alignleft\" src=\"http:\/\/blogsaverroes.juntadeandalucia.es\/directormanuelsomoza\/files\/2015\/03\/proyecto-300x266.png\" alt=\"proyecto\" width=\"300\" height=\"266\" srcset=\"https:\/\/blogsaverroes.juntadeandalucia.es\/directormanuelsomoza\/files\/2015\/03\/proyecto-300x266.png 300w, https:\/\/blogsaverroes.juntadeandalucia.es\/directormanuelsomoza\/files\/2015\/03\/proyecto-332x295.png 332w, https:\/\/blogsaverroes.juntadeandalucia.es\/directormanuelsomoza\/files\/2015\/03\/proyecto.png 640w\" sizes=\"(max-width: 300px) 100vw, 300px\" \/><\/p>\n<h2 style=\"text-align: center\"><span style=\"text-decoration: underline\"><strong>PLAN DE CENTRO<\/strong><\/span><\/h2>\n<p style=\"text-align: justify\"><strong>Un centro se define en gran medida por su Proyecto Educativo. En \u00e9l se plasma el modelo educativo y la concreci\u00f3n de la normativa que un centro realiza respecto a las ense\u00f1anzas que imparte. Aspectos tales como las finales educativas, objetivos, atenci\u00f3n a la diversidad, etc.<\/strong><\/p>\n<p style=\"text-align: justify\">Este Proyecto Educativo del C.E.I.P. Director Manuel Somoza, de El Campillo (Sevilla), se aprob\u00f3 el 27\/06\/2014, y se ha ido aprobando en sucesivas sesiones de Consejo Escolar, siendo la <span style=\"background-color: #ffff00\"><strong><span style=\"color: #ff0000\">\u00faltima del 27\/10\/2025<\/span>.<\/strong><\/span><\/p>\n<p>&nbsp;<\/p>\n<h5><span style=\"font-family: 'comic sans ms', sans-serif;font-size: 12pt;color: #0000ff\"><a style=\"color: #0000ff\" href=\"https:\/\/drive.google.com\/drive\/folders\/1PsHCpBl08cahwZ71nKQqIDGE1GeXqRs7?usp=sharing\" target=\"_blank\" rel=\"noopener noreferrer\"><strong><span style=\"color: #0000ff\">A) PROYECTO EDUCATIVO<\/span><\/strong><\/a><\/span><\/h5>\n<h5 style=\"text-align: justify\"><a href=\"https:\/\/drive.google.com\/drive\/folders\/1-ExECoTa2YNdMxZLY2NeD__6LvmCJJi1?usp=sharing\"><span style=\"color: #0000ff;font-family: 'comic sans ms', sans-serif;font-size: 12pt\"><strong><span style=\"color: #0000ff\">B)<\/span> <span style=\"color: #0000ff\">REGLAMENTO<\/span> <span style=\"color: #0000ff\">DE ORGANIZACI\u00d3N Y FUNCIONAMIENTO<\/span><\/strong><\/span><\/a><\/h5>\n<h5 style=\"text-align: justify\"><span style=\"color: #0000ff;font-family: 'comic sans ms', sans-serif;font-size: 12pt\"><a style=\"color: #0000ff\" href=\"https:\/\/drive.google.com\/drive\/folders\/1PsHCpBl08cahwZ71nKQqIDGE1GeXqRs7?usp=sharing\" target=\"_blank\" rel=\"noopener noreferrer\"><strong><span style=\"color: #0000ff\">C)<\/span> <span style=\"color: #0000ff\">PROYECTO<\/span> <span style=\"color: #0000ff\">DE GESTI\u00d3N<\/span><\/strong><\/a><\/span><\/h5>\n<p>&nbsp;<\/p>\n","protected":false},"excerpt":{"rendered":"<p>PLAN DE CENTRO Un centro se define en gran medida por su Proyecto Educativo. En \u00e9l se plasma el modelo educativo y la concreci\u00f3n de la normativa que un centro realiza respecto a las&#46;&#46;&#46;<\/p>\n","protected":false},"author":1,"featured_media":0,"parent":0,"menu_order":0,"comment_status":"closed","ping_status":"closed","template":"","meta":{"ngg_post_thumbnail":0,"footnotes":"","_mc_calendar":[]},"aioseo_notices":[],"_links":{"self":[{"href":"https:\/\/blogsaverroes.juntadeandalucia.es\/directormanuelsomoza\/wp-json\/wp\/v2\/pages\/49"}],"collection":[{"href":"https:\/\/blogsaverroes.juntadeandalucia.es\/directormanuelsomoza\/wp-json\/wp\/v2\/pages"}],"about":[{"href":"https:\/\/blogsaverroes.juntadeandalucia.es\/directormanuelsomoza\/wp-json\/wp\/v2\/types\/page"}],"author":[{"embeddable":true,"href":"https:\/\/blogsaverroes.juntadeandalucia.es\/directormanuelsomoza\/wp-json\/wp\/v2\/users\/1"}],"replies":[{"embeddable":true,"href":"https:\/\/blogsaverroes.juntadeandalucia.es\/directormanuelsomoza\/wp-json\/wp\/v2\/comments?post=49"}],"version-history":[{"count":76,"href":"https:\/\/blogsaverroes.juntadeandalucia.es\/directormanuelsomoza\/wp-json\/wp\/v2\/pages\/49\/revisions"}],"predecessor-version":[{"id":6398,"href":"https:\/\/blogsaverroes.juntadeandalucia.es\/directormanuelsomoza\/wp-json\/wp\/v2\/pages\/49\/revisions\/6398"}],"wp:attachment":[{"href":"https:\/\/blogsaverroes.juntadeandalucia.es\/directormanuelsomoza\/wp-json\/wp\/v2\/media?parent=49"}],"curies":[{"name":"wp","href":"https:\/\/api.w.org\/{rel}","templated":true}]}}

<p><img loading="lazy" decoding="async" class="size-medium wp-image-1662 alignleft" src="http://blogsaverroes.juntadeandalucia.es/directormanuelsomoza/files/2015/03/proyecto-300x266.png" alt="proyecto" width="300" height="266" srcset="https://blogsaverroes.juntadeandalucia.es/directormanuelsomoza/files/2015/03/proyecto-300x266.png 300w, https://blogsaverroes.juntadeandalucia.es/directormanuelsomoza/files/2015/03/proyecto-332x295.png 332w, https://blogsaverroes.juntadeandalucia.es/directormanuelsomoza/files/2015/03/proyecto.png 640w" sizes="(max-width: 300px) 100vw, 300px" /></p>
<h2 style="text-align: center"><span style="text-decoration: underline"><strong>PLAN DE CENTRO</strong></span></h2>
<p style="text-align: justify"><strong>Un centro se define en gran medida por su Proyecto Educativo. En él se plasma el modelo educativo y la concreción de la normativa que un centro realiza respecto a las enseñanzas que imparte. Aspectos tales como las finales educativas, objetivos, atención a la diversidad, etc.</strong></p>
<p style="text-align: justify">Este Proyecto Educativo del C.E.I.P. Director Manuel Somoza, de El Campillo (Sevilla), se aprobó el 27/06/2014, y se ha ido aprobando en sucesivas sesiones de Consejo Escolar, siendo la <span style="background-color: #ffff00"><strong><span style="color: #ff0000">última del 27/10/2025</span>.</strong></span></p>
<p>&nbsp;</p>
<h5><span style="font-family: 'comic sans ms', sans-serif;font-size: 12pt;color: #0000ff"><a style="color: #0000ff" href="https://drive.google.com/drive/folders/1PsHCpBl08cahwZ71nKQqIDGE1GeXqRs7?usp=sharing" target="_blank" rel="noopener noreferrer"><strong><span style="color: #0000ff">A) PROYECTO EDUCATIVO</span></strong></a></span></h5>
<h5 style="text-align: justify"><a href="https://drive.google.com/drive/folders/1-ExECoTa2YNdMxZLY2NeD__6LvmCJJi1?usp=sharing"><span style="color: #0000ff;font-family: 'comic sans ms', sans-serif;font-size: 12pt"><strong><span style="color: #0000ff">B)</span> <span style="color: #0000ff">REGLAMENTO</span> <span style="color: #0000ff">DE ORGANIZACIÓN Y FUNCIONAMIENTO</span></strong></span></a></h5>
<h5 style="text-align: justify"><span style="color: #0000ff;font-family: 'comic sans ms', sans-serif;font-size: 12pt"><a style="color: #0000ff" href="https://drive.google.com/drive/folders/1PsHCpBl08cahwZ71nKQqIDGE1GeXqRs7?usp=sharing" target="_blank" rel="noopener noreferrer"><strong><span style="color: #0000ff">C)</span> <span style="color: #0000ff">PROYECTO</span> <span style="color: #0000ff">DE GESTIÓN</span></strong></a></span></h5>
<p>&nbsp;</p>

<p>PLAN DE CENTRO Un centro se define en gran medida por su Proyecto Educativo. En él se plasma el modelo educativo y la concreción de la normativa que un centro realiza respecto a las&#46;&#46;&#46;</p>
