{"id":4933,"date":"2022-11-09T11:00:56","date_gmt":"2022-11-09T10:00:56","guid":{"rendered":"https:\/\/blogsaverroes.juntadeandalucia.es\/directormanuelsomoza\/?page_id=4933"},"modified":"2022-11-09T11:04:21","modified_gmt":"2022-11-09T10:04:21","slug":"recreos-activos","status":"publish","type":"page","link":"https:\/\/blogsaverroes.juntadeandalucia.es\/directormanuelsomoza\/recreos-activos\/","title":{"rendered":"RECREOS ACTIVOS"},"content":{"rendered":"<p>Estimada comunidad educativa:<\/p>\n<p>Hoy hemos puesto en marcha uno de los objetivos del proyecto de direcci\u00f3n que se present\u00f3 en 2020, pero que por la situaci\u00f3n de COVID-19 no nos dej\u00f3 implementarla hasta este curso escolar 2022\/2023. Se trata de los \u00ab<strong>RECREOS ACTIVOS<\/strong>\u00ab.<\/p>\n<p><img loading=\"lazy\" decoding=\"async\" class=\"alignleft wp-image-4911 size-medium\" src=\"https:\/\/blogsaverroes.juntadeandalucia.es\/directormanuelsomoza\/files\/2022\/11\/CARTEL-RECREOS-ACTIVOS-212x300.jpg\" alt=\"\" width=\"212\" height=\"300\" srcset=\"https:\/\/blogsaverroes.juntadeandalucia.es\/directormanuelsomoza\/files\/2022\/11\/CARTEL-RECREOS-ACTIVOS-212x300.jpg 212w, https:\/\/blogsaverroes.juntadeandalucia.es\/directormanuelsomoza\/files\/2022\/11\/CARTEL-RECREOS-ACTIVOS-724x1024.jpg 724w, https:\/\/blogsaverroes.juntadeandalucia.es\/directormanuelsomoza\/files\/2022\/11\/CARTEL-RECREOS-ACTIVOS-768x1086.jpg 768w, https:\/\/blogsaverroes.juntadeandalucia.es\/directormanuelsomoza\/files\/2022\/11\/CARTEL-RECREOS-ACTIVOS-1086x1536.jpg 1086w, https:\/\/blogsaverroes.juntadeandalucia.es\/directormanuelsomoza\/files\/2022\/11\/CARTEL-RECREOS-ACTIVOS-700x990.jpg 700w, https:\/\/blogsaverroes.juntadeandalucia.es\/directormanuelsomoza\/files\/2022\/11\/CARTEL-RECREOS-ACTIVOS.jpg 1131w\" sizes=\"(max-width: 212px) 100vw, 212px\" \/>Los recreos activos van a permitir al alumnado disfrutar de varias zonas de actividades l\u00fadicas durante el recreo, teniendo que responsabilizarse \u2013 junto con su profesorado- de su organizaci\u00f3n y del cuidado del material. Adem\u00e1s se trabajar\u00e1n valores como la&nbsp;<em><strong>igualdad,&nbsp;el respeto, la paz y convivencia, h\u00e1bitos saludables, etc<\/strong><\/em>\u2026 Los espacios de trabajo van a ser:<\/p>\n<ul>\n<li><strong><em>JUEGOS DE MESA<\/em><\/strong><\/li>\n<li><strong><em>ARTE-CREATIVO<\/em><\/strong><\/li>\n<li><strong><em>DEPORTES<\/em><\/strong><\/li>\n<li><strong><em>M\u00daSICA<\/em><\/strong><\/li>\n<\/ul>\n<p>Todo ello ha sido gracias a la implicaci\u00f3n de todo el claustro de profesores, pero en especial hay que mencionar a la maestra de educaci\u00f3n f\u00edsica- D\u00f1a. Carmen Freire Santa Cruz- por hacerse cargo de la organizaci\u00f3n y dise\u00f1o.<\/p>\n<p>Os dejamos el enlace a la p\u00e1gina con la galer\u00eda de im\u00e1genes de dicha actividad:&nbsp;<a href=\"https:\/\/blogsaverroes.juntadeandalucia.es\/directormanuelsomoza\/2015\/05\/22\/entradas-y-categorias\/\" target=\"_blank\" rel=\"noopener noreferrer\">https:\/\/blogsaverroes.juntadeandalucia.es\/directormanuelsomoza\/2015\/05\/22\/entradas-y-categorias\/<\/a><\/p>\n<p>\u00a1\u00a1Seguro que nuestro alumnado disfrutar\u00e1 con todas las propuestas que nos esperan este a\u00f1o!!<\/p>\n","protected":false},"excerpt":{"rendered":"<p>Estimada comunidad educativa: Hoy hemos puesto en marcha uno de los objetivos del proyecto de direcci\u00f3n que se present\u00f3 en 2020, pero que por la situaci\u00f3n de COVID-19 no nos dej\u00f3 implementarla hasta este&#46;&#46;&#46;<\/p>\n","protected":false},"author":1958,"featured_media":4911,"parent":0,"menu_order":0,"comment_status":"closed","ping_status":"closed","template":"","meta":{"ngg_post_thumbnail":0,"footnotes":"","_mc_calendar":[]},"aioseo_notices":[],"_links":{"self":[{"href":"https:\/\/blogsaverroes.juntadeandalucia.es\/directormanuelsomoza\/wp-json\/wp\/v2\/pages\/4933"}],"collection":[{"href":"https:\/\/blogsaverroes.juntadeandalucia.es\/directormanuelsomoza\/wp-json\/wp\/v2\/pages"}],"about":[{"href":"https:\/\/blogsaverroes.juntadeandalucia.es\/directormanuelsomoza\/wp-json\/wp\/v2\/types\/page"}],"author":[{"embeddable":true,"href":"https:\/\/blogsaverroes.juntadeandalucia.es\/directormanuelsomoza\/wp-json\/wp\/v2\/users\/1958"}],"replies":[{"embeddable":true,"href":"https:\/\/blogsaverroes.juntadeandalucia.es\/directormanuelsomoza\/wp-json\/wp\/v2\/comments?post=4933"}],"version-history":[{"count":1,"href":"https:\/\/blogsaverroes.juntadeandalucia.es\/directormanuelsomoza\/wp-json\/wp\/v2\/pages\/4933\/revisions"}],"predecessor-version":[{"id":4935,"href":"https:\/\/blogsaverroes.juntadeandalucia.es\/directormanuelsomoza\/wp-json\/wp\/v2\/pages\/4933\/revisions\/4935"}],"wp:featuredmedia":[{"embeddable":true,"href":"https:\/\/blogsaverroes.juntadeandalucia.es\/directormanuelsomoza\/wp-json\/wp\/v2\/media\/4911"}],"wp:attachment":[{"href":"https:\/\/blogsaverroes.juntadeandalucia.es\/directormanuelsomoza\/wp-json\/wp\/v2\/media?parent=4933"}],"curies":[{"name":"wp","href":"https:\/\/api.w.org\/{rel}","templated":true}]}}

<p>Estimada comunidad educativa:</p>
<p>Hoy hemos puesto en marcha uno de los objetivos del proyecto de dirección que se presentó en 2020, pero que por la situación de COVID-19 no nos dejó implementarla hasta este curso escolar 2022/2023. Se trata de los «<strong>RECREOS ACTIVOS</strong>«.</p>
<p><img loading="lazy" decoding="async" class="alignleft wp-image-4911 size-medium" src="https://blogsaverroes.juntadeandalucia.es/directormanuelsomoza/files/2022/11/CARTEL-RECREOS-ACTIVOS-212x300.jpg" alt="" width="212" height="300" srcset="https://blogsaverroes.juntadeandalucia.es/directormanuelsomoza/files/2022/11/CARTEL-RECREOS-ACTIVOS-212x300.jpg 212w, https://blogsaverroes.juntadeandalucia.es/directormanuelsomoza/files/2022/11/CARTEL-RECREOS-ACTIVOS-724x1024.jpg 724w, https://blogsaverroes.juntadeandalucia.es/directormanuelsomoza/files/2022/11/CARTEL-RECREOS-ACTIVOS-768x1086.jpg 768w, https://blogsaverroes.juntadeandalucia.es/directormanuelsomoza/files/2022/11/CARTEL-RECREOS-ACTIVOS-1086x1536.jpg 1086w, https://blogsaverroes.juntadeandalucia.es/directormanuelsomoza/files/2022/11/CARTEL-RECREOS-ACTIVOS-700x990.jpg 700w, https://blogsaverroes.juntadeandalucia.es/directormanuelsomoza/files/2022/11/CARTEL-RECREOS-ACTIVOS.jpg 1131w" sizes="(max-width: 212px) 100vw, 212px" />Los recreos activos van a permitir al alumnado disfrutar de varias zonas de actividades lúdicas durante el recreo, teniendo que responsabilizarse – junto con su profesorado- de su organización y del cuidado del material. Además se trabajarán valores como la&nbsp;<em><strong>igualdad,&nbsp;el respeto, la paz y convivencia, hábitos saludables, etc</strong></em>… Los espacios de trabajo van a ser:</p>
<ul>
<li><strong><em>JUEGOS DE MESA</em></strong></li>
<li><strong><em>ARTE-CREATIVO</em></strong></li>
<li><strong><em>DEPORTES</em></strong></li>
<li><strong><em>MÚSICA</em></strong></li>
</ul>
<p>Todo ello ha sido gracias a la implicación de todo el claustro de profesores, pero en especial hay que mencionar a la maestra de educación física- Dña. Carmen Freire Santa Cruz- por hacerse cargo de la organización y diseño.</p>
<p>Os dejamos el enlace a la página con la galería de imágenes de dicha actividad:&nbsp;<a href="https://blogsaverroes.juntadeandalucia.es/directormanuelsomoza/2015/05/22/entradas-y-categorias/" target="_blank" rel="noopener noreferrer">https://blogsaverroes.juntadeandalucia.es/directormanuelsomoza/2015/05/22/entradas-y-categorias/</a></p>
<p>¡¡Seguro que nuestro alumnado disfrutará con todas las propuestas que nos esperan este año!!</p>

<p>Estimada comunidad educativa: Hoy hemos puesto en marcha uno de los objetivos del proyecto de dirección que se presentó en 2020, pero que por la situación de COVID-19 no nos dejó implementarla hasta este&#46;&#46;&#46;</p>
