{"id":4940,"date":"2022-11-09T11:11:26","date_gmt":"2022-11-09T10:11:26","guid":{"rendered":"https:\/\/blogsaverroes.juntadeandalucia.es\/directormanuelsomoza\/?page_id=4940"},"modified":"2022-11-09T11:11:40","modified_gmt":"2022-11-09T10:11:40","slug":"galeria-fotografica-video-2020-21","status":"publish","type":"page","link":"https:\/\/blogsaverroes.juntadeandalucia.es\/directormanuelsomoza\/galeria-fotografica-video-2020-21\/","title":{"rendered":"GALER\u00cdA FOTOGR\u00c1FICA-V\u00cdDEO 2020-21"},"content":{"rendered":"<p><span style=\"font-family: 'comic sans ms', sans-serif;font-size: 16px;font-weight: 300;letter-spacing: 1px\">Acceda a las distintas galer\u00edas fotogr\u00e1ficas de las actividades del centro, as\u00ed como a los v\u00eddeos publicados, a trav\u00e9s de los siguientes enlaces:<\/span><\/p>\n<p><strong style=\"font-size: 18pt;letter-spacing: 1px\"><span style=\"font-family: 'comic sans ms', sans-serif\">CURSO 2020\/2021<\/span><\/strong><\/p>\n<ul>\n<li><span style=\"font-size: 12pt;font-family: 'comic sans ms', sans-serif\"><a href=\"https:\/\/photos.app.goo.gl\/XTtNomLTGs4dMmsZ9\" target=\"_blank\" rel=\"noopener noreferrer\">OLIMPIADA NAVIDE\u00d1A GRUPO 4\u00ba, 5\u00ba y 6\u00ba PRIMARIA<\/a><\/span><\/li>\n<li><span style=\"font-size: 12pt;font-family: 'comic sans ms', sans-serif\"><a href=\"https:\/\/photos.app.goo.gl\/55WuXUNTJH1BzQia8\" target=\"_blank\" rel=\"noopener noreferrer\">OLIMPIADA NAVIDE\u00d1A GRUPO 1\u00ba, 2\u00ba 3\u00ba PRIMARIA<\/a><\/span><\/li>\n<li><span style=\"font-family: 'comic sans ms', sans-serif;font-size: 12pt\"><a href=\"https:\/\/photos.app.goo.gl\/38EKT71mixbYRvQJA\" target=\"_blank\" rel=\"noopener noreferrer\">OLIMPIADA NAVIDE\u00d1A GRUPO CONVIVENCIA 5 A\u00d1OS<\/a><\/span><\/li>\n<li><span style=\"font-family: 'comic sans ms', sans-serif;font-size: 12pt\"><a href=\"https:\/\/photos.app.goo.gl\/a85xAKmGrVWMgAbN6\" target=\"_blank\" rel=\"noopener noreferrer\">OLIMPIADA NAVIDE\u00d1A GRUPO CONVIVENCIA 3-4 A\u00d1OS<\/a><\/span><\/li>\n<li><span style=\"font-family: 'comic sans ms', sans-serif\"><span style=\"font-size: 12pt\"><a href=\"https:\/\/photos.app.goo.gl\/ZETUZXLU7r1997qEA\" target=\"_blank\" rel=\"noopener noreferrer\">NAVIDAD 2020<\/a><\/span><\/span><\/li>\n<li><span style=\"font-family: 'comic sans ms', sans-serif\"><span style=\"font-size: 12pt\"><a href=\"https:\/\/photos.app.goo.gl\/pZU4vw8LQ6cAiEEq6\" target=\"_blank\" rel=\"noopener noreferrer\">TALLER IGUALDAD \u00bb LAS ALAS DE CLARA\u00bb<\/a><\/span><\/span><\/li>\n<li><span style=\"font-family: 'comic sans ms', sans-serif\"><span style=\"font-size: 12pt\"><a href=\"https:\/\/photos.app.goo.gl\/xuLXi8yHtCmdQQw28\" target=\"_blank\" rel=\"noopener noreferrer\">TALLER IGUALDAD \u00abVIOLENCIA Y SEXISMO EN LOS VIDEOJUEGOS\u00bb<\/a><\/span><\/span><\/li>\n<li><span style=\"font-family: 'comic sans ms', sans-serif\"><span style=\"font-size: 12pt\"><a href=\"https:\/\/photos.app.goo.gl\/HzFeWdCxHNVU2bTt7\" target=\"_blank\" rel=\"noopener noreferrer\">ACTIVIDAD RELIGI\u00d3N \u00abTODOS SOMOS AMOR\u00bb<\/a><\/span><\/span><\/li>\n<li><span style=\"font-family: 'comic sans ms', sans-serif\"><span style=\"font-size: 12pt\"><a href=\"https:\/\/photos.app.goo.gl\/NEubxjrAEcFVn1us8\" target=\"_blank\" rel=\"noopener noreferrer\">D\u00cdA DE ANDALUC\u00cdA 2021<\/a><\/span><\/span><\/li>\n<li><span style=\"font-family: 'comic sans ms', sans-serif\"><span style=\"font-size: 12pt\"><a href=\"https:\/\/photos.app.goo.gl\/yDWJC7dazuVEfXjL7\" target=\"_blank\" rel=\"noopener noreferrer\">PLAN IGUALDAD INFANTIL D\u00cdA DE LA MUJER TRABAJADORA<\/a><\/span><\/span><\/li>\n<li><span style=\"font-family: 'comic sans ms', sans-serif\"><span style=\"font-size: 12pt\"><a href=\"https:\/\/photos.app.goo.gl\/KqhjMfQD69aG55u1A\" target=\"_blank\" rel=\"noopener noreferrer\">PLAN IGUALDAD: TALLER \u00abHABLAMOS Y RESOLVEMOS EN IGUALDAD\u00bb<\/a><\/span><\/span><\/li>\n<li><span style=\"font-family: 'comic sans ms', sans-serif\"><span style=\"font-size: 12pt\"><a href=\"https:\/\/photos.app.goo.gl\/DsN6GeLDs9YmnybK9\" target=\"_blank\" rel=\"noopener noreferrer\">PLAN IGUALDAD 1\u00ba PRIMARIA D\u00cdA MUJER TRABAJADORA<\/a><\/span><\/span><\/li>\n<li><span style=\"font-family: 'comic sans ms', sans-serif\"><span style=\"font-size: 12pt\"><a href=\"https:\/\/photos.app.goo.gl\/R7B46LN4og98BTKJA\" target=\"_blank\" rel=\"noopener noreferrer\">PLAN IGUALDAD 2\u00ba PRIMARIA D\u00cdA MUJER TRABAJADORA<\/a><\/span><\/span><\/li>\n<li><span style=\"font-family: 'comic sans ms', sans-serif\"><span style=\"font-size: 12pt\"><a href=\"https:\/\/photos.app.goo.gl\/QnePQUArEnVAagr56\" target=\"_blank\" rel=\"noopener noreferrer\">PLAN IGUALDAD 5\u00ba y 6\u00ba PRIMARIA D\u00cdA MUJER TRABAJADORA<\/a><\/span><\/span><\/li>\n<li><span style=\"font-family: 'comic sans ms', sans-serif\"><span style=\"font-size: 12pt\"><a href=\"https:\/\/photos.app.goo.gl\/c9oXicirNK7XRUSb9\" target=\"_blank\" rel=\"noopener noreferrer\">SALIDA CONVIVENCIAL 1\u00ba, 2\u00ba Y 3\u00ba PRIMARIA<\/a><\/span><\/span><\/li>\n<li><span style=\"font-family: 'comic sans ms', sans-serif\"><span style=\"font-size: 12pt\"><a href=\"https:\/\/photos.app.goo.gl\/bLBrg4AA1WAERfm36\" target=\"_blank\" rel=\"noopener noreferrer\">SALIDA CONVIVENCIAL 4\u00ba, 5\u00ba Y 6\u00ba PRIMARIA<\/a><\/span><\/span><\/li>\n<li><span style=\"font-family: 'comic sans ms', sans-serif\"><span style=\"font-size: 12pt\"><a href=\"https:\/\/photos.app.goo.gl\/12nxbyCqjeQ11nR27\" target=\"_blank\" rel=\"noopener noreferrer\">SALIDA CONVIVENCIAL 1\u00ba Y 2\u00ba ESO<\/a><\/span><\/span><\/li>\n<li><span style=\"font-family: 'comic sans ms', sans-serif\"><span style=\"font-size: 12pt\"><a href=\"https:\/\/photos.app.goo.gl\/yLp6EMkJfvzL3Nur7\" target=\"_blank\" rel=\"noopener noreferrer\">ACTIVIDADES ROB\u00d3TICA EDUCATIVA Y PENSAMIENTO COMPUTACIONAL<\/a><\/span><\/span><\/li>\n<li><span style=\"font-family: 'comic sans ms', sans-serif\"><span style=\"font-size: 12pt\"><a href=\"https:\/\/photos.app.goo.gl\/j3e5NsX1CrPoPY8C9\" target=\"_blank\" rel=\"noopener noreferrer\">EXPOSICI\u00d3N MAQUETAS DE CARROZAS DE ROMER\u00cdA<\/a><\/span><\/span><\/li>\n<\/ul>\n","protected":false},"excerpt":{"rendered":"<p>Acceda a las distintas galer\u00edas fotogr\u00e1ficas de las actividades del centro, as\u00ed como a los v\u00eddeos publicados, a trav\u00e9s de los siguientes enlaces: CURSO 2020\/2021 OLIMPIADA NAVIDE\u00d1A GRUPO 4\u00ba, 5\u00ba y 6\u00ba PRIMARIA OLIMPIADA&#46;&#46;&#46;<\/p>\n","protected":false},"author":1958,"featured_media":0,"parent":0,"menu_order":0,"comment_status":"closed","ping_status":"closed","template":"","meta":{"ngg_post_thumbnail":0,"footnotes":"","_mc_calendar":[]},"aioseo_notices":[],"_links":{"self":[{"href":"https:\/\/blogsaverroes.juntadeandalucia.es\/directormanuelsomoza\/wp-json\/wp\/v2\/pages\/4940"}],"collection":[{"href":"https:\/\/blogsaverroes.juntadeandalucia.es\/directormanuelsomoza\/wp-json\/wp\/v2\/pages"}],"about":[{"href":"https:\/\/blogsaverroes.juntadeandalucia.es\/directormanuelsomoza\/wp-json\/wp\/v2\/types\/page"}],"author":[{"embeddable":true,"href":"https:\/\/blogsaverroes.juntadeandalucia.es\/directormanuelsomoza\/wp-json\/wp\/v2\/users\/1958"}],"replies":[{"embeddable":true,"href":"https:\/\/blogsaverroes.juntadeandalucia.es\/directormanuelsomoza\/wp-json\/wp\/v2\/comments?post=4940"}],"version-history":[{"count":1,"href":"https:\/\/blogsaverroes.juntadeandalucia.es\/directormanuelsomoza\/wp-json\/wp\/v2\/pages\/4940\/revisions"}],"predecessor-version":[{"id":4942,"href":"https:\/\/blogsaverroes.juntadeandalucia.es\/directormanuelsomoza\/wp-json\/wp\/v2\/pages\/4940\/revisions\/4942"}],"wp:attachment":[{"href":"https:\/\/blogsaverroes.juntadeandalucia.es\/directormanuelsomoza\/wp-json\/wp\/v2\/media?parent=4940"}],"curies":[{"name":"wp","href":"https:\/\/api.w.org\/{rel}","templated":true}]}}