{"id":99,"date":"2015-03-16T07:22:54","date_gmt":"2015-03-16T07:22:54","guid":{"rendered":"http:\/\/blogsaverroes.juntadeandalucia.es\/pre\/ceip\/?page_id=99"},"modified":"2025-03-17T12:10:39","modified_gmt":"2025-03-17T11:10:39","slug":"comedor-escolar","status":"publish","type":"page","link":"https:\/\/blogsaverroes.juntadeandalucia.es\/directormanuelsomoza\/comedor-escolar\/","title":{"rendered":"PLAN DE APERTURA: COMEDOR y ACTIVIDADES EXTRAESCOLARES"},"content":{"rendered":"<p style=\"text-align: justify\"><span style=\"font-family: 'comic sans ms', sans-serif;font-size: 12pt\">En el <span style=\"text-decoration: underline\">PLAN DE APERTURA<\/span> de nuestro Centro, los servicios ofertados en relaci\u00f3n a las&nbsp;ACTIVIDADES EXTRAESCOLARES son los siguientes:<\/span><\/p>\n<p><span style=\"font-size: 12pt;font-family: 'comic sans ms', sans-serif\"><a href=\"http:\/\/aeducasport.es\/\" target=\"_blank\" rel=\"noopener noreferrer\"><img loading=\"lazy\" decoding=\"async\" class=\"alignleft wp-image-3674 \" src=\"https:\/\/blogsaverroes.juntadeandalucia.es\/directormanuelsomoza\/files\/2019\/11\/LOGO-EDUCASPORT.png\" alt=\"\" width=\"360\" height=\"130\" srcset=\"https:\/\/blogsaverroes.juntadeandalucia.es\/directormanuelsomoza\/files\/2019\/11\/LOGO-EDUCASPORT-332x121.png 332w, https:\/\/blogsaverroes.juntadeandalucia.es\/directormanuelsomoza\/files\/2019\/11\/LOGO-EDUCASPORT-24x8.png 24w, https:\/\/blogsaverroes.juntadeandalucia.es\/directormanuelsomoza\/files\/2019\/11\/LOGO-EDUCASPORT-36x13.png 36w, https:\/\/blogsaverroes.juntadeandalucia.es\/directormanuelsomoza\/files\/2019\/11\/LOGO-EDUCASPORT-48x17.png 48w\" sizes=\"(max-width: 360px) 100vw, 360px\" \/><\/a><\/span><\/p>\n<p>&nbsp;<\/p>\n<p>&nbsp;<\/p>\n<p>&nbsp;<\/p>\n<p><a href=\"https:\/\/blogsaverroes.juntadeandalucia.es\/directormanuelsomoza\/files\/2024\/09\/EXTRAESCOLARES-24-25.png\"><img loading=\"lazy\" decoding=\"async\" class=\"alignnone size-full wp-image-5984\" src=\"https:\/\/blogsaverroes.juntadeandalucia.es\/directormanuelsomoza\/files\/2024\/09\/EXTRAESCOLARES-24-25.png\" alt=\"\" width=\"838\" height=\"562\" srcset=\"https:\/\/blogsaverroes.juntadeandalucia.es\/directormanuelsomoza\/files\/2024\/09\/EXTRAESCOLARES-24-25.png 838w, https:\/\/blogsaverroes.juntadeandalucia.es\/directormanuelsomoza\/files\/2024\/09\/EXTRAESCOLARES-24-25-300x201.png 300w, https:\/\/blogsaverroes.juntadeandalucia.es\/directormanuelsomoza\/files\/2024\/09\/EXTRAESCOLARES-24-25-768x515.png 768w, https:\/\/blogsaverroes.juntadeandalucia.es\/directormanuelsomoza\/files\/2024\/09\/EXTRAESCOLARES-24-25-700x469.png 700w\" sizes=\"(max-width: 838px) 100vw, 838px\" \/><\/a><\/p>\n<p style=\"text-align: justify\"><span style=\"font-size: 12pt;font-family: 'comic sans ms', sans-serif\">SOLICITUDES: se entregan en Direcci\u00f3n en horario de ma\u00f1ana, o bien enviando un email con la documentaci\u00f3n al siguiente correo electr\u00f3nico:&nbsp;<\/span>41002517.edu@juntadeandalucia.es<\/p>\n<p style=\"text-align: justify\"><span style=\"font-size: 12pt;font-family: 'comic sans ms', sans-serif\">PRECIOS: Consultar en Direcci\u00f3n las bonificaciones definitivas.<\/span><\/p>\n<p>&nbsp;<\/p>\n<p>Para el <span style=\"text-decoration: underline\"><span style=\"font-size: 12pt;color: #0000ff\"><strong>COMEDOR ESCOLAR<\/strong><\/span><\/span>, la empresa responsable es <strong><span style=\"text-decoration: underline\">hns.GONZ\u00c1LEZ<\/span>.<\/strong><\/p>\n<p><a href=\"https:\/\/blogsaverroes.juntadeandalucia.es\/directormanuelsomoza\/files\/2024\/09\/cat-hnos-gonzalez.png\"><img loading=\"lazy\" decoding=\"async\" class=\"alignnone wp-image-5985\" src=\"https:\/\/blogsaverroes.juntadeandalucia.es\/directormanuelsomoza\/files\/2024\/09\/cat-hnos-gonzalez.png\" alt=\"\" width=\"444\" height=\"277\"><\/a><\/p>\n<p>&nbsp;<\/p>\n<ul>\n<li>\n<h3><span style=\"color: #0000ff\"><strong><a style=\"color: #0000ff\" href=\"https:\/\/blogsaverroes.juntadeandalucia.es\/directormanuelsomoza\/files\/2023\/09\/2.-Tabla-bonificaciones-23-24.pdf\" target=\"_blank\" rel=\"noopener noreferrer\">TABLA BONIFICACIONES 2023-2024<\/a><\/strong><\/span><\/h3>\n<\/li>\n<\/ul>\n<p style=\"text-align: justify\"><a href=\"https:\/\/blogsaverroes.juntadeandalucia.es\/directormanuelsomoza\/files\/2024\/09\/BONIFICACIONES-24-25.png\"><img loading=\"lazy\" decoding=\"async\" class=\"alignnone size-large wp-image-5986\" src=\"https:\/\/blogsaverroes.juntadeandalucia.es\/directormanuelsomoza\/files\/2024\/09\/BONIFICACIONES-24-25-1024x537.png\" alt=\"\" width=\"660\" height=\"346\" srcset=\"https:\/\/blogsaverroes.juntadeandalucia.es\/directormanuelsomoza\/files\/2024\/09\/BONIFICACIONES-24-25-1024x537.png 1024w, https:\/\/blogsaverroes.juntadeandalucia.es\/directormanuelsomoza\/files\/2024\/09\/BONIFICACIONES-24-25-300x157.png 300w, https:\/\/blogsaverroes.juntadeandalucia.es\/directormanuelsomoza\/files\/2024\/09\/BONIFICACIONES-24-25-768x403.png 768w, https:\/\/blogsaverroes.juntadeandalucia.es\/directormanuelsomoza\/files\/2024\/09\/BONIFICACIONES-24-25-700x367.png 700w, https:\/\/blogsaverroes.juntadeandalucia.es\/directormanuelsomoza\/files\/2024\/09\/BONIFICACIONES-24-25.png 1286w\" sizes=\"(max-width: 660px) 100vw, 660px\" \/><\/a><\/p>\n<p style=\"text-align: justify\"><span style=\"font-size: 12pt;font-family: 'comic sans ms', sans-serif\">En el siguiente enlace encontrar\u00e1 informaci\u00f3n sobre el <span style=\"text-decoration: underline\"><a href=\"http:\/\/www.ced.junta-andalucia.es\/nav\/contenido.jsp?pag=\/portal\/Contenidos\/Consejeria\/PC\/Servicios\/Centros_publicos\/PLAN_APOYO_FAMILIA\" target=\"_blank\" rel=\"noopener noreferrer\">PLAN DE APOYO A LAS FAMILIAS ANDALUZAS.<\/a><\/span><\/span><\/p>\n<p><span style=\"font-family: 'comic sans ms', sans-serif\">Adem\u00e1s, se adjunta la siguiente documentaci\u00f3n:<\/span><\/p>\n<p><a href=\"https:\/\/blogsaverroes.juntadeandalucia.es\/directormanuelsomoza\/files\/2025\/03\/SOLICITUD-BAJA-SERVICIOS-COMPLEMENTARIOS.pdf\">SOLICITUD BAJA SERVICIOS COMPLEMENTARIOS<\/a><\/p>\n<p><a href=\"https:\/\/blogsaverroes.juntadeandalucia.es\/directormanuelsomoza\/files\/2025\/03\/BAJA-SERVICIOS-COMPLEMENTARIOS.png\"><img loading=\"lazy\" decoding=\"async\" class=\"alignnone wp-image-6193\" src=\"https:\/\/blogsaverroes.juntadeandalucia.es\/directormanuelsomoza\/files\/2025\/03\/BAJA-SERVICIOS-COMPLEMENTARIOS.png\" alt=\"\" width=\"523\" height=\"741\"><\/a><\/p>\n<p>&nbsp;<\/p>\n<p>&nbsp;<\/p>\n","protected":false},"excerpt":{"rendered":"<p>En el PLAN DE APERTURA de nuestro Centro, los servicios ofertados en relaci\u00f3n a las&nbsp;ACTIVIDADES EXTRAESCOLARES son los siguientes: &nbsp; &nbsp; &nbsp; SOLICITUDES: se entregan en Direcci\u00f3n en horario de ma\u00f1ana, o bien enviando&#46;&#46;&#46;<\/p>\n","protected":false},"author":1,"featured_media":0,"parent":0,"menu_order":0,"comment_status":"closed","ping_status":"open","template":"","meta":{"ngg_post_thumbnail":0,"footnotes":"","_mc_calendar":[]},"aioseo_notices":[],"_links":{"self":[{"href":"https:\/\/blogsaverroes.juntadeandalucia.es\/directormanuelsomoza\/wp-json\/wp\/v2\/pages\/99"}],"collection":[{"href":"https:\/\/blogsaverroes.juntadeandalucia.es\/directormanuelsomoza\/wp-json\/wp\/v2\/pages"}],"about":[{"href":"https:\/\/blogsaverroes.juntadeandalucia.es\/directormanuelsomoza\/wp-json\/wp\/v2\/types\/page"}],"author":[{"embeddable":true,"href":"https:\/\/blogsaverroes.juntadeandalucia.es\/directormanuelsomoza\/wp-json\/wp\/v2\/users\/1"}],"replies":[{"embeddable":true,"href":"https:\/\/blogsaverroes.juntadeandalucia.es\/directormanuelsomoza\/wp-json\/wp\/v2\/comments?post=99"}],"version-history":[{"count":30,"href":"https:\/\/blogsaverroes.juntadeandalucia.es\/directormanuelsomoza\/wp-json\/wp\/v2\/pages\/99\/revisions"}],"predecessor-version":[{"id":6194,"href":"https:\/\/blogsaverroes.juntadeandalucia.es\/directormanuelsomoza\/wp-json\/wp\/v2\/pages\/99\/revisions\/6194"}],"wp:attachment":[{"href":"https:\/\/blogsaverroes.juntadeandalucia.es\/directormanuelsomoza\/wp-json\/wp\/v2\/media?parent=99"}],"curies":[{"name":"wp","href":"https:\/\/api.w.org\/{rel}","templated":true}]}}