{"id":205,"date":"2020-05-16T10:00:35","date_gmt":"2020-05-16T08:00:35","guid":{"rendered":"https:\/\/blogsaverroes.juntadeandalucia.es\/flexibilizacionesvc\/?page_id=205"},"modified":"2020-12-15T19:51:24","modified_gmt":"2020-12-15T19:51:24","slug":"formacion-y-orientacion-laboral","status":"publish","type":"page","link":"https:\/\/blogsaverroes.juntadeandalucia.es\/documentosx20x21\/formacion-y-orientacion-laboral\/","title":{"rendered":"Formaci\u00f3n y Orientaci\u00f3n Laboral"},"content":{"rendered":"<p><a href=\"https:\/\/blogsaverroes.juntadeandalucia.es\/documentosx20x21\/files\/2020\/12\/EIE-AERON\u00c1UTICA-2020-2021.docx\">EIE AERON\u00c1UTICA 2020 2021<\/a><\/p>\n<p><a href=\"https:\/\/blogsaverroes.juntadeandalucia.es\/documentosx20x21\/files\/2020\/12\/EIE-Dise\u00f1o-en-Fabricaci\u00f3n-Mec\u00e1nica-2020-2021.docx\">EIE Dise\u00f1o en Fabricaci\u00f3n Mec\u00e1nica 2020 2021<\/a><\/p>\n<p><a href=\"https:\/\/blogsaverroes.juntadeandalucia.es\/documentosx20x21\/files\/2020\/12\/EIE-GS-IMAGEN-DIAGNOSTICO-2020-2021-PACO.docx\">EIE GS IMAGEN DIAGNOSTICO 2020 2021<\/a><\/p>\n<p><a href=\"https:\/\/blogsaverroes.juntadeandalucia.es\/documentosx20x21\/files\/2020\/12\/EINEM-electricidad-2\u00ba-2020-2021.docx\">EINEM electricidad 2\u00ba 2020 2021<\/a><\/p>\n<p><a href=\"https:\/\/blogsaverroes.juntadeandalucia.es\/documentosx20x21\/files\/2020\/12\/FOL-GM-CUID-AUX-ENF-2020-2021-PACO.docx\">FOL GM CUID AUX ENF 2020 2021<\/a><\/p>\n<p><a href=\"https:\/\/blogsaverroes.juntadeandalucia.es\/documentosx20x21\/files\/2020\/12\/FOL-GS-IMAGEN-DIAGNOSTICO-2020-2021-PACO.docx\">FOL GS IMAGEN DIAGNOSTICO 2020 2021<\/a><\/p>\n<p><a href=\"https:\/\/blogsaverroes.juntadeandalucia.es\/documentosx20x21\/files\/2020\/12\/FOL-programaci\u00f3n-AERONAUTICA-virgen-del-carmen.docx\">FOL programaci\u00f3n AERONAUTICA virgen del carmen<\/a><\/p>\n<p><a href=\"https:\/\/blogsaverroes.juntadeandalucia.es\/documentosx20x21\/files\/2020\/12\/FOL-programaci\u00f3n-CAE-virgen-del-carmen.docx\">FOL programaci\u00f3n CAE virgen del carmen<\/a><\/p>\n<p><a href=\"https:\/\/blogsaverroes.juntadeandalucia.es\/documentosx20x21\/files\/2020\/12\/FOL-programaci\u00f3n-DISE\u00d1O-virgen-del-carmen.docx\">FOL programaci\u00f3n DISE\u00d1O virgen del carmen<\/a><\/p>\n<p><a href=\"https:\/\/blogsaverroes.juntadeandalucia.es\/documentosx20x21\/files\/2020\/12\/FOL-programaci\u00f3n-ELECTRICIDAD-virgen-del-carmen.docx\">FOL programaci\u00f3n ELECTRICIDAD virgen del carmen<\/a><\/p>\n<p><a href=\"https:\/\/blogsaverroes.juntadeandalucia.es\/documentosx20x21\/files\/2020\/12\/FOL-programaci\u00f3n-SOLDADURA-virgen-del-carmen.docx\">FOL programaci\u00f3n SOLDADURA virgen del carmen<\/a><\/p>\n<p><a href=\"https:\/\/blogsaverroes.juntadeandalucia.es\/documentosx20x21\/files\/2020\/12\/PROG-EINEM-IFC-20-21-.docx\">Programaci\u00f3n EINEM IFC 20-21<\/a><\/p>\n<p><a href=\"https:\/\/blogsaverroes.juntadeandalucia.es\/documentosx20x21\/files\/2020\/12\/PROG-EINEM-IPC-2020-2021.docx\">Programaci\u00f3n EINEM IPC 2020 2021<\/a><\/p>\n<p><a href=\"https:\/\/blogsaverroes.juntadeandalucia.es\/documentosx20x21\/files\/2020\/12\/PROG-FOL-IFC-20-21.docx\">Programaci\u00f3n FOL IFC 20-21<\/a><\/p>\n<p><a href=\"https:\/\/blogsaverroes.juntadeandalucia.es\/documentosx20x21\/files\/2020\/12\/PROGRAMACI\u00d3N-2020-2021-FOL.-CFGM.-Mecanizado.docx\">PROGRAMACI\u00d3N 2020 2021 FOL. CFGM. Mecanizado<\/a><\/p>\n<p><a href=\"https:\/\/blogsaverroes.juntadeandalucia.es\/documentosx20x21\/files\/2020\/12\/PROGRAMACI\u00d3N-2020-2021-FOL.-CFGS-Construcciones-Met\u00e1licas.docx\">PROGRAMACI\u00d3N 2020 2021 FOL. CFGS Construcciones Met\u00e1licas<\/a><\/p>\n<p><a href=\"https:\/\/blogsaverroes.juntadeandalucia.es\/documentosx20x21\/files\/2020\/12\/PROGRAMACI\u00d3N-2020-2021-EIE-CFGM-MECANIZADO.docx\">PROGRAMACI\u00d3N 2020 2021 EIE CFGM MECANIZADO<\/a><\/p>\n<p><a href=\"https:\/\/blogsaverroes.juntadeandalucia.es\/documentosx20x21\/files\/2020\/12\/PROGRAMACI\u00d3N-2020-2021-eie.-CFGM-Soldadura.docx\">PROGRAMACI\u00d3N 2020 2021 eie. CFGM Soldadura<\/a><\/p>\n<p><a href=\"https:\/\/blogsaverroes.juntadeandalucia.es\/documentosx20x21\/files\/2020\/12\/PROGRAMACI\u00d3N-2020-2021-EIE.-CFGS-Construcciones-Met\u00e1licas.docx\">PROGRAMACI\u00d3N 2020 2021 EIE. CFGS Construcciones Met\u00e1licas<\/a><\/p>\n<p><a href=\"https:\/\/blogsaverroes.juntadeandalucia.es\/documentosx20x21\/files\/2020\/12\/REQT-GM-CUID-AUX-ENF-2020-2021-PACO.docx\">REQT GM CUID AUX ENF 2020 2021<\/a><\/p>\n<p><a href=\"https:\/\/blogsaverroes.juntadeandalucia.es\/documentosx20x21\/files\/2020\/12\/REQT-GM-CUID-AUX-ENF-2020-2021.docx\">REQT GM CUID AUX ENF 2020 2021<\/a><\/p>\n<p><a href=\"https:\/\/blogsaverroes.juntadeandalucia.es\/documentosx20x21\/files\/2020\/12\/PROG.-EINEM-EEFF-20-21-.pdf\">Programaci\u00f3n EINEM EEFF 20-21<\/a><\/p>\n<p><a href=\"https:\/\/blogsaverroes.juntadeandalucia.es\/documentosx20x21\/files\/2020\/12\/PROG.-FOL-EEFF-20-21.pdf\">Programaci\u00f3n FOL EEFF 20-21<\/a><\/p>\n","protected":false},"excerpt":{"rendered":"<p>EIE AERON\u00c1UTICA 2020 2021 EIE Dise\u00f1o en Fabricaci\u00f3n Mec\u00e1nica 2020 2021 EIE GS IMAGEN DIAGNOSTICO 2020 2021 EINEM electricidad 2\u00ba 2020 2021 FOL GM CUID AUX ENF 2020 2021 FOL GS IMAGEN DIAGNOSTICO 2020&#46;&#46;&#46;<\/p>\n","protected":false},"author":10080,"featured_media":0,"parent":0,"menu_order":0,"comment_status":"closed","ping_status":"closed","template":"","meta":{"ngg_post_thumbnail":0,"footnotes":""},"aioseo_notices":[],"_links":{"self":[{"href":"https:\/\/blogsaverroes.juntadeandalucia.es\/documentosx20x21\/wp-json\/wp\/v2\/pages\/205"}],"collection":[{"href":"https:\/\/blogsaverroes.juntadeandalucia.es\/documentosx20x21\/wp-json\/wp\/v2\/pages"}],"about":[{"href":"https:\/\/blogsaverroes.juntadeandalucia.es\/documentosx20x21\/wp-json\/wp\/v2\/types\/page"}],"author":[{"embeddable":true,"href":"https:\/\/blogsaverroes.juntadeandalucia.es\/documentosx20x21\/wp-json\/wp\/v2\/users\/10080"}],"replies":[{"embeddable":true,"href":"https:\/\/blogsaverroes.juntadeandalucia.es\/documentosx20x21\/wp-json\/wp\/v2\/comments?post=205"}],"version-history":[{"count":4,"href":"https:\/\/blogsaverroes.juntadeandalucia.es\/documentosx20x21\/wp-json\/wp\/v2\/pages\/205\/revisions"}],"predecessor-version":[{"id":673,"href":"https:\/\/blogsaverroes.juntadeandalucia.es\/documentosx20x21\/wp-json\/wp\/v2\/pages\/205\/revisions\/673"}],"wp:attachment":[{"href":"https:\/\/blogsaverroes.juntadeandalucia.es\/documentosx20x21\/wp-json\/wp\/v2\/media?parent=205"}],"curies":[{"name":"wp","href":"https:\/\/api.w.org\/{rel}","templated":true}]}}