{"id":241,"date":"2020-05-17T12:29:05","date_gmt":"2020-05-17T10:29:05","guid":{"rendered":"https:\/\/blogsaverroes.juntadeandalucia.es\/flexibilizacionesvc\/?page_id=241"},"modified":"2020-12-01T19:35:59","modified_gmt":"2020-12-01T19:35:59","slug":"fabricacion-mecanica","status":"publish","type":"page","link":"https:\/\/blogsaverroes.juntadeandalucia.es\/documentosx20x21\/fabricacion-mecanica\/","title":{"rendered":"Fabricaci\u00f3n Mec\u00e1nica"},"content":{"rendered":"<h1><a href=\"https:\/\/blogsaverroes.juntadeandalucia.es\/documentosx20x21\/g-m-soldadura-y-caldereria\/\"><span style=\"font-size: 12pt\">G. M. SOLDADURA Y CALDERER\u00cdA<\/span><\/a><\/h1>\n<h1><a href=\"https:\/\/blogsaverroes.juntadeandalucia.es\/documentosx20x21\/g-m-mecanizado\/\"><span style=\"font-size: 12pt\"><strong>&nbsp;<\/strong><\/span><span style=\"font-size: 12pt\">G. M. MECANIZADO<\/span><\/a><\/h1>\n<h1><a href=\"https:\/\/blogsaverroes.juntadeandalucia.es\/documentosx20x21\/g-s-construcciones-metalicas\/\"><span style=\"font-size: 12pt\">G. S. CONSTRUCCIONES MET\u00c1LICAS<\/span><\/a><\/h1>\n<h1><a href=\"https:\/\/blogsaverroes.juntadeandalucia.es\/documentosx20x21\/g-s-diseno-en-fabricacion-mecanica\/\"><span style=\"font-size: 12pt\">G. S. DISE\u00d1O EN FABRICACI\u00d3N MEC\u00c1NICA<\/span><\/a><\/h1>\n","protected":false},"excerpt":{"rendered":"<p>G. M. SOLDADURA Y CALDERER\u00cdA &nbsp;G. M. MECANIZADO G. S. CONSTRUCCIONES MET\u00c1LICAS G. S. DISE\u00d1O EN FABRICACI\u00d3N MEC\u00c1NICA<\/p>\n","protected":false},"author":10080,"featured_media":0,"parent":0,"menu_order":0,"comment_status":"closed","ping_status":"closed","template":"","meta":{"ngg_post_thumbnail":0,"footnotes":""},"aioseo_notices":[],"_links":{"self":[{"href":"https:\/\/blogsaverroes.juntadeandalucia.es\/documentosx20x21\/wp-json\/wp\/v2\/pages\/241"}],"collection":[{"href":"https:\/\/blogsaverroes.juntadeandalucia.es\/documentosx20x21\/wp-json\/wp\/v2\/pages"}],"about":[{"href":"https:\/\/blogsaverroes.juntadeandalucia.es\/documentosx20x21\/wp-json\/wp\/v2\/types\/page"}],"author":[{"embeddable":true,"href":"https:\/\/blogsaverroes.juntadeandalucia.es\/documentosx20x21\/wp-json\/wp\/v2\/users\/10080"}],"replies":[{"embeddable":true,"href":"https:\/\/blogsaverroes.juntadeandalucia.es\/documentosx20x21\/wp-json\/wp\/v2\/comments?post=241"}],"version-history":[{"count":3,"href":"https:\/\/blogsaverroes.juntadeandalucia.es\/documentosx20x21\/wp-json\/wp\/v2\/pages\/241\/revisions"}],"predecessor-version":[{"id":496,"href":"https:\/\/blogsaverroes.juntadeandalucia.es\/documentosx20x21\/wp-json\/wp\/v2\/pages\/241\/revisions\/496"}],"wp:attachment":[{"href":"https:\/\/blogsaverroes.juntadeandalucia.es\/documentosx20x21\/wp-json\/wp\/v2\/media?parent=241"}],"curies":[{"name":"wp","href":"https:\/\/api.w.org\/{rel}","templated":true}]}}