{"id":696,"date":"2021-02-01T12:13:34","date_gmt":"2021-02-01T12:13:34","guid":{"rendered":"https:\/\/blogsaverroes.juntadeandalucia.es\/documentosx20x21\/?page_id=696"},"modified":"2021-02-12T11:56:54","modified_gmt":"2021-02-12T11:56:54","slug":"pendientes","status":"publish","type":"page","link":"https:\/\/blogsaverroes.juntadeandalucia.es\/documentosx20x21\/pendientes\/","title":{"rendered":"Pendientes"},"content":{"rendered":"<h3>DEPARTAMENTO DE BIOLOG\u00cdA Y GEOLOG\u00cdA<\/h3>\n<p><a href=\"https:\/\/blogsaverroes.juntadeandalucia.es\/documentosx20x21\/files\/2021\/02\/Pendientes-ESO-ByG-1.pdf\">Pendientes ESO ByG<\/a><\/p>\n<p><a href=\"https:\/\/blogsaverroes.juntadeandalucia.es\/documentosx20x21\/files\/2021\/02\/Pendientes-Bach-ByG.pdf\">Pendientes Bach ByG<\/a><\/p>\n<h3>DEPARTAMENTO DE LENGUA CASTELLANA Y LITERATURA<\/h3>\n<p><a href=\"https:\/\/blogsaverroes.juntadeandalucia.es\/documentosx20x21\/files\/2021\/02\/Plan-de-recuperaci\u00f3n-pendientes-LENGUA.pdf\">Plan de recuperaci\u00f3n pendientes LENGUA<\/a><\/p>\n<h3>DEPARTAMENTO DE INGL\u00c9S<\/h3>\n<p><a href=\"https:\/\/blogsaverroes.juntadeandalucia.es\/documentosx20x21\/files\/2021\/02\/Plan-de-recuperaci\u00f3n-de-aprendizajes-no-adquiridos-INGL\u00c9S.pdf\">Plan de recuperaci\u00f3n de aprendizajes no adquiridos INGL\u00c9S<\/a><\/p>\n<h3>DEPARTAMENTO DE TECNOLOG\u00cdA<\/h3>\n<p><a href=\"https:\/\/blogsaverroes.juntadeandalucia.es\/documentosx20x21\/files\/2021\/02\/PROGRAMA-RECUPERACI\u00d3N-DE-PENDIENTES-TECNOLOG\u00cdA.pdf\">PROGRAMA RECUPERACI\u00d3N DE PENDIENTES TECNOLOG\u00cdA<\/a><\/p>\n<h3>DEPARTAMENTO DE MATEM\u00c1TICAS<\/h3>\n<p><a href=\"https:\/\/blogsaverroes.juntadeandalucia.es\/documentosx20x21\/files\/2021\/02\/Pendientes-Matem\u00e1ticas-20-21.pdf\">Pendientes Matem\u00e1ticas 20-21<\/a><\/p>\n<h3>DEPARTAMENTO ART\u00cdSTICO CULTURAL<\/h3>\n<p><a href=\"https:\/\/blogsaverroes.juntadeandalucia.es\/documentosx20x21\/files\/2021\/02\/TRATAMIENTO-PENDIENTES-PL\u00c1STICA-DIBUJO-T\u00c9CNICO-Y-M\u00daSICA-DTO.-ART\u00cdSTICO-CULTURAL.pdf\">Tratamiento de Pendientes Pl\u00e1stica, Dibujo T\u00e9cnico y M\u00fasica<\/a><\/p>\n<h3>DEPARTAMENTO DE FRANC\u00c9S<\/h3>\n<p><a href=\"https:\/\/blogsaverroes.juntadeandalucia.es\/documentosx20x21\/files\/2021\/02\/SEGUIMIENTO-DE-PENDIENTES-FRANC\u00c9S.pdf\">Pendientes de FRANC\u00c9S 20-21<\/a><\/p>\n","protected":false},"excerpt":{"rendered":"<p>DEPARTAMENTO DE BIOLOG\u00cdA Y GEOLOG\u00cdA Pendientes ESO ByG Pendientes Bach ByG DEPARTAMENTO DE LENGUA CASTELLANA Y LITERATURA Plan de recuperaci\u00f3n pendientes LENGUA DEPARTAMENTO DE INGL\u00c9S Plan de recuperaci\u00f3n de aprendizajes no adquiridos INGL\u00c9S DEPARTAMENTO&#46;&#46;&#46;<\/p>\n","protected":false},"author":10080,"featured_media":0,"parent":0,"menu_order":0,"comment_status":"closed","ping_status":"closed","template":"","meta":{"ngg_post_thumbnail":0,"footnotes":""},"aioseo_notices":[],"_links":{"self":[{"href":"https:\/\/blogsaverroes.juntadeandalucia.es\/documentosx20x21\/wp-json\/wp\/v2\/pages\/696"}],"collection":[{"href":"https:\/\/blogsaverroes.juntadeandalucia.es\/documentosx20x21\/wp-json\/wp\/v2\/pages"}],"about":[{"href":"https:\/\/blogsaverroes.juntadeandalucia.es\/documentosx20x21\/wp-json\/wp\/v2\/types\/page"}],"author":[{"embeddable":true,"href":"https:\/\/blogsaverroes.juntadeandalucia.es\/documentosx20x21\/wp-json\/wp\/v2\/users\/10080"}],"replies":[{"embeddable":true,"href":"https:\/\/blogsaverroes.juntadeandalucia.es\/documentosx20x21\/wp-json\/wp\/v2\/comments?post=696"}],"version-history":[{"count":7,"href":"https:\/\/blogsaverroes.juntadeandalucia.es\/documentosx20x21\/wp-json\/wp\/v2\/pages\/696\/revisions"}],"predecessor-version":[{"id":716,"href":"https:\/\/blogsaverroes.juntadeandalucia.es\/documentosx20x21\/wp-json\/wp\/v2\/pages\/696\/revisions\/716"}],"wp:attachment":[{"href":"https:\/\/blogsaverroes.juntadeandalucia.es\/documentosx20x21\/wp-json\/wp\/v2\/media?parent=696"}],"curies":[{"name":"wp","href":"https:\/\/api.w.org\/{rel}","templated":true}]}}