{"id":297,"date":"2019-09-09T16:16:40","date_gmt":"2019-09-09T16:16:40","guid":{"rendered":"https:\/\/blogsaverroes.juntadeandalucia.es\/dptoinformatica\/?page_id=297"},"modified":"2021-06-14T11:38:10","modified_gmt":"2021-06-14T11:38:10","slug":"hojas-de-calculo-con-calc","status":"publish","type":"page","link":"https:\/\/blogsaverroes.juntadeandalucia.es\/dptoinformatica\/hojas-de-calculo-con-calc\/","title":{"rendered":"Hojas de C\u00e1lculo con Calc"},"content":{"rendered":"<table>\n<tbody>\n<tr>\n<td style=\"width: 122.2px\"><img loading=\"lazy\" decoding=\"async\" class=\"wp-image-301 aligncenter\" src=\"https:\/\/blogsaverroes.juntadeandalucia.es\/dptoinformatica\/files\/2019\/09\/calc.jpeg\" alt=\"\" width=\"129\" height=\"129\" srcset=\"https:\/\/blogsaverroes.juntadeandalucia.es\/dptoinformatica\/files\/2019\/09\/calc.jpeg 225w, https:\/\/blogsaverroes.juntadeandalucia.es\/dptoinformatica\/files\/2019\/09\/calc-150x150.jpeg 150w, https:\/\/blogsaverroes.juntadeandalucia.es\/dptoinformatica\/files\/2019\/09\/calc-100x100.jpeg 100w, https:\/\/blogsaverroes.juntadeandalucia.es\/dptoinformatica\/files\/2019\/09\/calc-24x24.jpeg 24w, https:\/\/blogsaverroes.juntadeandalucia.es\/dptoinformatica\/files\/2019\/09\/calc-36x36.jpeg 36w, https:\/\/blogsaverroes.juntadeandalucia.es\/dptoinformatica\/files\/2019\/09\/calc-48x48.jpeg 48w\" sizes=\"(max-width: 129px) 100vw, 129px\" \/><\/td>\n<td style=\"width: 442px\">\n<p><div id=\"attachment_275\" style=\"width: 452px\" class=\"wp-caption alignnone\"><img loading=\"lazy\" decoding=\"async\" aria-describedby=\"caption-attachment-275\" class=\"wp-image-275 size-full\" src=\"https:\/\/blogsaverroes.juntadeandalucia.es\/dptoinformatica\/files\/2019\/09\/logo-libreoffice2.png\" alt=\"\" width=\"442\" height=\"114\" srcset=\"https:\/\/blogsaverroes.juntadeandalucia.es\/dptoinformatica\/files\/2019\/09\/logo-libreoffice2.png 442w, https:\/\/blogsaverroes.juntadeandalucia.es\/dptoinformatica\/files\/2019\/09\/logo-libreoffice2-300x77.png 300w, https:\/\/blogsaverroes.juntadeandalucia.es\/dptoinformatica\/files\/2019\/09\/logo-libreoffice2-24x6.png 24w, https:\/\/blogsaverroes.juntadeandalucia.es\/dptoinformatica\/files\/2019\/09\/logo-libreoffice2-36x9.png 36w, https:\/\/blogsaverroes.juntadeandalucia.es\/dptoinformatica\/files\/2019\/09\/logo-libreoffice2-48x12.png 48w\" sizes=\"(max-width: 442px) 100vw, 442px\" \/><p id=\"caption-attachment-275\" class=\"wp-caption-text\">Paquete Ofim\u00e1tico LibreOffice<\/p><\/div><\/td>\n<\/tr>\n<\/tbody>\n<\/table>\n<p><a href=\"http:\/\/www.ite.educacion.es\/formacion\/materiales\/55\/cd\/indice.htm\" target=\"_blank\" rel=\"noopener noreferrer\">Curso: Hoja de c\u00e1lculo en la ense\u00f1anza<\/a><\/p>\n<p><a href=\"http:\/\/www.ite.educacion.es\/formacion\/materiales\/23\/cd\/indice.htm\" target=\"_blank\" rel=\"noopener noreferrer\">Curso: Hoja de c\u00e1lculo en la ense\u00f1anza de las ciencias<\/a><\/p>\n<p><a href=\"https:\/\/blogsaverroes.juntadeandalucia.es\/dptoinformatica\/files\/2019\/09\/Primeros-Pasos-con-Calc.pdf\" target=\"_blank\" rel=\"noopener noreferrer\">Primeros Pasos con Calc<\/a><\/p>\n","protected":false},"excerpt":{"rendered":"<p>Curso: Hoja de c\u00e1lculo en la ense\u00f1anza Curso: Hoja de c\u00e1lculo en la ense\u00f1anza de las ciencias Primeros Pasos con Calc<\/p>\n","protected":false},"author":3642,"featured_media":0,"parent":0,"menu_order":0,"comment_status":"closed","ping_status":"closed","template":"","meta":{"ngg_post_thumbnail":0,"footnotes":""},"aioseo_notices":[],"_links":{"self":[{"href":"https:\/\/blogsaverroes.juntadeandalucia.es\/dptoinformatica\/wp-json\/wp\/v2\/pages\/297"}],"collection":[{"href":"https:\/\/blogsaverroes.juntadeandalucia.es\/dptoinformatica\/wp-json\/wp\/v2\/pages"}],"about":[{"href":"https:\/\/blogsaverroes.juntadeandalucia.es\/dptoinformatica\/wp-json\/wp\/v2\/types\/page"}],"author":[{"embeddable":true,"href":"https:\/\/blogsaverroes.juntadeandalucia.es\/dptoinformatica\/wp-json\/wp\/v2\/users\/3642"}],"replies":[{"embeddable":true,"href":"https:\/\/blogsaverroes.juntadeandalucia.es\/dptoinformatica\/wp-json\/wp\/v2\/comments?post=297"}],"version-history":[{"count":5,"href":"https:\/\/blogsaverroes.juntadeandalucia.es\/dptoinformatica\/wp-json\/wp\/v2\/pages\/297\/revisions"}],"predecessor-version":[{"id":764,"href":"https:\/\/blogsaverroes.juntadeandalucia.es\/dptoinformatica\/wp-json\/wp\/v2\/pages\/297\/revisions\/764"}],"wp:attachment":[{"href":"https:\/\/blogsaverroes.juntadeandalucia.es\/dptoinformatica\/wp-json\/wp\/v2\/media?parent=297"}],"curies":[{"name":"wp","href":"https:\/\/api.w.org\/{rel}","templated":true}]}}