{"id":2269,"date":"2020-12-30T18:24:09","date_gmt":"2020-12-30T18:24:09","guid":{"rendered":"https:\/\/blogsaverroes.juntadeandalucia.es\/dptomatelopezneyra\/?page_id=2269"},"modified":"2021-01-09T11:50:20","modified_gmt":"2021-01-09T11:50:20","slug":"fideos-gordos-con-pollo-y-marisco","status":"publish","type":"page","link":"https:\/\/blogsaverroes.juntadeandalucia.es\/dptomatelopezneyra\/primeros-planos\/fideos-gordos-con-pollo-y-marisco\/","title":{"rendered":"Fideos gordos con pollo y marisco"},"content":{"rendered":"<table class=\" aligncenter alignleft\" style=\"height: 946px;width: 101.19%;border-color: #000301;border-style: solid\">\n<tbody>\n<tr style=\"background-color: #08780a;height: 24px;border-color: #e31414\">\n<td style=\"width: 103.027%;background-color: #cf174e;height: 24px;border-color: #f7f2f2;text-align: center\" colspan=\"2\"><span style=\"color: #ffffff;font-family: verdana, geneva, sans-serif\"><strong><span style=\"font-size: 10pt\">FICHA DEL PLATO<\/span><\/strong><\/span><\/td>\n<\/tr>\n<tr style=\"background-color: #96e3c2;height: 5px;border-color: #e31414\">\n<td style=\"width: 18.0387%;height: 5px;border-color: #c5e6e0\"><span style=\"font-family: verdana, geneva, sans-serif\"><strong>NOMBRE:<\/strong><\/span><\/td>\n<td style=\"width: 84.9879%;height: 5px;border-color: #c5e6e0;text-align: left\"><strong><span style=\"font-size: 8pt\">&nbsp;<span style=\"font-family: verdana, geneva, sans-serif;font-size: 12pt\">Fideos gordos <\/span><span style=\"font-size: 12pt;font-family: verdana, geneva, sans-serif\">con pollo y marisco <span style=\"color: #000000\"><em>(4 personas)<\/em><\/span><\/span><\/span><\/strong><\/td>\n<\/tr>\n<tr style=\"border-color: #18e314;border-style: solid;background-color: #d7f23d\">\n<td style=\"width: 18.0387%;height: 21px\"><span style=\"font-family: verdana, geneva, sans-serif\"><strong>INGREDIENTES:<\/strong><\/span><\/td>\n<td style=\"width: 84.9879%;height: 21px;text-align: left\"><span style=\"font-size: 12pt;font-family: verdana, geneva, sans-serif\"><strong>Aceite, Ajo, Cebolla, Pimiento, Tomate natural, Gambas, Avecrem, Pimienta molida, Vino blanco, Carne de pollo, Trocitos de pez de lim\u00f3n, Sal y Fideos gordos.<\/strong><\/span><\/td>\n<\/tr>\n<tr style=\"border-color: #e31414;border-style: solid;background-color: #000000\">\n<td style=\"width: 18.0387%;height: 21px;background-color: #c5e6e0\"><span style=\"font-size: 12pt;font-family: verdana, geneva, sans-serif\"><strong>PROCESO:<\/strong><\/span><\/td>\n<td style=\"width: 84.9879%;height: 21px;background-color: #c5e6e0;text-align: left\"><span style=\"font-family: verdana, geneva, sans-serif;font-size: 10pt\">Ponemos en una olla varias cucharadas de aceite. A\u00f1adimos troceados, varios dientes de ajo, una cebolla y un pimiento para hacer el sofrito. Cuando este un poquito dorada la cebolla le a\u00f1adimos un tomate tambi\u00e9n troceado. Al mismo tiempo vamos pelando unos 150 gr. de gambas frescas, poniendo a cocer sus \u00abc\u00e1scaras\u00bb con un poco de agua hasta que hierva. Las gambas peladas se le pondr\u00e1n al arroz unos minutos antes de apartarlo del fuego para que se cuezan un poco.<\/span><\/p>\n<p><span style=\"font-family: verdana, geneva, sans-serif;font-size: 10pt\">Una vez est\u00e9 en su punto el sofrito, lo sacamos de la sart\u00e9n, quit\u00e1ndole todo el aceite posible, y lo batimos a\u00f1adi\u00e9ndole una pastilla de Avecrem, un poco de pimienta molida y un poco de vino blanco. Al mismo tiempo, en el aceite que nos ha quedado sobrante en la olla a\u00f1adimos los trocitos de pollo (250 gr.) -con un poco de sal-, los trozos de pez de lim\u00f3n (100 gr.) y los refre\u00edmos un poco hasta sellarlos. Cuando est\u00e9n sallados le a\u00f1adimos el sofrito previamente batido, junto con agua -algos de la mitad de la olla-. Dejamos que vaya consumi\u00e9ndose el agua, y por \u00faltimo a\u00f1adimos el agua que se hab\u00eda cocido con las \u00abcascaras\u00bb de las gambas y los fideos que estimemos oportuno -unos dos \u00abpu\u00f1ados\u00bb por persona-.<\/span><\/p>\n<p><span style=\"font-family: verdana, geneva, sans-serif;font-size: 10pt\">Dejamos que se hagan los fideos procurando que queden algo cardosos, para ello a\u00f1adimos un poco de agua si hace falta.<\/span><\/p>\n<p><span style=\"font-family: verdana, geneva, sans-serif;font-size: 10pt\">Una vez est\u00e9 a nuestro gusto, lo apartemos del fuego y lo dejamos reposar unos minutos.<\/span><\/p>\n<p><span style=\"font-family: verdana, geneva, sans-serif;font-size: 10pt\">NOTA.- La receta anterior ser\u00eda la b\u00e1sica, tambi\u00e9n se puede acompa\u00f1ar de almejas, calamaritos peque\u00f1os, mejillones, etc.<\/span><\/p>\n<p><img loading=\"lazy\" decoding=\"async\" class=\"alignnone size-medium wp-image-2390 aligncenter\" src=\"https:\/\/blogsaverroes.juntadeandalucia.es\/dptomatelopezneyra\/files\/2021\/01\/Fideos-gordos-con-pollo-y-marisco-300x213.jpg\" alt=\"\" width=\"300\" height=\"213\" srcset=\"https:\/\/blogsaverroes.juntadeandalucia.es\/dptomatelopezneyra\/files\/2021\/01\/Fideos-gordos-con-pollo-y-marisco-300x213.jpg 300w, https:\/\/blogsaverroes.juntadeandalucia.es\/dptomatelopezneyra\/files\/2021\/01\/Fideos-gordos-con-pollo-y-marisco-24x17.jpg 24w, https:\/\/blogsaverroes.juntadeandalucia.es\/dptomatelopezneyra\/files\/2021\/01\/Fideos-gordos-con-pollo-y-marisco-36x26.jpg 36w, https:\/\/blogsaverroes.juntadeandalucia.es\/dptomatelopezneyra\/files\/2021\/01\/Fideos-gordos-con-pollo-y-marisco-48x34.jpg 48w, https:\/\/blogsaverroes.juntadeandalucia.es\/dptomatelopezneyra\/files\/2021\/01\/Fideos-gordos-con-pollo-y-marisco.jpg 751w\" sizes=\"(max-width: 300px) 100vw, 300px\" \/><\/td>\n<\/tr>\n<\/tbody>\n<\/table>\n<p>&nbsp;<\/p>\n<p>&nbsp;<\/p>\n<p>&nbsp;<\/p>\n<p style=\"text-align: center\">&nbsp;<\/p>\n<p style=\"text-align: center\">&nbsp;<\/p>\n","protected":false},"excerpt":{"rendered":"<p>FICHA DEL PLATO NOMBRE: &nbsp;Fideos gordos con pollo y marisco (4 personas) INGREDIENTES: Aceite, Ajo, Cebolla, Pimiento, Tomate natural, Gambas, Avecrem, Pimienta molida, Vino blanco, Carne de pollo, Trocitos de pez de lim\u00f3n, Sal y Fideos gordos. PROCESO: Ponemos en una olla varias cucharadas de aceite. A\u00f1adimos troceados, varios dientes&#46;&#46;&#46;<\/p>\n","protected":false},"author":4100,"featured_media":0,"parent":2115,"menu_order":3,"comment_status":"closed","ping_status":"closed","template":"","meta":{"ngg_post_thumbnail":0,"footnotes":""},"aioseo_notices":[],"_links":{"self":[{"href":"https:\/\/blogsaverroes.juntadeandalucia.es\/dptomatelopezneyra\/wp-json\/wp\/v2\/pages\/2269"}],"collection":[{"href":"https:\/\/blogsaverroes.juntadeandalucia.es\/dptomatelopezneyra\/wp-json\/wp\/v2\/pages"}],"about":[{"href":"https:\/\/blogsaverroes.juntadeandalucia.es\/dptomatelopezneyra\/wp-json\/wp\/v2\/types\/page"}],"author":[{"embeddable":true,"href":"https:\/\/blogsaverroes.juntadeandalucia.es\/dptomatelopezneyra\/wp-json\/wp\/v2\/users\/4100"}],"replies":[{"embeddable":true,"href":"https:\/\/blogsaverroes.juntadeandalucia.es\/dptomatelopezneyra\/wp-json\/wp\/v2\/comments?post=2269"}],"version-history":[{"count":4,"href":"https:\/\/blogsaverroes.juntadeandalucia.es\/dptomatelopezneyra\/wp-json\/wp\/v2\/pages\/2269\/revisions"}],"predecessor-version":[{"id":2391,"href":"https:\/\/blogsaverroes.juntadeandalucia.es\/dptomatelopezneyra\/wp-json\/wp\/v2\/pages\/2269\/revisions\/2391"}],"up":[{"embeddable":true,"href":"https:\/\/blogsaverroes.juntadeandalucia.es\/dptomatelopezneyra\/wp-json\/wp\/v2\/pages\/2115"}],"wp:attachment":[{"href":"https:\/\/blogsaverroes.juntadeandalucia.es\/dptomatelopezneyra\/wp-json\/wp\/v2\/media?parent=2269"}],"curies":[{"name":"wp","href":"https:\/\/api.w.org\/{rel}","templated":true}]}}