{"id":676,"date":"2021-09-26T09:09:38","date_gmt":"2021-09-26T08:09:38","guid":{"rendered":"https:\/\/blogsaverroes.juntadeandalucia.es\/easdsevilla\/?page_id=676"},"modified":"2021-09-26T09:10:27","modified_gmt":"2021-09-26T08:10:27","slug":"secretaria","status":"publish","type":"page","link":"https:\/\/blogsaverroes.juntadeandalucia.es\/easdsevilla\/secretaria\/","title":{"rendered":"Secretar\u00eda"},"content":{"rendered":"<div class=\"pt-cv-wrapper\"><div class=\"pt-cv-view pt-cv-grid pt-cv-colsys\" id=\"pt-cv-view-986bcf8rb0\"><div data-id=\"pt-cv-page-1\" class=\"pt-cv-page\" data-cvc=\"3\"><div class=\"col-md-4 col-sm-6 col-xs-12 pt-cv-content-item pt-cv-1-col\" ><div class='pt-cv-ifield'><a href=\"https:\/\/blogsaverroes.juntadeandalucia.es\/easdsevilla\/cita-previa\/\" class=\"_self pt-cv-href-thumbnail pt-cv-thumb-default\" target=\"_self\" ><img fetchpriority=\"high\" decoding=\"async\" width=\"300\" height=\"221\" src=\"https:\/\/blogsaverroes.juntadeandalucia.es\/easdsevilla\/files\/2021\/09\/gestionAdministrativa-300x221.jpg\" class=\"pt-cv-thumbnail\" alt=\"\" srcset=\"https:\/\/blogsaverroes.juntadeandalucia.es\/easdsevilla\/files\/2021\/09\/gestionAdministrativa-300x221.jpg 300w, https:\/\/blogsaverroes.juntadeandalucia.es\/easdsevilla\/files\/2021\/09\/gestionAdministrativa.jpg 326w\" sizes=\"(max-width: 300px) 100vw, 300px\" \/><\/a>\n<h4 class=\"pt-cv-title\"><a href=\"https:\/\/blogsaverroes.juntadeandalucia.es\/easdsevilla\/cita-previa\/\" class=\"_self\" target=\"_self\" >Horario y cita previa<\/a><\/h4>\n<div class=\"pt-cv-content\">NO TENEMOS ADMINISTRATIVOS EN EL CENTRO. Actualmente el equipo directivo (adem\u00e1s de sus funciones y clases) atiende al p\u00fablico con ...<br \/><div class=\"pt-cv-rmwrap\"><a href=\"https:\/\/blogsaverroes.juntadeandalucia.es\/easdsevilla\/cita-previa\/\" class=\"_self pt-cv-readmore btn btn-success\" target=\"_self\">Leer M\u00e1s<\/a><\/div><\/div><\/div><\/div>\n<div class=\"col-md-4 col-sm-6 col-xs-12 pt-cv-content-item pt-cv-1-col\" ><div class='pt-cv-ifield'><a href=\"https:\/\/blogsaverroes.juntadeandalucia.es\/easdsevilla\/secretaria-virtual\/\" class=\"_self pt-cv-href-thumbnail pt-cv-thumb-default\" target=\"_self\" ><img decoding=\"async\" width=\"300\" height=\"221\" src=\"https:\/\/blogsaverroes.juntadeandalucia.es\/easdsevilla\/files\/2021\/09\/secretaria-1-300x221.png\" class=\"pt-cv-thumbnail\" alt=\"\" srcset=\"https:\/\/blogsaverroes.juntadeandalucia.es\/easdsevilla\/files\/2021\/09\/secretaria-1-300x221.png 300w, https:\/\/blogsaverroes.juntadeandalucia.es\/easdsevilla\/files\/2021\/09\/secretaria-1.png 326w\" sizes=\"(max-width: 300px) 100vw, 300px\" \/><\/a>\n<h4 class=\"pt-cv-title\"><a href=\"https:\/\/blogsaverroes.juntadeandalucia.es\/easdsevilla\/secretaria-virtual\/\" class=\"_self\" target=\"_self\" >Secretar\u00eda virtual<\/a><\/h4>\n<div class=\"pt-cv-content\">La Consejer\u00eda de Educaci\u00f3n ha puesto en marcha la Oficina Virtual, donde puedes realizar los siguientes tr\u00e1mites: \u2013 Tr\u00e1mite general ...<br \/><div class=\"pt-cv-rmwrap\"><a href=\"https:\/\/blogsaverroes.juntadeandalucia.es\/easdsevilla\/secretaria-virtual\/\" class=\"_self pt-cv-readmore btn btn-success\" target=\"_self\">Leer M\u00e1s<\/a><\/div><\/div><\/div><\/div><\/div><\/div><\/div>\n","protected":false},"excerpt":{"rendered":"","protected":false},"author":13297,"featured_media":0,"parent":0,"menu_order":0,"comment_status":"closed","ping_status":"closed","template":"","meta":{"ngg_post_thumbnail":0,"footnotes":""},"aioseo_notices":[],"_links":{"self":[{"href":"https:\/\/blogsaverroes.juntadeandalucia.es\/easdsevilla\/wp-json\/wp\/v2\/pages\/676"}],"collection":[{"href":"https:\/\/blogsaverroes.juntadeandalucia.es\/easdsevilla\/wp-json\/wp\/v2\/pages"}],"about":[{"href":"https:\/\/blogsaverroes.juntadeandalucia.es\/easdsevilla\/wp-json\/wp\/v2\/types\/page"}],"author":[{"embeddable":true,"href":"https:\/\/blogsaverroes.juntadeandalucia.es\/easdsevilla\/wp-json\/wp\/v2\/users\/13297"}],"replies":[{"embeddable":true,"href":"https:\/\/blogsaverroes.juntadeandalucia.es\/easdsevilla\/wp-json\/wp\/v2\/comments?post=676"}],"version-history":[{"count":2,"href":"https:\/\/blogsaverroes.juntadeandalucia.es\/easdsevilla\/wp-json\/wp\/v2\/pages\/676\/revisions"}],"predecessor-version":[{"id":678,"href":"https:\/\/blogsaverroes.juntadeandalucia.es\/easdsevilla\/wp-json\/wp\/v2\/pages\/676\/revisions\/678"}],"wp:attachment":[{"href":"https:\/\/blogsaverroes.juntadeandalucia.es\/easdsevilla\/wp-json\/wp\/v2\/media?parent=676"}],"curies":[{"name":"wp","href":"https:\/\/api.w.org\/{rel}","templated":true}]}}