{"id":5212,"date":"2025-08-10T11:20:12","date_gmt":"2025-08-10T10:20:12","guid":{"rendered":"https:\/\/blogsaverroes.juntadeandalucia.es\/ebarrios\/?page_id=5212"},"modified":"2025-10-08T12:51:41","modified_gmt":"2025-10-08T11:51:41","slug":"centro","status":"publish","type":"page","link":"https:\/\/blogsaverroes.juntadeandalucia.es\/ebarrios\/centro\/","title":{"rendered":"Centro"},"content":{"rendered":"<h1><strong>Oferta educativa<\/strong><\/h1>\n<div>Nuestro centro es un C1, actualmente cuenta con una l\u00ednea de Educaci\u00f3n Infantil y una l\u00ednea de Educaci\u00f3n Primaria, con desdoble de dos unidades en Primaria. Adem\u00e1s del profesorado tutor y especialista, contamos con recursos compartidos de Pedagog\u00eda Terap\u00e9utica, Audici\u00f3n y Lenguaje.<\/div>\n<div>&nbsp;<\/div>\n<h1 style=\"text-align: center\"><a href=\"https:\/\/blogsaverroes.juntadeandalucia.es\/ebarrios\/files\/2025\/06\/foto-cole-1.jpg\"><img loading=\"lazy\" decoding=\"async\" class=\"alignnone  wp-image-5180\" src=\"https:\/\/blogsaverroes.juntadeandalucia.es\/ebarrios\/files\/2025\/06\/foto-cole-1-300x221.jpg\" alt=\"\" width=\"573\" height=\"422\" srcset=\"https:\/\/blogsaverroes.juntadeandalucia.es\/ebarrios\/files\/2025\/06\/foto-cole-1-300x221.jpg 300w, https:\/\/blogsaverroes.juntadeandalucia.es\/ebarrios\/files\/2025\/06\/foto-cole-1.jpg 702w\" sizes=\"(max-width: 573px) 100vw, 573px\" \/><\/a><\/h1>\n","protected":false},"excerpt":{"rendered":"<p>Oferta educativa Nuestro centro es un C1, actualmente cuenta con una l\u00ednea de Educaci\u00f3n Infantil y una l\u00ednea de Educaci\u00f3n Primaria, con desdoble de dos unidades en Primaria. Adem\u00e1s del profesorado tutor y especialista, contamos con recursos compartidos de Pedagog\u00eda Terap\u00e9utica, Audici\u00f3n y Lenguaje. &nbsp;<\/p>\n","protected":false},"author":5745,"featured_media":0,"parent":0,"menu_order":0,"comment_status":"closed","ping_status":"closed","template":"","meta":{"ngg_post_thumbnail":0,"footnotes":"","_mc_calendar":[]},"aioseo_notices":[],"_links":{"self":[{"href":"https:\/\/blogsaverroes.juntadeandalucia.es\/ebarrios\/wp-json\/wp\/v2\/pages\/5212"}],"collection":[{"href":"https:\/\/blogsaverroes.juntadeandalucia.es\/ebarrios\/wp-json\/wp\/v2\/pages"}],"about":[{"href":"https:\/\/blogsaverroes.juntadeandalucia.es\/ebarrios\/wp-json\/wp\/v2\/types\/page"}],"author":[{"embeddable":true,"href":"https:\/\/blogsaverroes.juntadeandalucia.es\/ebarrios\/wp-json\/wp\/v2\/users\/5745"}],"replies":[{"embeddable":true,"href":"https:\/\/blogsaverroes.juntadeandalucia.es\/ebarrios\/wp-json\/wp\/v2\/comments?post=5212"}],"version-history":[{"count":8,"href":"https:\/\/blogsaverroes.juntadeandalucia.es\/ebarrios\/wp-json\/wp\/v2\/pages\/5212\/revisions"}],"predecessor-version":[{"id":5402,"href":"https:\/\/blogsaverroes.juntadeandalucia.es\/ebarrios\/wp-json\/wp\/v2\/pages\/5212\/revisions\/5402"}],"wp:attachment":[{"href":"https:\/\/blogsaverroes.juntadeandalucia.es\/ebarrios\/wp-json\/wp\/v2\/media?parent=5212"}],"curies":[{"name":"wp","href":"https:\/\/api.w.org\/{rel}","templated":true}]}}

<h1><strong>Oferta educativa</strong></h1>
<div>Nuestro centro es un C1, actualmente cuenta con una línea de Educación Infantil y una línea de Educación Primaria, con desdoble de dos unidades en Primaria. Además del profesorado tutor y especialista, contamos con recursos compartidos de Pedagogía Terapéutica, Audición y Lenguaje.</div>
<div>&nbsp;</div>
<h1 style="text-align: center"><a href="https://blogsaverroes.juntadeandalucia.es/ebarrios/files/2025/06/foto-cole-1.jpg"><img loading="lazy" decoding="async" class="alignnone  wp-image-5180" src="https://blogsaverroes.juntadeandalucia.es/ebarrios/files/2025/06/foto-cole-1-300x221.jpg" alt="" width="573" height="422" srcset="https://blogsaverroes.juntadeandalucia.es/ebarrios/files/2025/06/foto-cole-1-300x221.jpg 300w, https://blogsaverroes.juntadeandalucia.es/ebarrios/files/2025/06/foto-cole-1.jpg 702w" sizes="(max-width: 573px) 100vw, 573px" /></a></h1>

<p>Oferta educativa Nuestro centro es un C1, actualmente cuenta con una línea de Educación Infantil y una línea de Educación Primaria, con desdoble de dos unidades en Primaria. Además del profesorado tutor y especialista, contamos con recursos compartidos de Pedagogía Terapéutica, Audición y Lenguaje. &nbsp;</p>
