{"id":5518,"date":"2026-01-21T13:36:23","date_gmt":"2026-01-21T12:36:23","guid":{"rendered":"https:\/\/blogsaverroes.juntadeandalucia.es\/ebarrios\/?page_id=5518"},"modified":"2026-01-21T13:36:23","modified_gmt":"2026-01-21T12:36:23","slug":"equipo-directivo","status":"publish","type":"page","link":"https:\/\/blogsaverroes.juntadeandalucia.es\/ebarrios\/centro\/equipo-directivo\/","title":{"rendered":"Equipo Directivo"},"content":{"rendered":"<p><strong>Directora:<\/strong> M\u00aa del Carmen Estepa Morillo<\/p>\n<p><strong>Jefe de estudios:<\/strong> Juan Manuel de la Rosa Jim\u00e9nez<\/p>\n<p><strong>Secretaria:<\/strong> Marta M\u00e1rquez Gavil\u00e1n<\/p>\n<p><strong>Administrativa:<\/strong> Ana Bel\u00e9n Jim\u00e9nez Cruz<\/p>\n","protected":false},"excerpt":{"rendered":"<p>Directora: M\u00aa del Carmen Estepa Morillo Jefe de estudios: Juan Manuel de la Rosa Jim\u00e9nez Secretaria: Marta M\u00e1rquez Gavil\u00e1n Administrativa: Ana Bel\u00e9n Jim\u00e9nez Cruz<\/p>\n","protected":false},"author":21206,"featured_media":0,"parent":5212,"menu_order":0,"comment_status":"closed","ping_status":"closed","template":"","meta":{"ngg_post_thumbnail":0,"footnotes":"","_mc_calendar":[]},"aioseo_notices":[],"_links":{"self":[{"href":"https:\/\/blogsaverroes.juntadeandalucia.es\/ebarrios\/wp-json\/wp\/v2\/pages\/5518"}],"collection":[{"href":"https:\/\/blogsaverroes.juntadeandalucia.es\/ebarrios\/wp-json\/wp\/v2\/pages"}],"about":[{"href":"https:\/\/blogsaverroes.juntadeandalucia.es\/ebarrios\/wp-json\/wp\/v2\/types\/page"}],"author":[{"embeddable":true,"href":"https:\/\/blogsaverroes.juntadeandalucia.es\/ebarrios\/wp-json\/wp\/v2\/users\/21206"}],"replies":[{"embeddable":true,"href":"https:\/\/blogsaverroes.juntadeandalucia.es\/ebarrios\/wp-json\/wp\/v2\/comments?post=5518"}],"version-history":[{"count":2,"href":"https:\/\/blogsaverroes.juntadeandalucia.es\/ebarrios\/wp-json\/wp\/v2\/pages\/5518\/revisions"}],"predecessor-version":[{"id":5520,"href":"https:\/\/blogsaverroes.juntadeandalucia.es\/ebarrios\/wp-json\/wp\/v2\/pages\/5518\/revisions\/5520"}],"up":[{"embeddable":true,"href":"https:\/\/blogsaverroes.juntadeandalucia.es\/ebarrios\/wp-json\/wp\/v2\/pages\/5212"}],"wp:attachment":[{"href":"https:\/\/blogsaverroes.juntadeandalucia.es\/ebarrios\/wp-json\/wp\/v2\/media?parent=5518"}],"curies":[{"name":"wp","href":"https:\/\/api.w.org\/{rel}","templated":true}]}}