{"id":337,"date":"2022-07-21T14:58:38","date_gmt":"2022-07-21T14:58:38","guid":{"rendered":"https:\/\/blogsaverroes.juntadeandalucia.es\/ebiescristobaldemonroy\/?page_id=337"},"modified":"2022-07-21T15:13:55","modified_gmt":"2022-07-21T15:13:55","slug":"otros","status":"publish","type":"page","link":"https:\/\/blogsaverroes.juntadeandalucia.es\/ebiescristobaldemonroy\/otros\/","title":{"rendered":"OTROS"},"content":{"rendered":"<p style=\"text-align: justify\"><span style=\"font-family: arial, helvetica, sans-serif;font-size: 12pt\">We attended the <em>VII Feria del Pluriling\u00fcismo<\/em> in the <em>Ciudad del Conocimiento, Dos Hermanas<\/em>, on June 8-9.&nbsp; We participated with a stand with projects, activities and materials created by our students and bilingual teachers in these two years of bilingual teaching in ESO. We could also learn from other schools stands and conferences. It was a place where we could not only share our ideas but also build new ones. Thank you everyone!<\/span><\/p>\n<p style=\"text-align: justify\"><span style=\"font-family: arial, helvetica, sans-serif;font-size: 12pt\"><span style=\"color: #339966\">Asistimos a la <em>VII Feria del Pluriling\u00fcismo<\/em> en la <em>Ciudad del Conocimiento, Dos Hermanas<\/em>, el 8 y 9 de junio. Participamos con un stand con trabajos, actividades y materiales creados por nuestros alumnos y profesores biling\u00fces en estos dos a\u00f1os de ense\u00f1anza biling\u00fce en la ESO. Tambi\u00e9n pudimos aprender de los stands de otros centros y de las conferencias. Fue un foro en el que pudimos compartir nuestras ideas as\u00ed como construir otras nuevas. \u00a1Gracias a todos!<\/span><\/span><\/p>\n<div style=\"width: 100%\">\n<div style=\"padding-bottom: 56.25%;padding-top: 0;height: 0\"><iframe loading=\"lazy\" src=\"https:\/\/view.genial.ly\/6251bfaae82ee20010b3a9b0\" width=\"600\" height=\"475\" frameborder=\"0\" scrolling=\"yes\"><\/iframe><\/div>\n<\/div>\n<p>&nbsp;<\/p>\n<p>&nbsp;<\/p>\n<p><img loading=\"lazy\" decoding=\"async\" class=\"alignleft wp-image-340 size-medium\" src=\"https:\/\/blogsaverroes.juntadeandalucia.es\/ebiescristobaldemonroy\/files\/2022\/07\/picture-stand-2-225x300.jpg\" alt=\"\" width=\"225\" height=\"300\" srcset=\"https:\/\/blogsaverroes.juntadeandalucia.es\/ebiescristobaldemonroy\/files\/2022\/07\/picture-stand-2-225x300.jpg 225w, https:\/\/blogsaverroes.juntadeandalucia.es\/ebiescristobaldemonroy\/files\/2022\/07\/picture-stand-2-768x1024.jpg 768w, https:\/\/blogsaverroes.juntadeandalucia.es\/ebiescristobaldemonroy\/files\/2022\/07\/picture-stand-2-1152x1536.jpg 1152w, https:\/\/blogsaverroes.juntadeandalucia.es\/ebiescristobaldemonroy\/files\/2022\/07\/picture-stand-2-1536x2048.jpg 1536w, https:\/\/blogsaverroes.juntadeandalucia.es\/ebiescristobaldemonroy\/files\/2022\/07\/picture-stand-2-scaled.jpg 1920w\" sizes=\"(max-width: 225px) 100vw, 225px\" \/><img loading=\"lazy\" decoding=\"async\" class=\"size-medium wp-image-339 alignleft\" src=\"https:\/\/blogsaverroes.juntadeandalucia.es\/ebiescristobaldemonroy\/files\/2022\/07\/picture-stand-1-300x225.jpg\" alt=\"\" width=\"300\" height=\"225\" srcset=\"https:\/\/blogsaverroes.juntadeandalucia.es\/ebiescristobaldemonroy\/files\/2022\/07\/picture-stand-1-300x225.jpg 300w, https:\/\/blogsaverroes.juntadeandalucia.es\/ebiescristobaldemonroy\/files\/2022\/07\/picture-stand-1-1024x768.jpg 1024w, https:\/\/blogsaverroes.juntadeandalucia.es\/ebiescristobaldemonroy\/files\/2022\/07\/picture-stand-1-768x576.jpg 768w, https:\/\/blogsaverroes.juntadeandalucia.es\/ebiescristobaldemonroy\/files\/2022\/07\/picture-stand-1-1536x1152.jpg 1536w, https:\/\/blogsaverroes.juntadeandalucia.es\/ebiescristobaldemonroy\/files\/2022\/07\/picture-stand-1-2048x1536.jpg 2048w\" sizes=\"(max-width: 300px) 100vw, 300px\" \/><\/p>\n","protected":false},"excerpt":{"rendered":"<p>We attended the VII Feria del Pluriling\u00fcismo in the Ciudad del Conocimiento, Dos Hermanas, on June 8-9.&nbsp; We participated with a stand with projects, activities and materials created by our students and bilingual teachers&#46;&#46;&#46;<\/p>\n","protected":false},"author":10469,"featured_media":0,"parent":0,"menu_order":0,"comment_status":"closed","ping_status":"closed","template":"","meta":{"ngg_post_thumbnail":0,"footnotes":""},"aioseo_notices":[],"_links":{"self":[{"href":"https:\/\/blogsaverroes.juntadeandalucia.es\/ebiescristobaldemonroy\/wp-json\/wp\/v2\/pages\/337"}],"collection":[{"href":"https:\/\/blogsaverroes.juntadeandalucia.es\/ebiescristobaldemonroy\/wp-json\/wp\/v2\/pages"}],"about":[{"href":"https:\/\/blogsaverroes.juntadeandalucia.es\/ebiescristobaldemonroy\/wp-json\/wp\/v2\/types\/page"}],"author":[{"embeddable":true,"href":"https:\/\/blogsaverroes.juntadeandalucia.es\/ebiescristobaldemonroy\/wp-json\/wp\/v2\/users\/10469"}],"replies":[{"embeddable":true,"href":"https:\/\/blogsaverroes.juntadeandalucia.es\/ebiescristobaldemonroy\/wp-json\/wp\/v2\/comments?post=337"}],"version-history":[{"count":6,"href":"https:\/\/blogsaverroes.juntadeandalucia.es\/ebiescristobaldemonroy\/wp-json\/wp\/v2\/pages\/337\/revisions"}],"predecessor-version":[{"id":346,"href":"https:\/\/blogsaverroes.juntadeandalucia.es\/ebiescristobaldemonroy\/wp-json\/wp\/v2\/pages\/337\/revisions\/346"}],"wp:attachment":[{"href":"https:\/\/blogsaverroes.juntadeandalucia.es\/ebiescristobaldemonroy\/wp-json\/wp\/v2\/media?parent=337"}],"curies":[{"name":"wp","href":"https:\/\/api.w.org\/{rel}","templated":true}]}}