{"id":1609,"date":"2021-08-07T20:02:43","date_gmt":"2021-08-07T19:02:43","guid":{"rendered":"https:\/\/blogsaverroes.juntadeandalucia.es\/ecoescuelapadremarchena\/?page_id=1609"},"modified":"2022-02-28T22:28:39","modified_gmt":"2022-02-28T21:28:39","slug":"oferta-educativa","status":"publish","type":"page","link":"https:\/\/blogsaverroes.juntadeandalucia.es\/ecoescuelapadremarchena\/oferta-educativa\/","title":{"rendered":"Oferta educativa"},"content":{"rendered":"<p>[et_pb_section fb_built=&#8221;1&#8243; _builder_version=&#8221;4.5.0&#8243; use_background_color_gradient=&#8221;on&#8221; background_color_gradient_start=&#8221;rgba(167,226,197,0.71)&#8221; background_color_gradient_end=&#8221;rgba(49,212,234,0.79)&#8221; background_enable_image=&#8221;off&#8221; global_colors_info=&#8221;{}&#8221;][et_pb_row _builder_version=&#8221;4.5.0&#8243; _module_preset=&#8221;default&#8221; background_color=&#8221;rgba(30,168,232,0.8)&#8221; global_colors_info=&#8221;{}&#8221;][et_pb_column type=&#8221;4_4&#8243; _builder_version=&#8221;4.5.0&#8243; _module_preset=&#8221;default&#8221; global_colors_info=&#8221;{}&#8221;][et_pb_text _builder_version=&#8221;4.5.0&#8243; _module_preset=&#8221;default&#8221; global_colors_info=&#8221;{}&#8221;]<\/p>\n<h1 style=\"text-align: center\"><strong><span style=\"font-size: 36pt;color: #333399\">OFERTA EDUCATIVA<\/span><\/strong><\/h1>\n<p>[\/et_pb_text][\/et_pb_column][\/et_pb_row][et_pb_row _builder_version=&#8221;4.5.0&#8243; _module_preset=&#8221;default&#8221; global_colors_info=&#8221;{}&#8221; column_structure=&#8221;1_2,1_2&#8243;][et_pb_column type=&#8221;1_2&#8243; _builder_version=&#8221;4.5.0&#8243; _module_preset=&#8221;default&#8221; global_colors_info=&#8221;{}&#8221;][et_pb_code _builder_version=&#8221;4.14.5&#8243; _module_preset=&#8221;default&#8221; hover_enabled=&#8221;0&#8243; sticky_enabled=&#8221;0&#8243;]<iframe loading=\"lazy\" width=\"560\" height=\"315\" src=\"https:\/\/www.youtube.com\/embed\/ajWOFTafuIs\" frameborder=\"0\"><\/iframe>[\/et_pb_code][\/et_pb_column][et_pb_column type=&#8221;1_2&#8243; _builder_version=&#8221;4.5.0&#8243; _module_preset=&#8221;default&#8221; global_colors_info=&#8221;{}&#8221;][et_pb_text _builder_version=&#8221;4.14.5&#8243; _module_preset=&#8221;default&#8221; custom_margin=&#8221;||-54px|||&#8221; hover_enabled=&#8221;0&#8243; global_colors_info=&#8221;{}&#8221; sticky_enabled=&#8221;0&#8243;]<\/p>\n<p>&nbsp;<\/p>\n<p>Como su nombre indica, el nuestro es un Centro de Educaci\u00f3n Infantil y Primaria, imparti\u00e9ndose por tanto las ense\u00f1anzas correspondientes a estos dos niveles educativos siendo uno de sus grandes <strong>pilares<\/strong> la i<strong>nclusi\u00f3n del alumnado<\/strong>, as\u00ed como los valores del <strong>cuidado y respeto de nuestro entorno natural y social<\/strong> a trav\u00e9s de la implantaci\u00f3n e integraci\u00f3n de varios planes y programas educativos que complementan el desarrollo del curriculum propiamente dicho.<\/p>\n<p>&nbsp;<\/p>\n<p>En concreto, las <strong><span style=\"font-size: 14pt\">unidades que componen nuestra oferta educativa<\/span><\/strong> son las siguientes:<\/p>\n<p>[\/et_pb_text][\/et_pb_column][\/et_pb_row][et_pb_row _builder_version=&#8221;4.5.0&#8243; _module_preset=&#8221;default&#8221; global_colors_info=&#8221;{}&#8221;][et_pb_column type=&#8221;4_4&#8243; _builder_version=&#8221;4.5.0&#8243; _module_preset=&#8221;default&#8221; global_colors_info=&#8221;{}&#8221;][et_pb_text _builder_version=&#8221;4.14.5&#8243; _module_preset=&#8221;default&#8221; custom_margin=&#8221;||-54px|||&#8221; hover_enabled=&#8221;0&#8243; global_colors_info=&#8221;{}&#8221; sticky_enabled=&#8221;0&#8243;]<\/p>\n<p><strong><u>Educaci\u00f3n Infantil<\/u><\/strong><strong>:<\/strong> 6 unidades, correspondientes a dos grupos de 3, 4 y 5 a\u00f1os.<\/p>\n<p><strong><u>Educaci\u00f3n Primaria<\/u><\/strong><strong>:<\/strong> 12 unidades, correspondientes a dos grupos para cada uno de los seis niveles que, de 1\u00ba a 6\u00ba, componen esta etapa escolar.<\/p>\n<p><strong><u>Aula espec\u00edfica de educaci\u00f3n especial<\/u><\/strong><strong>:<\/strong>\u00a01 unidad.<\/p>\n<p><strong><u>Aula de apoyo a la integraci\u00f3n<\/u><\/strong><strong>:<\/strong> 2 unidades.<\/p>\n<p><strong><u>Audici\u00f3n y Lenguaje<\/u><\/strong><strong>:<\/strong> 2 unidades, una a tiempo completo y otra compartida con otro centro de la localidad.<\/p>\n<p><strong><u>Fisioterapia<\/u><\/strong><strong>:<\/strong> 2 unidades<\/p>\n<p><strong><u>Biblioteca Escolar<\/u><\/strong><strong>:<\/strong> 1 aula.<\/p>\n<p><strong><u>Aula Matinal.<\/u><\/strong><\/p>\n<p><strong><u>Comedor Escolar<\/u><\/strong><strong>.<\/strong><\/p>\n<p><strong><u>Actividades extraescolares.<\/u><\/strong><\/p>\n<p><strong><u>Acompa\u00f1amiento escolar: <\/u><\/strong>correspondientes a los grupos de 3\u00ba a 6\u00ba de educaci\u00f3n primaria.<\/p>\n<p><strong><\/strong><\/p>\n<p><strong><\/strong><\/p>\n<h3><strong>Participaci\u00f3n en una gran variedad de planes y proyectos educativos:<\/strong><\/h3>\n<p><strong><\/strong><\/p>\n<ul>\n<li>Proyecto Aldea modalidad A (Ecoescuela).<\/li>\n<li>Plan de Biblioteca escolares.<\/li>\n<li>Plan de igualdad entre hombre y mujeres.<\/li>\n<li>Creciendo en salud.<\/li>\n<li>Innicia.<\/li>\n<li>Comunica.<\/li>\n<li>Escuela espacio de paz.<\/li>\n<li>Transformaci\u00f3n digital educativa (TDE).<\/li>\n<li>Vivir y sentir el patrimonio.<\/li>\n<\/ul>\n<h3><strong>\u00a0<\/strong><strong>\u00a0<\/strong><\/h3>\n<h3><strong>Centros adscritos<\/strong>:<\/h3>\n<p>En cuanto a la Ense\u00f1anza Secundaria el Centro est\u00e1 adscrito a los dos Institutos de la Localidad; nuestro alumnado est\u00e1 adscrito al 50% en el <strong>IES Isidro Arcenegui y en el IES L\u00f3pez de Arenas.<\/strong><\/p>\n<p><strong><\/strong><\/p>\n<p><strong><\/strong><\/p>\n<p><strong><\/strong><\/p>\n<p><strong><\/strong><\/p>\n<p><strong><\/strong><\/p>\n<p><strong><\/strong><\/p>\n<p>[\/et_pb_text][\/et_pb_column][\/et_pb_row][\/et_pb_section]<\/p>\n","protected":false},"excerpt":{"rendered":"<p>OFERTA EDUCATIVA&nbsp; Como su nombre indica, el nuestro es un Centro de Educaci\u00f3n Infantil y Primaria, imparti\u00e9ndose por tanto las ense\u00f1anzas correspondientes a estos dos niveles educativos siendo uno de sus grandes pilares la inclusi\u00f3n del alumnado, as\u00ed como los valores del cuidado y respeto de nuestro entorno natural y social a trav\u00e9s de la [&hellip;]<\/p>\n","protected":false},"author":12897,"featured_media":0,"parent":0,"menu_order":0,"comment_status":"closed","ping_status":"closed","template":"","meta":{"_et_pb_use_builder":"on","_et_pb_old_content":"<p>Como su nombre indica, el nuestro es un Centro de Educaci\u00f3n Infantil y Primaria, imparti\u00e9ndose por tanto las ense\u00f1anzas correspondientes a estos dos niveles educativos. En concreto, las unidades que componen nuestra oferta educativa son las siguientes:<\/p><p><strong><u>Educaci\u00f3n Infantil<\/u><\/strong><strong>:<\/strong> 6 unidades, correspondientes a dos grupos de 3, 4 y 5 a\u00f1os.<\/p><p><strong><u>Educaci\u00f3n Primaria<\/u><\/strong><strong>:<\/strong> 12 unidades, correspondientes a dos grupos para cada uno de los seis niveles que, de 1\u00ba a 6\u00ba, componen esta etapa escolar.<\/p><p><strong><u>Aula espec\u00edfica de educaci\u00f3n especial<\/u><\/strong><strong>:<\/strong>\u00a01 unidad.<\/p><p><strong><u>Aula de apoyo a la integraci\u00f3n<\/u><\/strong><strong>:<\/strong> 2 unidades.<\/p><p><strong><u>Audici\u00f3n y Lenguaje<\/u><\/strong><strong>:<\/strong> 2 unidades, una a tiempo completo y otra compartida con otro centro de la localidad.<\/p><p><strong><u>Fisioterapia<\/u><\/strong><strong>:<\/strong> 2 unidades<\/p><p><strong><u>Biblioteca Escolar<\/u><\/strong><strong>:<\/strong> 1 aula.<\/p><p><strong><u>Aula Matinal.<\/u><\/strong><\/p><p><strong><u>Comedor Escolar<\/u><\/strong><strong>.<\/strong><\/p><p><strong><u>Actividades extraescolares.<\/u><\/strong><\/p><p><strong><u>Acompa\u00f1amiento escolar: <\/u><\/strong>correspondientes a los grupos de 3\u00ba a 6\u00ba de educaci\u00f3n primaria,<\/p><p>\u00a0<\/p><p>Participaci\u00f3n en una gran variedad de planes y proyectos educativos: <strong>Proyecto Aldea modalidad A (Ecoescuela), Plan de igualdad entre hombre y mujeres, Creciendo en salud, Innicia, Comunica, Escuela espacio de paz, Transformaci\u00f3n digital educativa (TDE), Vivir y sentir el patrimonio.<\/strong><\/p><p><strong>\u00a0<\/strong><\/p><p><strong>Centros adscritos<\/strong>:<\/p><p>\u00a0<\/p><p>En cuanto a la Ense\u00f1anza Secundaria el Centro est\u00e1 adscrito a los dos Institutos de la Localidad; nuestro alumnado est\u00e1 adscrito al 50% en el IES Isidro Arcenegui y en el IES L\u00f3pez de Arenas.<\/p>","_et_gb_content_width":"","ngg_post_thumbnail":0,"footnotes":""},"aioseo_notices":[],"_links":{"self":[{"href":"https:\/\/blogsaverroes.juntadeandalucia.es\/ecoescuelapadremarchena\/wp-json\/wp\/v2\/pages\/1609"}],"collection":[{"href":"https:\/\/blogsaverroes.juntadeandalucia.es\/ecoescuelapadremarchena\/wp-json\/wp\/v2\/pages"}],"about":[{"href":"https:\/\/blogsaverroes.juntadeandalucia.es\/ecoescuelapadremarchena\/wp-json\/wp\/v2\/types\/page"}],"author":[{"embeddable":true,"href":"https:\/\/blogsaverroes.juntadeandalucia.es\/ecoescuelapadremarchena\/wp-json\/wp\/v2\/users\/12897"}],"replies":[{"embeddable":true,"href":"https:\/\/blogsaverroes.juntadeandalucia.es\/ecoescuelapadremarchena\/wp-json\/wp\/v2\/comments?post=1609"}],"version-history":[{"count":5,"href":"https:\/\/blogsaverroes.juntadeandalucia.es\/ecoescuelapadremarchena\/wp-json\/wp\/v2\/pages\/1609\/revisions"}],"predecessor-version":[{"id":2738,"href":"https:\/\/blogsaverroes.juntadeandalucia.es\/ecoescuelapadremarchena\/wp-json\/wp\/v2\/pages\/1609\/revisions\/2738"}],"wp:attachment":[{"href":"https:\/\/blogsaverroes.juntadeandalucia.es\/ecoescuelapadremarchena\/wp-json\/wp\/v2\/media?parent=1609"}],"curies":[{"name":"wp","href":"https:\/\/api.w.org\/{rel}","templated":true}]}}

<p>[et_pb_section fb_built=&#8221;1&#8243; _builder_version=&#8221;4.5.0&#8243; use_background_color_gradient=&#8221;on&#8221; background_color_gradient_start=&#8221;rgba(167,226,197,0.71)&#8221; background_color_gradient_end=&#8221;rgba(49,212,234,0.79)&#8221; background_enable_image=&#8221;off&#8221; global_colors_info=&#8221;{}&#8221;][et_pb_row _builder_version=&#8221;4.5.0&#8243; _module_preset=&#8221;default&#8221; background_color=&#8221;rgba(30,168,232,0.8)&#8221; global_colors_info=&#8221;{}&#8221;][et_pb_column type=&#8221;4_4&#8243; _builder_version=&#8221;4.5.0&#8243; _module_preset=&#8221;default&#8221; global_colors_info=&#8221;{}&#8221;][et_pb_text _builder_version=&#8221;4.5.0&#8243; _module_preset=&#8221;default&#8221; global_colors_info=&#8221;{}&#8221;]</p>
<h1 style="text-align: center"><strong><span style="font-size: 36pt;color: #333399">OFERTA EDUCATIVA</span></strong></h1>
<p>[/et_pb_text][/et_pb_column][/et_pb_row][et_pb_row _builder_version=&#8221;4.5.0&#8243; _module_preset=&#8221;default&#8221; global_colors_info=&#8221;{}&#8221; column_structure=&#8221;1_2,1_2&#8243;][et_pb_column type=&#8221;1_2&#8243; _builder_version=&#8221;4.5.0&#8243; _module_preset=&#8221;default&#8221; global_colors_info=&#8221;{}&#8221;][et_pb_code _builder_version=&#8221;4.14.5&#8243; _module_preset=&#8221;default&#8221; hover_enabled=&#8221;0&#8243; sticky_enabled=&#8221;0&#8243;]<iframe loading="lazy" width="560" height="315" src="https://www.youtube.com/embed/ajWOFTafuIs" frameborder="0"></iframe>[/et_pb_code][/et_pb_column][et_pb_column type=&#8221;1_2&#8243; _builder_version=&#8221;4.5.0&#8243; _module_preset=&#8221;default&#8221; global_colors_info=&#8221;{}&#8221;][et_pb_text _builder_version=&#8221;4.14.5&#8243; _module_preset=&#8221;default&#8221; custom_margin=&#8221;||-54px|||&#8221; hover_enabled=&#8221;0&#8243; global_colors_info=&#8221;{}&#8221; sticky_enabled=&#8221;0&#8243;]</p>
<p>&nbsp;</p>
<p>Como su nombre indica, el nuestro es un Centro de Educación Infantil y Primaria, impartiéndose por tanto las enseñanzas correspondientes a estos dos niveles educativos siendo uno de sus grandes <strong>pilares</strong> la i<strong>nclusión del alumnado</strong>, así como los valores del <strong>cuidado y respeto de nuestro entorno natural y social</strong> a través de la implantación e integración de varios planes y programas educativos que complementan el desarrollo del curriculum propiamente dicho.</p>
<p>&nbsp;</p>
<p>En concreto, las <strong><span style="font-size: 14pt">unidades que componen nuestra oferta educativa</span></strong> son las siguientes:</p>
<p>[/et_pb_text][/et_pb_column][/et_pb_row][et_pb_row _builder_version=&#8221;4.5.0&#8243; _module_preset=&#8221;default&#8221; global_colors_info=&#8221;{}&#8221;][et_pb_column type=&#8221;4_4&#8243; _builder_version=&#8221;4.5.0&#8243; _module_preset=&#8221;default&#8221; global_colors_info=&#8221;{}&#8221;][et_pb_text _builder_version=&#8221;4.14.5&#8243; _module_preset=&#8221;default&#8221; custom_margin=&#8221;||-54px|||&#8221; hover_enabled=&#8221;0&#8243; global_colors_info=&#8221;{}&#8221; sticky_enabled=&#8221;0&#8243;]</p>
<p><strong><u>Educación Infantil</u></strong><strong>:</strong> 6 unidades, correspondientes a dos grupos de 3, 4 y 5 años.</p>
<p><strong><u>Educación Primaria</u></strong><strong>:</strong> 12 unidades, correspondientes a dos grupos para cada uno de los seis niveles que, de 1º a 6º, componen esta etapa escolar.</p>
<p><strong><u>Aula específica de educación especial</u></strong><strong>:</strong> 1 unidad.</p>
<p><strong><u>Aula de apoyo a la integración</u></strong><strong>:</strong> 2 unidades.</p>
<p><strong><u>Audición y Lenguaje</u></strong><strong>:</strong> 2 unidades, una a tiempo completo y otra compartida con otro centro de la localidad.</p>
<p><strong><u>Fisioterapia</u></strong><strong>:</strong> 2 unidades</p>
<p><strong><u>Biblioteca Escolar</u></strong><strong>:</strong> 1 aula.</p>
<p><strong><u>Aula Matinal.</u></strong></p>
<p><strong><u>Comedor Escolar</u></strong><strong>.</strong></p>
<p><strong><u>Actividades extraescolares.</u></strong></p>
<p><strong><u>Acompañamiento escolar: </u></strong>correspondientes a los grupos de 3º a 6º de educación primaria.</p>
<p><strong></strong></p>
<p><strong></strong></p>
<h3><strong>Participación en una gran variedad de planes y proyectos educativos:</strong></h3>
<p><strong></strong></p>
<ul>
<li>Proyecto Aldea modalidad A (Ecoescuela).</li>
<li>Plan de Biblioteca escolares.</li>
<li>Plan de igualdad entre hombre y mujeres.</li>
<li>Creciendo en salud.</li>
<li>Innicia.</li>
<li>Comunica.</li>
<li>Escuela espacio de paz.</li>
<li>Transformación digital educativa (TDE).</li>
<li>Vivir y sentir el patrimonio.</li>
</ul>
<h3><strong> </strong><strong> </strong></h3>
<h3><strong>Centros adscritos</strong>:</h3>
<p>En cuanto a la Enseñanza Secundaria el Centro está adscrito a los dos Institutos de la Localidad; nuestro alumnado está adscrito al 50% en el <strong>IES Isidro Arcenegui y en el IES López de Arenas.</strong></p>
<p><strong></strong></p>
<p><strong></strong></p>
<p><strong></strong></p>
<p><strong></strong></p>
<p><strong></strong></p>
<p><strong></strong></p>
<p>[/et_pb_text][/et_pb_column][/et_pb_row][/et_pb_section]</p>

<p>OFERTA EDUCATIVA&nbsp; Como su nombre indica, el nuestro es un Centro de Educación Infantil y Primaria, impartiéndose por tanto las enseñanzas correspondientes a estos dos niveles educativos siendo uno de sus grandes pilares la inclusión del alumnado, así como los valores del cuidado y respeto de nuestro entorno natural y social a través de la [&hellip;]</p>

<p>Como su nombre indica, el nuestro es un Centro de Educación Infantil y Primaria, impartiéndose por tanto las enseñanzas correspondientes a estos dos niveles educativos. En concreto, las unidades que componen nuestra oferta educativa son las siguientes:</p><p><strong><u>Educación Infantil</u></strong><strong>:</strong> 6 unidades, correspondientes a dos grupos de 3, 4 y 5 años.</p><p><strong><u>Educación Primaria</u></strong><strong>:</strong> 12 unidades, correspondientes a dos grupos para cada uno de los seis niveles que, de 1º a 6º, componen esta etapa escolar.</p><p><strong><u>Aula específica de educación especial</u></strong><strong>:</strong> 1 unidad.</p><p><strong><u>Aula de apoyo a la integración</u></strong><strong>:</strong> 2 unidades.</p><p><strong><u>Audición y Lenguaje</u></strong><strong>:</strong> 2 unidades, una a tiempo completo y otra compartida con otro centro de la localidad.</p><p><strong><u>Fisioterapia</u></strong><strong>:</strong> 2 unidades</p><p><strong><u>Biblioteca Escolar</u></strong><strong>:</strong> 1 aula.</p><p><strong><u>Aula Matinal.</u></strong></p><p><strong><u>Comedor Escolar</u></strong><strong>.</strong></p><p><strong><u>Actividades extraescolares.</u></strong></p><p><strong><u>Acompañamiento escolar: </u></strong>correspondientes a los grupos de 3º a 6º de educación primaria,</p><p> </p><p>Participación en una gran variedad de planes y proyectos educativos: <strong>Proyecto Aldea modalidad A (Ecoescuela), Plan de igualdad entre hombre y mujeres, Creciendo en salud, Innicia, Comunica, Escuela espacio de paz, Transformación digital educativa (TDE), Vivir y sentir el patrimonio.</strong></p><p><strong> </strong></p><p><strong>Centros adscritos</strong>:</p><p> </p><p>En cuanto a la Enseñanza Secundaria el Centro está adscrito a los dos Institutos de la Localidad; nuestro alumnado está adscrito al 50% en el IES Isidro Arcenegui y en el IES López de Arenas.</p>
