{"id":869,"date":"2015-03-16T07:03:52","date_gmt":"2015-03-16T07:03:52","guid":{"rendered":"http:\/\/blogsaverroes.juntadeandalucia.es\/pre\/ceip\/?page_id=84"},"modified":"2023-10-10T22:25:01","modified_gmt":"2023-10-10T22:25:01","slug":"calendario-escolar","status":"publish","type":"page","link":"https:\/\/blogsaverroes.juntadeandalucia.es\/ecoescuelapulpi\/calendario-escolar\/","title":{"rendered":"Calendario escolar"},"content":{"rendered":"<p style=\"text-align: left\">&nbsp;<\/p>\n<h4><a href=\"https:\/\/blogsaverroes.juntadeandalucia.es\/ecoescuelapulpi\/files\/2023\/10\/Calendario_escolar_23_24_ALM.png\"><img loading=\"lazy\" decoding=\"async\" class=\"aligncenter size-full wp-image-2662\" src=\"https:\/\/blogsaverroes.juntadeandalucia.es\/ecoescuelapulpi\/files\/2023\/10\/Calendario_escolar_23_24_ALM.png\" alt=\"\" width=\"580\" height=\"742\" srcset=\"https:\/\/blogsaverroes.juntadeandalucia.es\/ecoescuelapulpi\/files\/2023\/10\/Calendario_escolar_23_24_ALM.png 580w, https:\/\/blogsaverroes.juntadeandalucia.es\/ecoescuelapulpi\/files\/2023\/10\/Calendario_escolar_23_24_ALM-235x300.png 235w\" sizes=\"(max-width: 580px) 100vw, 580px\" \/><\/a><\/h4>\n<h4 style=\"text-align: center\"><strong>D\u00edas lectivos y festivos de la localidad.<\/strong><\/h4>\n<p style=\"text-align: center\">D\u00eda de San Miguel, 29 de septiembre ser\u00e1 festivo en lugar del 13 de octubre, que pasa a ser lectivo.<\/p>\n<p style=\"text-align: center\">D\u00eda de \u00abLa Vieja\u00bb, 7 de marzo ser\u00e1 festivo en lugar del 22 de diciembre, que pasa a ser lectivo.<\/p>\n<p>&nbsp;<\/p>\n","protected":false},"excerpt":{"rendered":"<p>&nbsp; D\u00edas lectivos y festivos de la localidad. D\u00eda de San Miguel, 29 de septiembre ser\u00e1 festivo en lugar del 13 de octubre, que pasa a ser lectivo. D\u00eda de \u00abLa Vieja\u00bb, 7 de&#46;&#46;&#46;<\/p>\n","protected":false},"author":1,"featured_media":0,"parent":0,"menu_order":0,"comment_status":"closed","ping_status":"open","template":"page-cs.php","meta":{"ngg_post_thumbnail":0,"footnotes":"","_mc_calendar":[]},"aioseo_notices":[],"_links":{"self":[{"href":"https:\/\/blogsaverroes.juntadeandalucia.es\/ecoescuelapulpi\/wp-json\/wp\/v2\/pages\/869"}],"collection":[{"href":"https:\/\/blogsaverroes.juntadeandalucia.es\/ecoescuelapulpi\/wp-json\/wp\/v2\/pages"}],"about":[{"href":"https:\/\/blogsaverroes.juntadeandalucia.es\/ecoescuelapulpi\/wp-json\/wp\/v2\/types\/page"}],"author":[{"embeddable":true,"href":"https:\/\/blogsaverroes.juntadeandalucia.es\/ecoescuelapulpi\/wp-json\/wp\/v2\/users\/1"}],"replies":[{"embeddable":true,"href":"https:\/\/blogsaverroes.juntadeandalucia.es\/ecoescuelapulpi\/wp-json\/wp\/v2\/comments?post=869"}],"version-history":[{"count":7,"href":"https:\/\/blogsaverroes.juntadeandalucia.es\/ecoescuelapulpi\/wp-json\/wp\/v2\/pages\/869\/revisions"}],"predecessor-version":[{"id":2663,"href":"https:\/\/blogsaverroes.juntadeandalucia.es\/ecoescuelapulpi\/wp-json\/wp\/v2\/pages\/869\/revisions\/2663"}],"wp:attachment":[{"href":"https:\/\/blogsaverroes.juntadeandalucia.es\/ecoescuelapulpi\/wp-json\/wp\/v2\/media?parent=869"}],"curies":[{"name":"wp","href":"https:\/\/api.w.org\/{rel}","templated":true}]}}

<p style="text-align: left">&nbsp;</p>
<h4><a href="https://blogsaverroes.juntadeandalucia.es/ecoescuelapulpi/files/2023/10/Calendario_escolar_23_24_ALM.png"><img loading="lazy" decoding="async" class="aligncenter size-full wp-image-2662" src="https://blogsaverroes.juntadeandalucia.es/ecoescuelapulpi/files/2023/10/Calendario_escolar_23_24_ALM.png" alt="" width="580" height="742" srcset="https://blogsaverroes.juntadeandalucia.es/ecoescuelapulpi/files/2023/10/Calendario_escolar_23_24_ALM.png 580w, https://blogsaverroes.juntadeandalucia.es/ecoescuelapulpi/files/2023/10/Calendario_escolar_23_24_ALM-235x300.png 235w" sizes="(max-width: 580px) 100vw, 580px" /></a></h4>
<h4 style="text-align: center"><strong>Días lectivos y festivos de la localidad.</strong></h4>
<p style="text-align: center">Día de San Miguel, 29 de septiembre será festivo en lugar del 13 de octubre, que pasa a ser lectivo.</p>
<p style="text-align: center">Día de «La Vieja», 7 de marzo será festivo en lugar del 22 de diciembre, que pasa a ser lectivo.</p>
<p>&nbsp;</p>

<p>&nbsp; Días lectivos y festivos de la localidad. Día de San Miguel, 29 de septiembre será festivo en lugar del 13 de octubre, que pasa a ser lectivo. Día de «La Vieja», 7 de&#46;&#46;&#46;</p>
