{"id":1040,"date":"2021-10-22T07:21:42","date_gmt":"2021-10-22T07:21:42","guid":{"rendered":"https:\/\/blogsaverroes.juntadeandalucia.es\/educacionyflamenco23\/?page_id=1040"},"modified":"2025-10-09T12:48:14","modified_gmt":"2025-10-09T12:48:14","slug":"novedades","status":"publish","type":"page","link":"https:\/\/blogsaverroes.juntadeandalucia.es\/educacionyflamenco23\/novedades\/","title":{"rendered":"Novedades"},"content":{"rendered":"<p>[et_pb_section fb_built=&#8221;1&#8243; fullwidth=&#8221;on&#8221; _builder_version=&#8221;4.5.0&#8243; _module_preset=&#8221;default&#8221; background_color=&#8221;#eeeeee&#8221; hover_enabled=&#8221;0&#8243; global_colors_info=&#8221;{}&#8221; sticky_enabled=&#8221;0&#8243;][et_pb_fullwidth_image src=&#8221;https:\/\/blogsaverroes.juntadeandalucia.es\/educacionyflamenco23\/files\/2023\/10\/Banner-novedades-04.png&#8221; title_text=&#8221;Banner novedades-04&#8243; _builder_version=&#8221;4.14.5&#8243; _module_preset=&#8221;default&#8221; background_color=&#8221;eee&#8221; hover_enabled=&#8221;0&#8243; global_colors_info=&#8221;{}&#8221; sticky_enabled=&#8221;0&#8243;][\/et_pb_fullwidth_image][\/et_pb_section][et_pb_section fb_built=&#8221;1&#8243; _builder_version=&#8221;4.14.5&#8243; _module_preset=&#8221;default&#8221; custom_padding=&#8221;34px|||||&#8221; global_colors_info=&#8221;{}&#8221;][et_pb_row column_structure=&#8221;1_3,1_3,1_3&#8243; _builder_version=&#8221;4.14.5&#8243; _module_preset=&#8221;default&#8221; min_height=&#8221;734px&#8221; global_colors_info=&#8221;{}&#8221;][et_pb_column type=&#8221;1_3&#8243; _builder_version=&#8221;4.14.5&#8243; _module_preset=&#8221;default&#8221; global_colors_info=&#8221;{}&#8221;][et_pb_text _builder_version=&#8221;4.14.5&#8243; _module_preset=&#8221;default&#8221; transform_translate=&#8221;0px|-22px&#8221; global_colors_info=&#8221;{}&#8221;]<\/p>\n<p style=\"text-align: center\"><span style=\"font-size: 12pt\">ABIERTO PLAZO DE INSCRIPCIONES<\/span><\/p>\n<p>[\/et_pb_text][et_pb_image src=&#8221;https:\/\/blogsaverroes.juntadeandalucia.es\/educacionyflamenco23\/files\/2023\/10\/Post-Instagram_Twitter.png&#8221; title_text=&#8221;Post Instagram_Twitter&#8221; _builder_version=&#8221;4.14.5&#8243; _module_preset=&#8221;default&#8221; transform_translate=&#8221;0px|-22px&#8221; border_radii=&#8221;on|1px|1px|1px|1px&#8221; border_width_all=&#8221;1px&#8221; border_color_all=&#8221;#247013&#8243; global_colors_info=&#8221;{}&#8221;][\/et_pb_image][et_pb_blurb _builder_version=&#8221;4.14.5&#8243; _module_preset=&#8221;default&#8221; transform_translate=&#8221;11px|-39px&#8221; border_color_all=&#8221;#c9c9c9&#8243; global_colors_info=&#8221;{}&#8221;]<\/p>\n<p style=\"text-align: left\"><img loading=\"lazy\" decoding=\"async\" class=\"r-4qtqp9 r-dflpy8 r-sjv1od r-zw8f10 r-10akycc r-h9hxbl\" src=\"https:\/\/abs-0.twimg.com\/emoji\/v2\/svg\/1f4a1.svg\" alt=\"\ud83d\udca1\" width=\"33\" height=\"36\"><span class=\"css-901oao css-16my406 r-poiln3 r-bcqeeo r-qvutc0\"> Del 22 al 24 de noviembre se celebra en <\/span><span class=\"css-901oao css-16my406 r-poiln3 r-bcqeeo r-qvutc0\">Ja\u00e9n el <\/span><span class=\"css-901oao css-16my406 r-poiln3 r-bcqeeo r-qvutc0\">II Congreso de <\/span><span class=\"r-18u37iz\"><a class=\"css-4rbku5 css-18t94o4 css-901oao css-16my406 r-1loqt21 r-poiln3 r-bcqeeo r-qvutc0\" role=\"link\" href=\"https:\/\/twitter.com\/hashtag\/Educaci%C3%B3nyFlamenco?src=hashtag_click\">#Educaci\u00f3nyFlamenco<\/a><\/span><span class=\"css-901oao css-16my406 r-poiln3 r-bcqeeo r-qvutc0\"> &#8216;Innovaci\u00f3n, Investigaci\u00f3n y Transformaci\u00f3n&#8217;. <\/span><span class=\"css-901oao css-16my406 r-poiln3 r-bcqeeo r-qvutc0\">Un espacio en el que los docentes podr\u00e1n adquirir recursos y herramientas did\u00e1cticas.<\/span><\/p>\n<p style=\"text-align: left\"><a href=\"https:\/\/portals.ced.junta-andalucia.es\/educacion\/portals\/web\/cep-linares-andujar\/cursos\"><strong>Formulario de inscripci\u00f3n.<\/strong><\/a><\/p>\n<p>[\/et_pb_blurb][\/et_pb_column][et_pb_column type=&#8221;1_3&#8243; _builder_version=&#8221;4.14.5&#8243; _module_preset=&#8221;default&#8221; global_colors_info=&#8221;{}&#8221;][\/et_pb_column][et_pb_column type=&#8221;1_3&#8243; _builder_version=&#8221;4.14.5&#8243; _module_preset=&#8221;default&#8221; global_colors_info=&#8221;{}&#8221;][\/et_pb_column][\/et_pb_row][\/et_pb_section]<\/p>\n","protected":false},"excerpt":{"rendered":"<p>ABIERTO PLAZO DE INSCRIPCIONES Del 22 al 24 de noviembre se celebra en Ja\u00e9n el II Congreso de #Educaci\u00f3nyFlamenco &#8216;Innovaci\u00f3n, Investigaci\u00f3n y Transformaci\u00f3n&#8217;. Un espacio en el que los docentes podr\u00e1n adquirir recursos y herramientas did\u00e1cticas. Formulario de inscripci\u00f3n.<\/p>\n","protected":false},"author":7051,"featured_media":0,"parent":0,"menu_order":0,"comment_status":"closed","ping_status":"closed","template":"","meta":{"_et_pb_use_builder":"on","_et_pb_old_content":"","_et_gb_content_width":"","ngg_post_thumbnail":0,"footnotes":""},"aioseo_notices":[],"_links":{"self":[{"href":"https:\/\/blogsaverroes.juntadeandalucia.es\/educacionyflamenco23\/wp-json\/wp\/v2\/pages\/1040"}],"collection":[{"href":"https:\/\/blogsaverroes.juntadeandalucia.es\/educacionyflamenco23\/wp-json\/wp\/v2\/pages"}],"about":[{"href":"https:\/\/blogsaverroes.juntadeandalucia.es\/educacionyflamenco23\/wp-json\/wp\/v2\/types\/page"}],"author":[{"embeddable":true,"href":"https:\/\/blogsaverroes.juntadeandalucia.es\/educacionyflamenco23\/wp-json\/wp\/v2\/users\/7051"}],"replies":[{"embeddable":true,"href":"https:\/\/blogsaverroes.juntadeandalucia.es\/educacionyflamenco23\/wp-json\/wp\/v2\/comments?post=1040"}],"version-history":[{"count":40,"href":"https:\/\/blogsaverroes.juntadeandalucia.es\/educacionyflamenco23\/wp-json\/wp\/v2\/pages\/1040\/revisions"}],"predecessor-version":[{"id":2420,"href":"https:\/\/blogsaverroes.juntadeandalucia.es\/educacionyflamenco23\/wp-json\/wp\/v2\/pages\/1040\/revisions\/2420"}],"wp:attachment":[{"href":"https:\/\/blogsaverroes.juntadeandalucia.es\/educacionyflamenco23\/wp-json\/wp\/v2\/media?parent=1040"}],"curies":[{"name":"wp","href":"https:\/\/api.w.org\/{rel}","templated":true}]}}

<p>[et_pb_section fb_built=&#8221;1&#8243; fullwidth=&#8221;on&#8221; _builder_version=&#8221;4.5.0&#8243; _module_preset=&#8221;default&#8221; background_color=&#8221;#eeeeee&#8221; hover_enabled=&#8221;0&#8243; global_colors_info=&#8221;{}&#8221; sticky_enabled=&#8221;0&#8243;][et_pb_fullwidth_image src=&#8221;https://blogsaverroes.juntadeandalucia.es/educacionyflamenco23/files/2023/10/Banner-novedades-04.png&#8221; title_text=&#8221;Banner novedades-04&#8243; _builder_version=&#8221;4.14.5&#8243; _module_preset=&#8221;default&#8221; background_color=&#8221;eee&#8221; hover_enabled=&#8221;0&#8243; global_colors_info=&#8221;{}&#8221; sticky_enabled=&#8221;0&#8243;][/et_pb_fullwidth_image][/et_pb_section][et_pb_section fb_built=&#8221;1&#8243; _builder_version=&#8221;4.14.5&#8243; _module_preset=&#8221;default&#8221; custom_padding=&#8221;34px|||||&#8221; global_colors_info=&#8221;{}&#8221;][et_pb_row column_structure=&#8221;1_3,1_3,1_3&#8243; _builder_version=&#8221;4.14.5&#8243; _module_preset=&#8221;default&#8221; min_height=&#8221;734px&#8221; global_colors_info=&#8221;{}&#8221;][et_pb_column type=&#8221;1_3&#8243; _builder_version=&#8221;4.14.5&#8243; _module_preset=&#8221;default&#8221; global_colors_info=&#8221;{}&#8221;][et_pb_text _builder_version=&#8221;4.14.5&#8243; _module_preset=&#8221;default&#8221; transform_translate=&#8221;0px|-22px&#8221; global_colors_info=&#8221;{}&#8221;]</p>
<p style="text-align: center"><span style="font-size: 12pt">ABIERTO PLAZO DE INSCRIPCIONES</span></p>
<p>[/et_pb_text][et_pb_image src=&#8221;https://blogsaverroes.juntadeandalucia.es/educacionyflamenco23/files/2023/10/Post-Instagram_Twitter.png&#8221; title_text=&#8221;Post Instagram_Twitter&#8221; _builder_version=&#8221;4.14.5&#8243; _module_preset=&#8221;default&#8221; transform_translate=&#8221;0px|-22px&#8221; border_radii=&#8221;on|1px|1px|1px|1px&#8221; border_width_all=&#8221;1px&#8221; border_color_all=&#8221;#247013&#8243; global_colors_info=&#8221;{}&#8221;][/et_pb_image][et_pb_blurb _builder_version=&#8221;4.14.5&#8243; _module_preset=&#8221;default&#8221; transform_translate=&#8221;11px|-39px&#8221; border_color_all=&#8221;#c9c9c9&#8243; global_colors_info=&#8221;{}&#8221;]</p>
<p style="text-align: left"><img loading="lazy" decoding="async" class="r-4qtqp9 r-dflpy8 r-sjv1od r-zw8f10 r-10akycc r-h9hxbl" src="https://abs-0.twimg.com/emoji/v2/svg/1f4a1.svg" alt="💡" width="33" height="36"><span class="css-901oao css-16my406 r-poiln3 r-bcqeeo r-qvutc0"> Del 22 al 24 de noviembre se celebra en </span><span class="css-901oao css-16my406 r-poiln3 r-bcqeeo r-qvutc0">Jaén el </span><span class="css-901oao css-16my406 r-poiln3 r-bcqeeo r-qvutc0">II Congreso de </span><span class="r-18u37iz"><a class="css-4rbku5 css-18t94o4 css-901oao css-16my406 r-1loqt21 r-poiln3 r-bcqeeo r-qvutc0" role="link" href="https://twitter.com/hashtag/Educaci%C3%B3nyFlamenco?src=hashtag_click">#EducaciónyFlamenco</a></span><span class="css-901oao css-16my406 r-poiln3 r-bcqeeo r-qvutc0"> &#8216;Innovación, Investigación y Transformación&#8217;. </span><span class="css-901oao css-16my406 r-poiln3 r-bcqeeo r-qvutc0">Un espacio en el que los docentes podrán adquirir recursos y herramientas didácticas.</span></p>
<p style="text-align: left"><a href="https://portals.ced.junta-andalucia.es/educacion/portals/web/cep-linares-andujar/cursos"><strong>Formulario de inscripción.</strong></a></p>
<p>[/et_pb_blurb][/et_pb_column][et_pb_column type=&#8221;1_3&#8243; _builder_version=&#8221;4.14.5&#8243; _module_preset=&#8221;default&#8221; global_colors_info=&#8221;{}&#8221;][/et_pb_column][et_pb_column type=&#8221;1_3&#8243; _builder_version=&#8221;4.14.5&#8243; _module_preset=&#8221;default&#8221; global_colors_info=&#8221;{}&#8221;][/et_pb_column][/et_pb_row][/et_pb_section]</p>

<p>ABIERTO PLAZO DE INSCRIPCIONES Del 22 al 24 de noviembre se celebra en Jaén el II Congreso de #EducaciónyFlamenco &#8216;Innovación, Investigación y Transformación&#8217;. Un espacio en el que los docentes podrán adquirir recursos y herramientas didácticas. Formulario de inscripción.</p>
